{"id":43,"date":"2016-03-09T11:00:39","date_gmt":"2016-03-09T11:00:39","guid":{"rendered":"http:\/\/www.fisiohogar.com\/sansebastiandelosreyes\/?page_id=43"},"modified":"2016-12-21T12:41:29","modified_gmt":"2016-12-21T12:41:29","slug":"fisioterapia-la-tercera-edad","status":"publish","type":"page","link":"https:\/\/www.fisiohogar.com\/sevilla\/fisioterapia-la-tercera-edad\/","title":{"rendered":"Fisioterapia en la tercera edad"},"content":{"rendered":"<p style=\"text-align: justify;\">En las personas de la tercer edad suelen ser habituales <strong>enfermedades que reducen su movilidad y limitan su autonom\u00eda<\/strong>, en ocasiones causando dolor intenso y teniendo como consecuencia un empeoramiento notable de la calidad de vida.<\/p>\n<p style=\"text-align: justify;\">Incluso quienes llegan a edades avanzadas con buena salud ven c\u00f3mo su cuerpo ya no responde de la misma manera al producirse un <strong>debilitamiento muscular, al que se le puede sumar una peor estabilidad y una disminuci\u00f3n de los reflejos<\/strong>.<\/p>\n<p style=\"text-align: justify;\">En Fisiohogar ayudamos a todas estas personas a que logren adaptarse a esa nueva situaci\u00f3n <strong>limitando riesgos y favoreciendo procesos de recuperaci\u00f3n<\/strong>, y en los casos en los que alguna enfermedad degenerativa que frecuentemente afecta a las articulaciones, o tal vez debido a una intervenci\u00f3n quir\u00fargica, ha causado un empeoramiento f\u00edsico notable, <strong>planificamos sesiones de fisioterapia que contribuir\u00e1n de manera activa a mejorar el estado de salud y a recobrar la autonom\u00eda que se ha perdido<\/strong>.<\/p>\n<p style=\"text-align: justify;\"><img decoding=\"async\" class=\"lazyload aligncenter size-full wp-image-535\" src=\"http:\/\/www.fisiohogar.com\/sevilla\/wp-content\/uploads\/sites\/33\/2016\/03\/ancianos.jpg\" data-orig-src=\"http:\/\/www.fisiohogar.com\/sevilla\/wp-content\/uploads\/sites\/33\/2016\/03\/ancianos.jpg\" alt=\"\" width=\"900\" height=\"591\" srcset=\"data:image\/svg+xml,%3Csvg%20xmlns%3D%27http%3A%2F%2Fwww.w3.org%2F2000%2Fsvg%27%20width%3D%27900%27%20height%3D%27591%27%20viewBox%3D%270%200%20900%20591%27%3E%3Crect%20width%3D%27900%27%20height%3D%27591%27%20fill-opacity%3D%220%22%2F%3E%3C%2Fsvg%3E\" data-srcset=\"https:\/\/www.fisiohogar.com\/sevilla\/wp-content\/uploads\/sites\/33\/2016\/03\/ancianos-300x197.jpg 300w, https:\/\/www.fisiohogar.com\/sevilla\/wp-content\/uploads\/sites\/33\/2016\/03\/ancianos-768x504.jpg 768w, https:\/\/www.fisiohogar.com\/sevilla\/wp-content\/uploads\/sites\/33\/2016\/03\/ancianos.jpg 900w\" data-sizes=\"auto\" data-orig-sizes=\"(max-width: 900px) 100vw, 900px\" \/><\/p>\n<p style=\"text-align: justify;\">En los ancianos encontramos enfermedades que se repiten y en las que los fisioterapeutas de Fisiohogar tenemos una larga experiencia.<\/p>\n<p style=\"text-align: justify;\">Las <strong>artritis y las artrosis<\/strong> suelen ser responsables de un buen n\u00famero de consultas debido a que\u00a0condicionan muy negativamente la vida de las personas que las padecen. Se busca alivio al dolor, pero sobre todo regresar a una situaci\u00f3n en la cual\u00a0estos pacientes puedan valerse por si mismos.<\/p>\n<p style=\"text-align: justify;\">En el caso de las <strong>enfermedades neurol\u00f3gicas<\/strong>, si bien la curaci\u00f3n no se va\u00a0a conseguir con la fisioterapia, si que se puede mejorar la calidad de vida de los pacientes, logrando al mismo tiempo una evoluci\u00f3n m\u00e1s lenta. En Fisiohogar consideramos que es fundamental explicarle tanto a los pacientes como a sus familiares lo que se puede conseguir con la fisioterapia, sin crear falsas expectativas que ser\u00edan perjudiciales y contrarias a todo lo que podemos lograr. Por ese motivo, de manera peri\u00f3dica, les explicamos los avances que se van consiguiendo y qu\u00e9 podemos lograr a corto o medio plazo.<\/p>\n<p style=\"text-align: justify;\">No podemos olvidar tampoco los problemas derivados de <strong>accidentes, ca\u00eddas<\/strong>, que en ocasiones est\u00e1n causados por la osteoporosis que\u00a0ocasiona un debilitamiento de la masa \u00f3sea. En estos casos siempre buscamos una total implicaci\u00f3n de los pacientes en su recuperaci\u00f3n, pues suele ser frecuente encontrar a personas en estado depresivo ante lo que consideran una evoluci\u00f3n que no tiene vuelta atr\u00e1s.<\/p>\n<p style=\"text-align: justify;\">Nuestros fisioterapeutas no s\u00f3lo van a centrar su trabajo en el trabajo f\u00edsico de las sesiones de fisioterapia, sino que de manera destacada van a buscar que los pacientes se ilusionen en su recuperaci\u00f3n, y que el descubrimiento de las nuevas mejor\u00edas incremente su motivaci\u00f3n para conseguir la recuperaci\u00f3n deseada.<\/p>\n<p style=\"text-align: justify;\">Si desea conocer lo que nuestros fisioterapeutas pueden ofrecerle, <a href=\"http:\/\/www.fisiohogar.com\/sevilla\/contacta-ahora\/\">solicite una primera sesi\u00f3n de fisioterapia<\/a> en la que evaluaremos su situaci\u00f3n y le propondremos un plan a seguir. Le explicaremos qu\u00e9 evoluci\u00f3n podemos esperar y hasta d\u00f3nde podemos llegar en su mejor\u00eda.<\/p>\n<p style=\"text-align: justify;\">Nuestro servicio de <a href=\"http:\/\/www.fisiohogar.com\/sevilla\/fisioterapia-domicilio-en-sevilla\/\">fisioterapia a domicilio en Sevilla<\/a> (consulte el listado de barrios y localidades donde trabajamos)\u00a0est\u00e1 especialmente pensado para que no se tenga que preocupar por desplazamientos. Nosotros vamos a su domicilio, sin que usted tenga que pagar ninguna cuota adicional, independientemente de d\u00f3nde se encuentre.<\/p>\n","protected":false},"excerpt":{"rendered":"<p>En las personas de la tercer edad suelen ser habituales enfermedades que reducen su movilidad y limitan su autonom\u00eda, en ocasiones causando dolor intenso y teniendo como consecuencia un empeoramiento notable de la calidad  [&#8230;]<\/p>\n","protected":false},"author":1,"featured_media":0,"parent":0,"menu_order":0,"comment_status":"closed","ping_status":"closed","template":"template-full.php","meta":{"_joinchat":[],"footnotes":""},"class_list":["post-43","page","type-page","status-publish","hentry"],"yoast_head":"<!-- This site is optimized with the Yoast SEO plugin v27.5 - https:\/\/yoast.com\/product\/yoast-seo-wordpress\/ -->\n<title>Fisioterapia en la tercera edad - Fisioterapia a domicilio Sevilla<\/title>\n<meta name=\"robots\" content=\"index, follow, max-snippet:-1, max-image-preview:large, max-video-preview:-1\" \/>\n<link rel=\"canonical\" href=\"https:\/\/www.fisiohogar.com\/sevilla\/fisioterapia-la-tercera-edad\/\" \/>\n<meta property=\"og:locale\" content=\"es_ES\" \/>\n<meta property=\"og:type\" content=\"article\" \/>\n<meta property=\"og:title\" content=\"Fisioterapia en la tercera edad - Fisioterapia a domicilio Sevilla\" \/>\n<meta property=\"og:description\" content=\"En las personas de la tercer edad suelen ser habituales enfermedades que reducen su movilidad y limitan su autonom\u00eda, en ocasiones causando dolor intenso y teniendo como consecuencia un empeoramiento notable de la calidad [...]\" \/>\n<meta property=\"og:url\" content=\"https:\/\/www.fisiohogar.com\/sevilla\/fisioterapia-la-tercera-edad\/\" \/>\n<meta property=\"og:site_name\" content=\"Fisioterapia a domicilio Sevilla\" \/>\n<meta property=\"article:modified_time\" content=\"2016-12-21T12:41:29+00:00\" \/>\n<meta property=\"og:image\" content=\"http:\/\/www.fisiohogar.com\/sevilla\/wp-content\/uploads\/sites\/33\/2016\/03\/ancianos.jpg\" \/>\n<meta name=\"twitter:card\" content=\"summary_large_image\" \/>\n<meta name=\"twitter:label1\" content=\"Tiempo de lectura\" \/>\n\t<meta name=\"twitter:data1\" content=\"3 minutos\" \/>\n<script type=\"application\/ld+json\" class=\"yoast-schema-graph\">{\"@context\":\"https:\\\/\\\/schema.org\",\"@graph\":[{\"@type\":\"WebPage\",\"@id\":\"https:\\\/\\\/www.fisiohogar.com\\\/sevilla\\\/fisioterapia-la-tercera-edad\\\/\",\"url\":\"https:\\\/\\\/www.fisiohogar.com\\\/sevilla\\\/fisioterapia-la-tercera-edad\\\/\",\"name\":\"Fisioterapia en la tercera edad - Fisioterapia a domicilio Sevilla\",\"isPartOf\":{\"@id\":\"https:\\\/\\\/www.fisiohogar.com\\\/sevilla\\\/#website\"},\"primaryImageOfPage\":{\"@id\":\"https:\\\/\\\/www.fisiohogar.com\\\/sevilla\\\/fisioterapia-la-tercera-edad\\\/#primaryimage\"},\"image\":{\"@id\":\"https:\\\/\\\/www.fisiohogar.com\\\/sevilla\\\/fisioterapia-la-tercera-edad\\\/#primaryimage\"},\"thumbnailUrl\":\"http:\\\/\\\/www.fisiohogar.com\\\/sevilla\\\/wp-content\\\/uploads\\\/sites\\\/33\\\/2016\\\/03\\\/ancianos.jpg\",\"datePublished\":\"2016-03-09T11:00:39+00:00\",\"dateModified\":\"2016-12-21T12:41:29+00:00\",\"breadcrumb\":{\"@id\":\"https:\\\/\\\/www.fisiohogar.com\\\/sevilla\\\/fisioterapia-la-tercera-edad\\\/#breadcrumb\"},\"inLanguage\":\"es\",\"potentialAction\":[{\"@type\":\"ReadAction\",\"target\":[\"https:\\\/\\\/www.fisiohogar.com\\\/sevilla\\\/fisioterapia-la-tercera-edad\\\/\"]}]},{\"@type\":\"ImageObject\",\"inLanguage\":\"es\",\"@id\":\"https:\\\/\\\/www.fisiohogar.com\\\/sevilla\\\/fisioterapia-la-tercera-edad\\\/#primaryimage\",\"url\":\"https:\\\/\\\/www.fisiohogar.com\\\/sevilla\\\/wp-content\\\/uploads\\\/sites\\\/33\\\/2016\\\/03\\\/ancianos.jpg\",\"contentUrl\":\"https:\\\/\\\/www.fisiohogar.com\\\/sevilla\\\/wp-content\\\/uploads\\\/sites\\\/33\\\/2016\\\/03\\\/ancianos.jpg\",\"width\":900,\"height\":591},{\"@type\":\"BreadcrumbList\",\"@id\":\"https:\\\/\\\/www.fisiohogar.com\\\/sevilla\\\/fisioterapia-la-tercera-edad\\\/#breadcrumb\",\"itemListElement\":[{\"@type\":\"ListItem\",\"position\":1,\"name\":\"Portada\",\"item\":\"https:\\\/\\\/www.fisiohogar.com\\\/sevilla\\\/\"},{\"@type\":\"ListItem\",\"position\":2,\"name\":\"Fisioterapia en la tercera edad\"}]},{\"@type\":\"WebSite\",\"@id\":\"https:\\\/\\\/www.fisiohogar.com\\\/sevilla\\\/#website\",\"url\":\"https:\\\/\\\/www.fisiohogar.com\\\/sevilla\\\/\",\"name\":\"Fisioterapia a domicilio Sevilla\",\"description\":\"Fisioterapia a domicilio en Sevilla\",\"potentialAction\":[{\"@type\":\"SearchAction\",\"target\":{\"@type\":\"EntryPoint\",\"urlTemplate\":\"https:\\\/\\\/www.fisiohogar.com\\\/sevilla\\\/?s={search_term_string}\"},\"query-input\":{\"@type\":\"PropertyValueSpecification\",\"valueRequired\":true,\"valueName\":\"search_term_string\"}}],\"inLanguage\":\"es\"}]}<\/script>\n<!-- \/ Yoast SEO plugin. -->","yoast_head_json":{"title":"Fisioterapia en la tercera edad - Fisioterapia a domicilio Sevilla","robots":{"index":"index","follow":"follow","max-snippet":"max-snippet:-1","max-image-preview":"max-image-preview:large","max-video-preview":"max-video-preview:-1"},"canonical":"https:\/\/www.fisiohogar.com\/sevilla\/fisioterapia-la-tercera-edad\/","og_locale":"es_ES","og_type":"article","og_title":"Fisioterapia en la tercera edad - Fisioterapia a domicilio Sevilla","og_description":"En las personas de la tercer edad suelen ser habituales enfermedades que reducen su movilidad y limitan su autonom\u00eda, en ocasiones causando dolor intenso y teniendo como consecuencia un empeoramiento notable de la calidad [...]","og_url":"https:\/\/www.fisiohogar.com\/sevilla\/fisioterapia-la-tercera-edad\/","og_site_name":"Fisioterapia a domicilio Sevilla","article_modified_time":"2016-12-21T12:41:29+00:00","og_image":[{"url":"http:\/\/www.fisiohogar.com\/sevilla\/wp-content\/uploads\/sites\/33\/2016\/03\/ancianos.jpg","type":"","width":"","height":""}],"twitter_card":"summary_large_image","twitter_misc":{"Tiempo de lectura":"3 minutos"},"schema":{"@context":"https:\/\/schema.org","@graph":[{"@type":"WebPage","@id":"https:\/\/www.fisiohogar.com\/sevilla\/fisioterapia-la-tercera-edad\/","url":"https:\/\/www.fisiohogar.com\/sevilla\/fisioterapia-la-tercera-edad\/","name":"Fisioterapia en la tercera edad - Fisioterapia a domicilio Sevilla","isPartOf":{"@id":"https:\/\/www.fisiohogar.com\/sevilla\/#website"},"primaryImageOfPage":{"@id":"https:\/\/www.fisiohogar.com\/sevilla\/fisioterapia-la-tercera-edad\/#primaryimage"},"image":{"@id":"https:\/\/www.fisiohogar.com\/sevilla\/fisioterapia-la-tercera-edad\/#primaryimage"},"thumbnailUrl":"http:\/\/www.fisiohogar.com\/sevilla\/wp-content\/uploads\/sites\/33\/2016\/03\/ancianos.jpg","datePublished":"2016-03-09T11:00:39+00:00","dateModified":"2016-12-21T12:41:29+00:00","breadcrumb":{"@id":"https:\/\/www.fisiohogar.com\/sevilla\/fisioterapia-la-tercera-edad\/#breadcrumb"},"inLanguage":"es","potentialAction":[{"@type":"ReadAction","target":["https:\/\/www.fisiohogar.com\/sevilla\/fisioterapia-la-tercera-edad\/"]}]},{"@type":"ImageObject","inLanguage":"es","@id":"https:\/\/www.fisiohogar.com\/sevilla\/fisioterapia-la-tercera-edad\/#primaryimage","url":"https:\/\/www.fisiohogar.com\/sevilla\/wp-content\/uploads\/sites\/33\/2016\/03\/ancianos.jpg","contentUrl":"https:\/\/www.fisiohogar.com\/sevilla\/wp-content\/uploads\/sites\/33\/2016\/03\/ancianos.jpg","width":900,"height":591},{"@type":"BreadcrumbList","@id":"https:\/\/www.fisiohogar.com\/sevilla\/fisioterapia-la-tercera-edad\/#breadcrumb","itemListElement":[{"@type":"ListItem","position":1,"name":"Portada","item":"https:\/\/www.fisiohogar.com\/sevilla\/"},{"@type":"ListItem","position":2,"name":"Fisioterapia en la tercera edad"}]},{"@type":"WebSite","@id":"https:\/\/www.fisiohogar.com\/sevilla\/#website","url":"https:\/\/www.fisiohogar.com\/sevilla\/","name":"Fisioterapia a domicilio Sevilla","description":"Fisioterapia a domicilio en Sevilla","potentialAction":[{"@type":"SearchAction","target":{"@type":"EntryPoint","urlTemplate":"https:\/\/www.fisiohogar.com\/sevilla\/?s={search_term_string}"},"query-input":{"@type":"PropertyValueSpecification","valueRequired":true,"valueName":"search_term_string"}}],"inLanguage":"es"}]}},"_links":{"self":[{"href":"https:\/\/www.fisiohogar.com\/sevilla\/wp-json\/wp\/v2\/pages\/43","targetHints":{"allow":["GET"]}}],"collection":[{"href":"https:\/\/www.fisiohogar.com\/sevilla\/wp-json\/wp\/v2\/pages"}],"about":[{"href":"https:\/\/www.fisiohogar.com\/sevilla\/wp-json\/wp\/v2\/types\/page"}],"author":[{"embeddable":true,"href":"https:\/\/www.fisiohogar.com\/sevilla\/wp-json\/wp\/v2\/users\/1"}],"replies":[{"embeddable":true,"href":"https:\/\/www.fisiohogar.com\/sevilla\/wp-json\/wp\/v2\/comments?post=43"}],"version-history":[{"count":0,"href":"https:\/\/www.fisiohogar.com\/sevilla\/wp-json\/wp\/v2\/pages\/43\/revisions"}],"wp:attachment":[{"href":"https:\/\/www.fisiohogar.com\/sevilla\/wp-json\/wp\/v2\/media?parent=43"}],"curies":[{"name":"wp","href":"https:\/\/api.w.org\/{rel}","templated":true}]}}