{"id":24,"date":"2016-03-09T10:55:25","date_gmt":"2016-03-09T10:55:25","guid":{"rendered":"http:\/\/www.fisiohogar.com\/sansebastiandelosreyes\/?page_id=21"},"modified":"2016-12-21T18:41:45","modified_gmt":"2016-12-21T18:41:45","slug":"fisioterapia-domicilio-en-sevilla","status":"publish","type":"page","link":"https:\/\/www.fisiohogar.com\/sevilla\/fisioterapia-domicilio-en-sevilla\/","title":{"rendered":"Fisioterapia a domicilio en Sevilla"},"content":{"rendered":"<p style=\"text-align: justify;\">Cuando estamos aquejados por cualquier padecimiento que afecta a nuestro sistema musculo esquel\u00e9tico lo \u00faltimo que podemos desear es tener que afrontar desplazamientos para recibir una sesi\u00f3n de fisioterapia en una cl\u00ednica, ya que no s\u00f3lo va a incrementar nuestras molestias sino que adem\u00e1s vamos a tener que emplear un tiempo que tal vez no resulte f\u00e1cil encajar en nuestro d\u00eda a d\u00eda. Esto es frecuente que conduzca a algunas personas a retrasar esas sesiones y a terminar prescindiendo de lo que m\u00e1s puede ayudarles.<\/p>\n<p style=\"text-align: justify;\">Por ese motivo en Fisiohogar ofrecemos un servicio de <strong>atenci\u00f3n domiciliaria<\/strong>. Somos nosotros quienes nos desplazamos al domicilio de nuestros pacientes. De esa manera les evitamos molestias y p\u00e9rdidas de tiempo, y adem\u00e1s logramos que puntualmente se realicen esas sesiones de fisioterapia que contribuir\u00e1n a un m\u00e1s r\u00e1pido restablecimiento de su estado de salud.<\/p>\n<p style=\"text-align: justify;\">Adem\u00e1s en la atenci\u00f3n en casa de los pacientes llevamos a cabo tratamientos con todas las garant\u00edas, ya que siempre nos desplazamos con todo el material necesario y cumplimos de manera profesional con lo que se ha planificado en cada sesi\u00f3n.<\/p>\n<p style=\"text-align: justify;\"><img decoding=\"async\" class=\"lazyload aligncenter size-full wp-image-501\" src=\"http:\/\/www.fisiohogar.com\/sevilla\/wp-content\/uploads\/sites\/33\/2016\/03\/fisioterapia-hogar.jpg\" data-orig-src=\"http:\/\/www.fisiohogar.com\/sevilla\/wp-content\/uploads\/sites\/33\/2016\/03\/fisioterapia-hogar.jpg\" alt=\"\" width=\"900\" height=\"600\" srcset=\"data:image\/svg+xml,%3Csvg%20xmlns%3D%27http%3A%2F%2Fwww.w3.org%2F2000%2Fsvg%27%20width%3D%27900%27%20height%3D%27600%27%20viewBox%3D%270%200%20900%20600%27%3E%3Crect%20width%3D%27900%27%20height%3D%27600%27%20fill-opacity%3D%220%22%2F%3E%3C%2Fsvg%3E\" data-srcset=\"https:\/\/www.fisiohogar.com\/sevilla\/wp-content\/uploads\/sites\/33\/2016\/03\/fisioterapia-hogar-300x200.jpg 300w, https:\/\/www.fisiohogar.com\/sevilla\/wp-content\/uploads\/sites\/33\/2016\/03\/fisioterapia-hogar-768x512.jpg 768w, https:\/\/www.fisiohogar.com\/sevilla\/wp-content\/uploads\/sites\/33\/2016\/03\/fisioterapia-hogar.jpg 900w\" data-sizes=\"auto\" data-orig-sizes=\"(max-width: 900px) 100vw, 900px\" \/><\/p>\n<p style=\"text-align: justify;\">Usted tan s\u00f3lo tendr\u00e1 que decirnos d\u00f3nde desea que completemos la sesi\u00f3n de fisioterapia y all\u00ed mismo instalaremos nuestra camilla y podremos atenderle.<\/p>\n<h2 style=\"text-align: justify;\">Todo incluido en nuestro precio<\/h2>\n<p style=\"text-align: justify;\">Fisiohogar es una empresa de reconocido prestigio nacional que se ha especializado en la fisioterapia a domicilio y por eso mismo sus tarifas est\u00e1n adaptadas a ese tipo de servicios. Eso quiere decir que cuando contrate con nosotros una sesi\u00f3n de fisioterapia <strong>usted no tendr\u00e1 que hacer frente a costes adicionales<\/strong>.<\/p>\n<p style=\"text-align: justify;\">Ninguno de nuestros fisioterapeutas le cobrar\u00e1 ninguna cantidad de dinero suplementaria por encontrarse su vivienda algo m\u00e1s alejada del centro de Sevilla, o por no tener cerca una zona de aparcamiento.<\/p>\n<p style=\"text-align: justify;\">Tampoco se le cobrar\u00e1 m\u00e1s dependiendo de la lesi\u00f3n o padecimiento que le est\u00e9 afectando.<\/p>\n<h2 style=\"text-align: justify;\">Atenci\u00f3n personalizada<\/h2>\n<p style=\"text-align: justify;\">Nuestros tratamientos est\u00e1n totalmente personalizados porque no hay otra manera posible de ofrecer un buen servicio garantizando que las sesiones de fisioterapia cumplir\u00e1n de manera eficaz con su prop\u00f3sito de mejorar el estado de nuestros pacientes.<\/p>\n<p style=\"text-align: justify;\">De esa manera, en el caso de los pacientes con enfermedades neurol\u00f3gicas y en los que pertenecen al grupo de la tercera edad, siempre realizamos un <strong>estudio previo<\/strong> donde evaluamos su estado de salud y planteamos cu\u00e1l puede ser el mejor tratamiento posible.<\/p>\n<p style=\"text-align: justify;\">Igualmente en el caso de\u00a0cualquier otra persona a la que atendamos siempre nos interesamos por su estado de salud y el diagn\u00f3stico de su m\u00e9dico.<\/p>\n<p style=\"text-align: justify;\">Por lo tanto nuestros fisioterapeutas siempre realizar\u00e1n, como paso previo a cualquier sesi\u00f3n de fisioterapia, una <strong>valoraci\u00f3n del estado en el que se encuentra el paciente<\/strong>.<\/p>\n<h2 style=\"text-align: justify;\">Sevilla y provincia<\/h2>\n<p style=\"text-align: justify;\">Trabajamos en las siguientes zonas de Sevilla:<\/p>\n<ul>\n<li>\u00a0[list type=check_list]\n<ul>\n<li>Casco Antiguo<\/li>\n<li>Macarena<\/li>\n<li>Norte<\/li>\n<li>San Pablo Santa Justa<\/li>\n<li>Este Parque Alcosa Torreblanca<\/li>\n<li>Nervi\u00f3n<\/li>\n<li>Cerro Amate<\/li>\n<li>Sur<\/li>\n<li>Triana<\/li>\n<li>Bellavista<\/li>\n<li>Los Remedios<\/li>\n<\/ul>\n<p>[\/list]<\/li>\n<\/ul>\n<p style=\"text-align: justify;\">\n<p style=\"text-align: justify;\">Tambi\u00e9n nos desplazamos a las poblaciones cercanas:<\/p>\n<ul>\n<li>\u00a0[list type=check_list]\n<ul>\n<li>Almensilla<\/li>\n<li>Bormujos<\/li>\n<li>Camas<\/li>\n<li>Castilleja de Guzm\u00e1n<\/li>\n<li>Castilleja de la Cuesta<\/li>\n<li>Espartinas<\/li>\n<li>Gines<\/li>\n<li>Mairena del Aljarafe<\/li>\n<li>Palomares<\/li>\n<li>Salteras<\/li>\n<li>San Juan de Aznalfarache<\/li>\n<li>Tomares<\/li>\n<li>Valencina de la Concepci\u00f3n<\/li>\n<\/ul>\n<p>[\/list]<\/li>\n<\/ul>\n<p>&nbsp;<\/p>\n<p><a href=\"http:\/\/www.fisiohogar.com\/sevilla\/contacta-ahora\/\">Contacte ahora con nosotros<\/a> y resolveremos cualquier duda que pueda tener.<\/p>\n","protected":false},"excerpt":{"rendered":"<p>Cuando estamos aquejados por cualquier padecimiento que afecta a nuestro sistema musculo esquel\u00e9tico lo \u00faltimo que podemos desear es tener que afrontar desplazamientos para recibir una sesi\u00f3n de fisioterapia en una cl\u00ednica, ya que  [&#8230;]<\/p>\n","protected":false},"author":1,"featured_media":0,"parent":0,"menu_order":0,"comment_status":"closed","ping_status":"closed","template":"template-full.php","meta":{"_joinchat":[],"footnotes":""},"class_list":["post-24","page","type-page","status-publish","hentry"],"yoast_head":"<!-- This site is optimized with the Yoast SEO plugin v27.6 - https:\/\/yoast.com\/product\/yoast-seo-wordpress\/ -->\n<title>Fisioterapia a domicilio en Sevilla - Fisioterapia a domicilio Sevilla<\/title>\n<meta name=\"robots\" content=\"index, follow, max-snippet:-1, max-image-preview:large, max-video-preview:-1\" \/>\n<link rel=\"canonical\" href=\"https:\/\/www.fisiohogar.com\/sevilla\/fisioterapia-domicilio-en-sevilla\/\" \/>\n<meta property=\"og:locale\" content=\"es_ES\" \/>\n<meta property=\"og:type\" content=\"article\" \/>\n<meta property=\"og:title\" content=\"Fisioterapia a domicilio en Sevilla - Fisioterapia a domicilio Sevilla\" \/>\n<meta property=\"og:description\" content=\"Cuando estamos aquejados por cualquier padecimiento que afecta a nuestro sistema musculo esquel\u00e9tico lo \u00faltimo que podemos desear es tener que afrontar desplazamientos para recibir una sesi\u00f3n de fisioterapia en una cl\u00ednica, ya que [...]\" \/>\n<meta property=\"og:url\" content=\"https:\/\/www.fisiohogar.com\/sevilla\/fisioterapia-domicilio-en-sevilla\/\" \/>\n<meta property=\"og:site_name\" content=\"Fisioterapia a domicilio Sevilla\" \/>\n<meta property=\"article:modified_time\" content=\"2016-12-21T18:41:45+00:00\" \/>\n<meta property=\"og:image\" content=\"http:\/\/www.fisiohogar.com\/sevilla\/wp-content\/uploads\/sites\/33\/2016\/03\/fisioterapia-hogar.jpg\" \/>\n<meta name=\"twitter:card\" content=\"summary_large_image\" \/>\n<meta name=\"twitter:label1\" content=\"Tiempo de lectura\" \/>\n\t<meta name=\"twitter:data1\" content=\"3 minutos\" \/>\n<script type=\"application\/ld+json\" class=\"yoast-schema-graph\">{\"@context\":\"https:\\\/\\\/schema.org\",\"@graph\":[{\"@type\":\"WebPage\",\"@id\":\"https:\\\/\\\/www.fisiohogar.com\\\/sevilla\\\/fisioterapia-domicilio-en-sevilla\\\/\",\"url\":\"https:\\\/\\\/www.fisiohogar.com\\\/sevilla\\\/fisioterapia-domicilio-en-sevilla\\\/\",\"name\":\"Fisioterapia a domicilio en Sevilla - Fisioterapia a domicilio Sevilla\",\"isPartOf\":{\"@id\":\"https:\\\/\\\/www.fisiohogar.com\\\/sevilla\\\/#website\"},\"primaryImageOfPage\":{\"@id\":\"https:\\\/\\\/www.fisiohogar.com\\\/sevilla\\\/fisioterapia-domicilio-en-sevilla\\\/#primaryimage\"},\"image\":{\"@id\":\"https:\\\/\\\/www.fisiohogar.com\\\/sevilla\\\/fisioterapia-domicilio-en-sevilla\\\/#primaryimage\"},\"thumbnailUrl\":\"http:\\\/\\\/www.fisiohogar.com\\\/sevilla\\\/wp-content\\\/uploads\\\/sites\\\/33\\\/2016\\\/03\\\/fisioterapia-hogar.jpg\",\"datePublished\":\"2016-03-09T10:55:25+00:00\",\"dateModified\":\"2016-12-21T18:41:45+00:00\",\"breadcrumb\":{\"@id\":\"https:\\\/\\\/www.fisiohogar.com\\\/sevilla\\\/fisioterapia-domicilio-en-sevilla\\\/#breadcrumb\"},\"inLanguage\":\"es\",\"potentialAction\":[{\"@type\":\"ReadAction\",\"target\":[\"https:\\\/\\\/www.fisiohogar.com\\\/sevilla\\\/fisioterapia-domicilio-en-sevilla\\\/\"]}]},{\"@type\":\"ImageObject\",\"inLanguage\":\"es\",\"@id\":\"https:\\\/\\\/www.fisiohogar.com\\\/sevilla\\\/fisioterapia-domicilio-en-sevilla\\\/#primaryimage\",\"url\":\"https:\\\/\\\/www.fisiohogar.com\\\/sevilla\\\/wp-content\\\/uploads\\\/sites\\\/33\\\/2016\\\/03\\\/fisioterapia-hogar.jpg\",\"contentUrl\":\"https:\\\/\\\/www.fisiohogar.com\\\/sevilla\\\/wp-content\\\/uploads\\\/sites\\\/33\\\/2016\\\/03\\\/fisioterapia-hogar.jpg\",\"width\":900,\"height\":600},{\"@type\":\"BreadcrumbList\",\"@id\":\"https:\\\/\\\/www.fisiohogar.com\\\/sevilla\\\/fisioterapia-domicilio-en-sevilla\\\/#breadcrumb\",\"itemListElement\":[{\"@type\":\"ListItem\",\"position\":1,\"name\":\"Portada\",\"item\":\"https:\\\/\\\/www.fisiohogar.com\\\/sevilla\\\/\"},{\"@type\":\"ListItem\",\"position\":2,\"name\":\"Fisioterapia a domicilio en Sevilla\"}]},{\"@type\":\"WebSite\",\"@id\":\"https:\\\/\\\/www.fisiohogar.com\\\/sevilla\\\/#website\",\"url\":\"https:\\\/\\\/www.fisiohogar.com\\\/sevilla\\\/\",\"name\":\"Fisioterapia a domicilio Sevilla\",\"description\":\"Fisioterapia a domicilio en Sevilla\",\"potentialAction\":[{\"@type\":\"SearchAction\",\"target\":{\"@type\":\"EntryPoint\",\"urlTemplate\":\"https:\\\/\\\/www.fisiohogar.com\\\/sevilla\\\/?s={search_term_string}\"},\"query-input\":{\"@type\":\"PropertyValueSpecification\",\"valueRequired\":true,\"valueName\":\"search_term_string\"}}],\"inLanguage\":\"es\"}]}<\/script>\n<!-- \/ Yoast SEO plugin. -->","yoast_head_json":{"title":"Fisioterapia a domicilio en Sevilla - Fisioterapia a domicilio Sevilla","robots":{"index":"index","follow":"follow","max-snippet":"max-snippet:-1","max-image-preview":"max-image-preview:large","max-video-preview":"max-video-preview:-1"},"canonical":"https:\/\/www.fisiohogar.com\/sevilla\/fisioterapia-domicilio-en-sevilla\/","og_locale":"es_ES","og_type":"article","og_title":"Fisioterapia a domicilio en Sevilla - Fisioterapia a domicilio Sevilla","og_description":"Cuando estamos aquejados por cualquier padecimiento que afecta a nuestro sistema musculo esquel\u00e9tico lo \u00faltimo que podemos desear es tener que afrontar desplazamientos para recibir una sesi\u00f3n de fisioterapia en una cl\u00ednica, ya que [...]","og_url":"https:\/\/www.fisiohogar.com\/sevilla\/fisioterapia-domicilio-en-sevilla\/","og_site_name":"Fisioterapia a domicilio Sevilla","article_modified_time":"2016-12-21T18:41:45+00:00","og_image":[{"url":"http:\/\/www.fisiohogar.com\/sevilla\/wp-content\/uploads\/sites\/33\/2016\/03\/fisioterapia-hogar.jpg","type":"","width":"","height":""}],"twitter_card":"summary_large_image","twitter_misc":{"Tiempo de lectura":"3 minutos"},"schema":{"@context":"https:\/\/schema.org","@graph":[{"@type":"WebPage","@id":"https:\/\/www.fisiohogar.com\/sevilla\/fisioterapia-domicilio-en-sevilla\/","url":"https:\/\/www.fisiohogar.com\/sevilla\/fisioterapia-domicilio-en-sevilla\/","name":"Fisioterapia a domicilio en Sevilla - Fisioterapia a domicilio Sevilla","isPartOf":{"@id":"https:\/\/www.fisiohogar.com\/sevilla\/#website"},"primaryImageOfPage":{"@id":"https:\/\/www.fisiohogar.com\/sevilla\/fisioterapia-domicilio-en-sevilla\/#primaryimage"},"image":{"@id":"https:\/\/www.fisiohogar.com\/sevilla\/fisioterapia-domicilio-en-sevilla\/#primaryimage"},"thumbnailUrl":"http:\/\/www.fisiohogar.com\/sevilla\/wp-content\/uploads\/sites\/33\/2016\/03\/fisioterapia-hogar.jpg","datePublished":"2016-03-09T10:55:25+00:00","dateModified":"2016-12-21T18:41:45+00:00","breadcrumb":{"@id":"https:\/\/www.fisiohogar.com\/sevilla\/fisioterapia-domicilio-en-sevilla\/#breadcrumb"},"inLanguage":"es","potentialAction":[{"@type":"ReadAction","target":["https:\/\/www.fisiohogar.com\/sevilla\/fisioterapia-domicilio-en-sevilla\/"]}]},{"@type":"ImageObject","inLanguage":"es","@id":"https:\/\/www.fisiohogar.com\/sevilla\/fisioterapia-domicilio-en-sevilla\/#primaryimage","url":"https:\/\/www.fisiohogar.com\/sevilla\/wp-content\/uploads\/sites\/33\/2016\/03\/fisioterapia-hogar.jpg","contentUrl":"https:\/\/www.fisiohogar.com\/sevilla\/wp-content\/uploads\/sites\/33\/2016\/03\/fisioterapia-hogar.jpg","width":900,"height":600},{"@type":"BreadcrumbList","@id":"https:\/\/www.fisiohogar.com\/sevilla\/fisioterapia-domicilio-en-sevilla\/#breadcrumb","itemListElement":[{"@type":"ListItem","position":1,"name":"Portada","item":"https:\/\/www.fisiohogar.com\/sevilla\/"},{"@type":"ListItem","position":2,"name":"Fisioterapia a domicilio en Sevilla"}]},{"@type":"WebSite","@id":"https:\/\/www.fisiohogar.com\/sevilla\/#website","url":"https:\/\/www.fisiohogar.com\/sevilla\/","name":"Fisioterapia a domicilio Sevilla","description":"Fisioterapia a domicilio en Sevilla","potentialAction":[{"@type":"SearchAction","target":{"@type":"EntryPoint","urlTemplate":"https:\/\/www.fisiohogar.com\/sevilla\/?s={search_term_string}"},"query-input":{"@type":"PropertyValueSpecification","valueRequired":true,"valueName":"search_term_string"}}],"inLanguage":"es"}]}},"_links":{"self":[{"href":"https:\/\/www.fisiohogar.com\/sevilla\/wp-json\/wp\/v2\/pages\/24","targetHints":{"allow":["GET"]}}],"collection":[{"href":"https:\/\/www.fisiohogar.com\/sevilla\/wp-json\/wp\/v2\/pages"}],"about":[{"href":"https:\/\/www.fisiohogar.com\/sevilla\/wp-json\/wp\/v2\/types\/page"}],"author":[{"embeddable":true,"href":"https:\/\/www.fisiohogar.com\/sevilla\/wp-json\/wp\/v2\/users\/1"}],"replies":[{"embeddable":true,"href":"https:\/\/www.fisiohogar.com\/sevilla\/wp-json\/wp\/v2\/comments?post=24"}],"version-history":[{"count":0,"href":"https:\/\/www.fisiohogar.com\/sevilla\/wp-json\/wp\/v2\/pages\/24\/revisions"}],"wp:attachment":[{"href":"https:\/\/www.fisiohogar.com\/sevilla\/wp-json\/wp\/v2\/media?parent=24"}],"curies":[{"name":"wp","href":"https:\/\/api.w.org\/{rel}","templated":true}]}}