{"id":5150,"date":"2019-02-13T11:29:42","date_gmt":"2019-02-13T11:29:42","guid":{"rendered":"https:\/\/www.fisiohogar.com\/madridoeste\/?page_id=5150"},"modified":"2019-02-15T00:03:20","modified_gmt":"2019-02-15T00:03:20","slug":"servicios","status":"publish","type":"page","link":"https:\/\/www.fisiohogar.com\/madridoeste\/servicios\/","title":{"rendered":"Servicios de Fisiohogar"},"content":{"rendered":"<div class=\"wpb-content-wrapper\"><p>[vc_row][vc_column width=\u00bb1\/2&#8243;][vc_single_image image=\u00bb5188&#8243; img_size=\u00bbfull\u00bb css_animation=\u00bbfadeInLeft\u00bb][\/vc_column][vc_column css_animation=\u00bbfadeIn\u00bb width=\u00bb1\/2&#8243;][vc_custom_heading text=\u00bbFisioterapia a domicilio\u00bb google_fonts=\u00bbfont_family:Francois%20One%3Aregular|font_style:400%20regular%3A400%3Anormal\u00bb][vc_column_text]Fisiohogar es la gran referencia a nivel nacional de la <strong>fisioterapia a domicilio<\/strong>.<\/p>\n<p>Le hemos dado forma a un servicio en el cual le ofrecemos a todos nuestros pacientes <strong>los beneficios de las sesiones de fisioterapia sin la obligaci\u00f3n de tener que desplazarse a una cl\u00ednica<\/strong>.<\/p>\n<p>No se trata tan solo de un servicio que aporta <strong>comodidad<\/strong>, que tambi\u00e9n nos la agradecen nuestros pacientes, pues <strong>en ocasiones el hecho de tener que trasladarse a una cl\u00ednica le resulta complicado, o imposible<\/strong>, a personas que tienen lesiones, o que padecen enfermedades limitantes como las que afectan al sistema neurol\u00f3gico, sobre todo en etapas avanzadas. Como consecuencia, aunque se inicie una terapia, se corre el riesgo de no continuarla ante la incomodidad de los traslados.<\/p>\n<p>Por ese motivo son nuestros fisioterapeutas quienes, el d\u00eda y a la hora que m\u00e1s le convenga, se desplazar\u00e1n a su domicilio para llevarle la fisioterapia a su hogar.<\/p>\n<p><strong>Nos desplazamos siempre con todo el material necesario<\/strong> para completar las sesiones.<\/p>\n<p>Recuerde que <strong>nuestras tarifas son fijas<\/strong>, y no se incrementan por los kil\u00f3metros recorridos o el tiempo que necesitemos en esos desplazamientos, tampoco existe ning\u00fan tipo de suplemento por el material empleado.<\/p>\n<p>[\/vc_column_text][\/vc_column][\/vc_row][vc_row][vc_column width=\u00bb1\/2&#8243;][vc_single_image image=\u00bb5189&#8243; img_size=\u00bbfull\u00bb css_animation=\u00bbfadeInLeft\u00bb][\/vc_column][vc_column css_animation=\u00bbfadeIn\u00bb width=\u00bb1\/2&#8243;][vc_custom_heading text=\u00bbFisioterapia para empresas\u00bb google_fonts=\u00bbfont_family:Francois%20One%3Aregular|font_style:400%20regular%3A400%3Anormal\u00bb][vc_column_text]Contamos con numerosas empresas para quienes trabajamos atendiendo a sus trabajadores.<\/p>\n<p>Estas empresas han descubierto que <strong>la fisioterapia puede ser una de las mejores inversiones<\/strong> que puedan hacer ya que <strong>sus beneficios son tangibles<\/strong> y se logra en un <strong>mejor ambiente laboral,<\/strong> adem\u00e1s de que se consigue un mejor aprovechamiento de la jornada laboral por parte de los trabajadores.<\/p>\n<p>Tambi\u00e9n logramos que se produzca un <strong>menor n\u00famero de bajas laborales<\/strong> o que sean de una menor duraci\u00f3n, sobre todo cuando podemos analizar las circunstancias en las que trabajan los diferentes empleados para aconsejar mejoras en la adaptaci\u00f3n de la actividad al trabajador.<\/p>\n<p>Al poder tratar a los empleados en las propias instalaciones de la empresa ahorramos todo el tiempo que se emplear\u00edan en los desplazamientos, aunque tambi\u00e9n podemos ofrecer las sesiones de fisioterapia en sus domicilios particulares.<\/p>\n<p>Si est\u00e1 interesado en conocer los beneficios que puede aportar la fisioterapia en su empresa, contacte ahora con nosotros y sin compromiso por su parte le daremos completa informaci\u00f3n.[\/vc_column_text][\/vc_column][\/vc_row][vc_row][vc_column width=\u00bb1\/2&#8243;][vc_single_image image=\u00bb5171&#8243; img_size=\u00bbfull\u00bb css_animation=\u00bbfadeInLeft\u00bb][\/vc_column][vc_column css_animation=\u00bbfadeIn\u00bb width=\u00bb1\/2&#8243;][vc_custom_heading text=\u00bbFisioterapia en eventos deportivos\u00bb google_fonts=\u00bbfont_family:Francois%20One%3Aregular|font_style:400%20regular%3A400%3Anormal\u00bb][vc_column_text]El deporte ya forma parte de la vida de muchos espa\u00f1oles, ya sea que lo practiquen de manera profesional o ameteur. Por esta raz\u00f3n cada vez son m\u00e1s frecuentes los <strong>acontecimientos deportivos<\/strong> en los que participan personas que, en algunos casos, suelen arriesgar m\u00e1s de lo que ellos mismos son conscientes. Como consecuencia <strong>las lesiones son una constante<\/strong>, en ocasiones de menor importancia, como las sobrecargas musculares, tambi\u00e9n podemos encontrar lesiones tendinosas de diferente intensidad, esguinces de tobillo, roturas de musculares, roturas de menisco, etc.<\/p>\n<p>Tanto para minimizar el riesgo de que se produzcan lesiones, como para el tratamiento de quienes han sufrido alg\u00fan incidente, <strong>en Fisiohogar hemos dise\u00f1ado un servicio espec\u00edfico para este tipo de eventos.<\/strong><\/p>\n<p>Podemos encargarnos de unas <strong>tablas de estiramiento y calentamiento previo<\/strong>, masajes de descarga y descontracturantes, o si as\u00ed se nos solicita, podemos dar unas <strong>charlas<\/strong> para dar a conocer los <strong>ejercicios que resultan m\u00e1s aconsejables en cada caso para preparar al cuerpo para el ejercicio<\/strong>, pues precisamente en esa falta de preparaci\u00f3n radican gran n\u00famero de lesiones.<\/p>\n<p>En Fisiohogar contamos con fisioterapeutas con amplia experiencia en la atenci\u00f3n a deportistas en los m\u00e1s variados eventos.[\/vc_column_text][\/vc_column][\/vc_row][vc_row][vc_column width=\u00bb1\/2&#8243;][vc_single_image image=\u00bb5169&#8243; img_size=\u00bbfull\u00bb css_animation=\u00bbfadeInLeft\u00bb][\/vc_column][vc_column css_animation=\u00bbfadeIn\u00bb width=\u00bb1\/2&#8243;][vc_custom_heading text=\u00bbFisioterapia en hoteles\u00bb google_fonts=\u00bbfont_family:Francois%20One%3Aregular|font_style:400%20regular%3A400%3Anormal\u00bb][vc_column_text]En Fisiohogar nos adaptamos a las diferentes situaciones, o circunstancias, en las que se encuentran nuestros pacientes.<\/p>\n<p>Al igual que podemos trasladarnos para ofrecer sesiones de fisioterapia a pr\u00e1cticamente cualquier lugar de la Comunidad de Madrid, tambi\u00e9n podemos ofrecer este servicio a quienes se est\u00e9n alojando en un hotel.<\/p>\n<p>Ya sea porque un accidente les ha ocasionado una lesi\u00f3n que necesita de nuestra atenci\u00f3n, o porque est\u00e1n sometiendo su cuerpo a un estr\u00e9s diario que durante los viajes se puede intensificar dando origen a problemas musculares, la atenci\u00f3n de un fisioterapia puede aportar la soluci\u00f3n que estas personas necesitan.<\/p>\n<p>Si desea que nos traslademos al hotel donde se encuentra, tan solo tiene que llamarnos por tel\u00e9fono, o enviarnos un <a href=\"https:\/\/www.fisiohogar.com\/madridoeste\/solicitar-cita\/\">formulario de solicitud de cita<\/a> indicando en qu\u00e9 hotel se est\u00e1 alojando y cu\u00e1ndo necesita que uno de nuestros fisioterapeutas le visite.<\/p>\n<p>Nos desplazamos con todo el material necesario, y las sesiones de fisioterapia en hoteles no tienen un precio diferente a las que ofrecemos en domicilios particulares. Aqu\u00ed puede consultar nuestras <a href=\"https:\/\/www.fisiohogar.com\/madridoeste\/tarifas-de-fisioterapia\/\">tarifas<\/a>.[\/vc_column_text][\/vc_column][\/vc_row]<\/p>\n<\/div>","protected":false},"excerpt":{"rendered":"<p>[vc_row][vc_column width=\u00bb1\/2&#8243;][vc_single_image image=\u00bb5188&#8243; img_size=\u00bbfull\u00bb css_animation=\u00bbfadeInLeft\u00bb][\/vc_column][vc_column css_animation=\u00bbfadeIn\u00bb width=\u00bb1\/2&#8243;][vc_custom_heading text=\u00bbFisioterapia a domicilio\u00bb google_fonts=\u00bbfont_family:Francois%20One%3Aregular|font_style:400%20regular%3A400%3Anormal\u00bb][vc_column_text]Fisiohogar es la gran referencia a nivel nacional de la fisioterapia a domicilio. Le hemos dado forma a un servicio en el cual le  [&#8230;]<\/p>\n","protected":false},"author":1,"featured_media":0,"parent":0,"menu_order":0,"comment_status":"closed","ping_status":"closed","template":"template-full.php","meta":{"_joinchat":[],"footnotes":""},"class_list":["post-5150","page","type-page","status-publish","hentry"],"yoast_head":"<!-- This site is optimized with the Yoast SEO plugin v27.5 - https:\/\/yoast.com\/product\/yoast-seo-wordpress\/ -->\n<title>Servicios de Fisiohogar - Fisioterapeutas a domicilio<\/title>\n<meta name=\"robots\" content=\"index, follow, max-snippet:-1, max-image-preview:large, max-video-preview:-1\" \/>\n<link rel=\"canonical\" href=\"https:\/\/www.fisiohogar.com\/madridoeste\/servicios\/\" \/>\n<meta property=\"og:locale\" content=\"es_ES\" \/>\n<meta property=\"og:type\" content=\"article\" \/>\n<meta property=\"og:title\" content=\"Servicios de Fisiohogar - Fisioterapeutas a domicilio\" \/>\n<meta property=\"og:description\" content=\"[vc_row][vc_column width=\u00bb1\/2&#8243;][vc_single_image image=\u00bb5188&#8243; img_size=\u00bbfull\u00bb css_animation=\u00bbfadeInLeft\u00bb][\/vc_column][vc_column css_animation=\u00bbfadeIn\u00bb width=\u00bb1\/2&#8243;][vc_custom_heading text=\u00bbFisioterapia a domicilio\u00bb google_fonts=\u00bbfont_family:Francois%20One%3Aregular|font_style:400%20regular%3A400%3Anormal\u00bb][vc_column_text]Fisiohogar es la gran referencia a nivel nacional de la fisioterapia a domicilio. Le hemos dado forma a un servicio en el cual le [...]\" \/>\n<meta property=\"og:url\" content=\"https:\/\/www.fisiohogar.com\/madridoeste\/servicios\/\" \/>\n<meta property=\"og:site_name\" content=\"Fisioterapeutas a domicilio\" \/>\n<meta property=\"article:modified_time\" content=\"2019-02-15T00:03:20+00:00\" \/>\n<meta name=\"twitter:card\" content=\"summary_large_image\" \/>\n<meta name=\"twitter:label1\" content=\"Tiempo de lectura\" \/>\n\t<meta name=\"twitter:data1\" content=\"5 minutos\" \/>\n<script type=\"application\/ld+json\" class=\"yoast-schema-graph\">{\"@context\":\"https:\\\/\\\/schema.org\",\"@graph\":[{\"@type\":\"WebPage\",\"@id\":\"https:\\\/\\\/www.fisiohogar.com\\\/madridoeste\\\/servicios\\\/\",\"url\":\"https:\\\/\\\/www.fisiohogar.com\\\/madridoeste\\\/servicios\\\/\",\"name\":\"Servicios de Fisiohogar - Fisioterapeutas a domicilio\",\"isPartOf\":{\"@id\":\"https:\\\/\\\/www.fisiohogar.com\\\/madridoeste\\\/#website\"},\"datePublished\":\"2019-02-13T11:29:42+00:00\",\"dateModified\":\"2019-02-15T00:03:20+00:00\",\"breadcrumb\":{\"@id\":\"https:\\\/\\\/www.fisiohogar.com\\\/madridoeste\\\/servicios\\\/#breadcrumb\"},\"inLanguage\":\"es\",\"potentialAction\":[{\"@type\":\"ReadAction\",\"target\":[\"https:\\\/\\\/www.fisiohogar.com\\\/madridoeste\\\/servicios\\\/\"]}]},{\"@type\":\"BreadcrumbList\",\"@id\":\"https:\\\/\\\/www.fisiohogar.com\\\/madridoeste\\\/servicios\\\/#breadcrumb\",\"itemListElement\":[{\"@type\":\"ListItem\",\"position\":1,\"name\":\"Portada\",\"item\":\"https:\\\/\\\/www.fisiohogar.com\\\/madridoeste\\\/\"},{\"@type\":\"ListItem\",\"position\":2,\"name\":\"Servicios de Fisiohogar\"}]},{\"@type\":\"WebSite\",\"@id\":\"https:\\\/\\\/www.fisiohogar.com\\\/madridoeste\\\/#website\",\"url\":\"https:\\\/\\\/www.fisiohogar.com\\\/madridoeste\\\/\",\"name\":\"Fisioterapeutas a domicilio\",\"description\":\"Fisioterapia a domicilio en Madrid oeste\",\"potentialAction\":[{\"@type\":\"SearchAction\",\"target\":{\"@type\":\"EntryPoint\",\"urlTemplate\":\"https:\\\/\\\/www.fisiohogar.com\\\/madridoeste\\\/?s={search_term_string}\"},\"query-input\":{\"@type\":\"PropertyValueSpecification\",\"valueRequired\":true,\"valueName\":\"search_term_string\"}}],\"inLanguage\":\"es\"}]}<\/script>\n<!-- \/ Yoast SEO plugin. -->","yoast_head_json":{"title":"Servicios de Fisiohogar - Fisioterapeutas a domicilio","robots":{"index":"index","follow":"follow","max-snippet":"max-snippet:-1","max-image-preview":"max-image-preview:large","max-video-preview":"max-video-preview:-1"},"canonical":"https:\/\/www.fisiohogar.com\/madridoeste\/servicios\/","og_locale":"es_ES","og_type":"article","og_title":"Servicios de Fisiohogar - Fisioterapeutas a domicilio","og_description":"[vc_row][vc_column width=\u00bb1\/2&#8243;][vc_single_image image=\u00bb5188&#8243; img_size=\u00bbfull\u00bb css_animation=\u00bbfadeInLeft\u00bb][\/vc_column][vc_column css_animation=\u00bbfadeIn\u00bb width=\u00bb1\/2&#8243;][vc_custom_heading text=\u00bbFisioterapia a domicilio\u00bb google_fonts=\u00bbfont_family:Francois%20One%3Aregular|font_style:400%20regular%3A400%3Anormal\u00bb][vc_column_text]Fisiohogar es la gran referencia a nivel nacional de la fisioterapia a domicilio. Le hemos dado forma a un servicio en el cual le [...]","og_url":"https:\/\/www.fisiohogar.com\/madridoeste\/servicios\/","og_site_name":"Fisioterapeutas a domicilio","article_modified_time":"2019-02-15T00:03:20+00:00","twitter_card":"summary_large_image","twitter_misc":{"Tiempo de lectura":"5 minutos"},"schema":{"@context":"https:\/\/schema.org","@graph":[{"@type":"WebPage","@id":"https:\/\/www.fisiohogar.com\/madridoeste\/servicios\/","url":"https:\/\/www.fisiohogar.com\/madridoeste\/servicios\/","name":"Servicios de Fisiohogar - Fisioterapeutas a domicilio","isPartOf":{"@id":"https:\/\/www.fisiohogar.com\/madridoeste\/#website"},"datePublished":"2019-02-13T11:29:42+00:00","dateModified":"2019-02-15T00:03:20+00:00","breadcrumb":{"@id":"https:\/\/www.fisiohogar.com\/madridoeste\/servicios\/#breadcrumb"},"inLanguage":"es","potentialAction":[{"@type":"ReadAction","target":["https:\/\/www.fisiohogar.com\/madridoeste\/servicios\/"]}]},{"@type":"BreadcrumbList","@id":"https:\/\/www.fisiohogar.com\/madridoeste\/servicios\/#breadcrumb","itemListElement":[{"@type":"ListItem","position":1,"name":"Portada","item":"https:\/\/www.fisiohogar.com\/madridoeste\/"},{"@type":"ListItem","position":2,"name":"Servicios de Fisiohogar"}]},{"@type":"WebSite","@id":"https:\/\/www.fisiohogar.com\/madridoeste\/#website","url":"https:\/\/www.fisiohogar.com\/madridoeste\/","name":"Fisioterapeutas a domicilio","description":"Fisioterapia a domicilio en Madrid oeste","potentialAction":[{"@type":"SearchAction","target":{"@type":"EntryPoint","urlTemplate":"https:\/\/www.fisiohogar.com\/madridoeste\/?s={search_term_string}"},"query-input":{"@type":"PropertyValueSpecification","valueRequired":true,"valueName":"search_term_string"}}],"inLanguage":"es"}]}},"_links":{"self":[{"href":"https:\/\/www.fisiohogar.com\/madridoeste\/wp-json\/wp\/v2\/pages\/5150","targetHints":{"allow":["GET"]}}],"collection":[{"href":"https:\/\/www.fisiohogar.com\/madridoeste\/wp-json\/wp\/v2\/pages"}],"about":[{"href":"https:\/\/www.fisiohogar.com\/madridoeste\/wp-json\/wp\/v2\/types\/page"}],"author":[{"embeddable":true,"href":"https:\/\/www.fisiohogar.com\/madridoeste\/wp-json\/wp\/v2\/users\/1"}],"replies":[{"embeddable":true,"href":"https:\/\/www.fisiohogar.com\/madridoeste\/wp-json\/wp\/v2\/comments?post=5150"}],"version-history":[{"count":0,"href":"https:\/\/www.fisiohogar.com\/madridoeste\/wp-json\/wp\/v2\/pages\/5150\/revisions"}],"wp:attachment":[{"href":"https:\/\/www.fisiohogar.com\/madridoeste\/wp-json\/wp\/v2\/media?parent=5150"}],"curies":[{"name":"wp","href":"https:\/\/api.w.org\/{rel}","templated":true}]}}