{"id":24,"date":"2015-06-10T09:20:15","date_gmt":"2015-06-10T09:20:15","guid":{"rendered":"http:\/\/www.fisiohogar.com\/madrid-sur\/?page_id=24"},"modified":"2015-08-23T14:10:51","modified_gmt":"2015-08-23T14:10:51","slug":"fisioterapeutas-colegiados","status":"publish","type":"page","link":"https:\/\/www.fisiohogar.com\/madrid\/fisioterapeutas-colegiados\/","title":{"rendered":"Fisioterapeutas colegiados"},"content":{"rendered":"<p style=\"text-align: justify;\">La profesionalidad de los miembros del equipo de fisioterapeutas de Fisiohogar Madrid sur est\u00e1 avalada por el<a href=\"https:\/\/www.cfisiomad.org\/Pages\/Default.aspx\" target=\"_blank\"> colegio de fisioterapeutas de Madrid<\/a>. Todos ellos han obtenido previamente su <strong>graduado o diplomatura que certifica su cualificaci\u00f3n y capacitaci\u00f3n<\/strong>.<\/p>\n<p style=\"text-align: justify;\">Una vez que han terminado estos estudios universitarios es cuando se procede a su inscripci\u00f3n en los colegios profesionales. Este proceso requiere que el candidato pase por las juntas de valoraci\u00f3n de distintas entidades que se encargan de avalar la formaci\u00f3n del colegiado y que, a la vez, le obligan a cumplir una serie de requisitos como obtener un <strong>seguro de responsabilidad civil<\/strong> y a cumplir en el desempe\u00f1o de su profesi\u00f3n con un <strong>c\u00f3digo deontol\u00f3gico<\/strong>.<\/p>\n<p><img decoding=\"async\" class=\"aligncenter size-full wp-image-111\" src=\"http:\/\/www.fisiohogar.com\/madrid-sur\/wp-content\/uploads\/sites\/5\/2015\/06\/fisioterapeutas-madrid-sur.jpg\" alt=\"fisioterapeutas-madrid-sur\" width=\"850\" height=\"407\" \/><\/p>\n<p style=\"text-align: justify;\">Adem\u00e1s de todo esto, los fisioterapeutas a domicilio de Madrid que est\u00e1n inscritos en sus respectivos colegios profesionales dependen del <a href=\"http:\/\/www.consejo-fisioterapia.org\/\" target=\"_blank\">consejo de colegios profesionales de fisioterapia<\/a>.<\/p>\n<p style=\"text-align: justify;\">La importancia de estar colegiado es fundamental en el plano sanitario. Es un requisito indispensable para todos los profesionales del sector sanitario porque garantiza a la poblaci\u00f3n que est\u00e1 en manos de trabajadores formados, que cumplen los c\u00f3digos deontol\u00f3gicos y que se comprometen a mejorar de forma constante su formaci\u00f3n para que el desempe\u00f1o de la fisioterapia sea cada d\u00eda m\u00e1s avanzado.<\/p>\n<p style=\"text-align: justify;\">Por otro lado, al estar inscritos en el <strong>colegio profesional de Madrid<\/strong> los miembros del equipo de fisioterapeutas de Fisiohogar Madrid pueden realizar distintos cursos de formaci\u00f3n y talleres de postgrado que contribuyen a mejorar su capacitaci\u00f3n, a conocer las \u00faltimas novedades del sector y a asegurar as\u00ed su profesionalidad.<\/p>\n<p style=\"text-align: justify;\">El objetivo \u00faltimo de contar con fisioterapeutas colegiados es poder garantizar a los pacientes que van a recibir un trato profesional, con personal formado y experimentado, ya que actualmente existe un gran vac\u00edo legal respecto a las profesiones para-sanitarias. Todo esto se traduce en la incursi\u00f3n en la pr\u00e1ctica de la fisioterapia de figuras que, con t\u00edtulos no reconocidos, ofrecen servicios para los que no est\u00e1n capacitados ni avalados.<\/p>\n","protected":false},"excerpt":{"rendered":"<p>La profesionalidad de los miembros del equipo de fisioterapeutas de Fisiohogar Madrid sur est\u00e1 avalada por el colegio de fisioterapeutas de Madrid. Todos ellos han obtenido previamente su graduado o diplomatura que certifica su  [&#8230;]<\/p>\n","protected":false},"author":1,"featured_media":0,"parent":0,"menu_order":0,"comment_status":"closed","ping_status":"closed","template":"template-full.php","meta":{"_joinchat":[],"footnotes":""},"class_list":["post-24","page","type-page","status-publish","hentry"],"yoast_head":"<!-- This site is optimized with the Yoast SEO plugin v27.3 - https:\/\/yoast.com\/product\/yoast-seo-wordpress\/ -->\n<title>Fisioterapeutas colegiados - Fisioterapia a domicilio en Madrid<\/title>\n<meta name=\"robots\" content=\"index, follow, max-snippet:-1, max-image-preview:large, max-video-preview:-1\" \/>\n<link rel=\"canonical\" href=\"https:\/\/www.fisiohogar.com\/madrid\/fisioterapeutas-colegiados\/\" \/>\n<meta property=\"og:locale\" content=\"es_ES\" \/>\n<meta property=\"og:type\" content=\"article\" \/>\n<meta property=\"og:title\" content=\"Fisioterapeutas colegiados - Fisioterapia a domicilio en Madrid\" \/>\n<meta property=\"og:description\" content=\"La profesionalidad de los miembros del equipo de fisioterapeutas de Fisiohogar Madrid sur est\u00e1 avalada por el colegio de fisioterapeutas de Madrid. Todos ellos han obtenido previamente su graduado o diplomatura que certifica su [...]\" \/>\n<meta property=\"og:url\" content=\"https:\/\/www.fisiohogar.com\/madrid\/fisioterapeutas-colegiados\/\" \/>\n<meta property=\"og:site_name\" content=\"Fisioterapia a domicilio en Madrid\" \/>\n<meta property=\"article:modified_time\" content=\"2015-08-23T14:10:51+00:00\" \/>\n<meta property=\"og:image\" content=\"http:\/\/www.fisiohogar.com\/madrid-sur\/wp-content\/uploads\/sites\/5\/2015\/06\/fisioterapeutas-madrid-sur.jpg\" \/>\n<meta name=\"twitter:card\" content=\"summary_large_image\" \/>\n<meta name=\"twitter:label1\" content=\"Tiempo de lectura\" \/>\n\t<meta name=\"twitter:data1\" content=\"2 minutos\" \/>\n<script type=\"application\/ld+json\" class=\"yoast-schema-graph\">{\"@context\":\"https:\\\/\\\/schema.org\",\"@graph\":[{\"@type\":\"WebPage\",\"@id\":\"https:\\\/\\\/www.fisiohogar.com\\\/madrid\\\/fisioterapeutas-colegiados\\\/\",\"url\":\"https:\\\/\\\/www.fisiohogar.com\\\/madrid\\\/fisioterapeutas-colegiados\\\/\",\"name\":\"Fisioterapeutas colegiados - Fisioterapia a domicilio en Madrid\",\"isPartOf\":{\"@id\":\"https:\\\/\\\/www.fisiohogar.com\\\/madrid\\\/#website\"},\"primaryImageOfPage\":{\"@id\":\"https:\\\/\\\/www.fisiohogar.com\\\/madrid\\\/fisioterapeutas-colegiados\\\/#primaryimage\"},\"image\":{\"@id\":\"https:\\\/\\\/www.fisiohogar.com\\\/madrid\\\/fisioterapeutas-colegiados\\\/#primaryimage\"},\"thumbnailUrl\":\"http:\\\/\\\/www.fisiohogar.com\\\/madrid-sur\\\/wp-content\\\/uploads\\\/sites\\\/5\\\/2015\\\/06\\\/fisioterapeutas-madrid-sur.jpg\",\"datePublished\":\"2015-06-10T09:20:15+00:00\",\"dateModified\":\"2015-08-23T14:10:51+00:00\",\"breadcrumb\":{\"@id\":\"https:\\\/\\\/www.fisiohogar.com\\\/madrid\\\/fisioterapeutas-colegiados\\\/#breadcrumb\"},\"inLanguage\":\"es\",\"potentialAction\":[{\"@type\":\"ReadAction\",\"target\":[\"https:\\\/\\\/www.fisiohogar.com\\\/madrid\\\/fisioterapeutas-colegiados\\\/\"]}]},{\"@type\":\"ImageObject\",\"inLanguage\":\"es\",\"@id\":\"https:\\\/\\\/www.fisiohogar.com\\\/madrid\\\/fisioterapeutas-colegiados\\\/#primaryimage\",\"url\":\"http:\\\/\\\/www.fisiohogar.com\\\/madrid-sur\\\/wp-content\\\/uploads\\\/sites\\\/5\\\/2015\\\/06\\\/fisioterapeutas-madrid-sur.jpg\",\"contentUrl\":\"http:\\\/\\\/www.fisiohogar.com\\\/madrid-sur\\\/wp-content\\\/uploads\\\/sites\\\/5\\\/2015\\\/06\\\/fisioterapeutas-madrid-sur.jpg\"},{\"@type\":\"BreadcrumbList\",\"@id\":\"https:\\\/\\\/www.fisiohogar.com\\\/madrid\\\/fisioterapeutas-colegiados\\\/#breadcrumb\",\"itemListElement\":[{\"@type\":\"ListItem\",\"position\":1,\"name\":\"Portada\",\"item\":\"https:\\\/\\\/www.fisiohogar.com\\\/madrid\\\/\"},{\"@type\":\"ListItem\",\"position\":2,\"name\":\"Fisioterapeutas colegiados\"}]},{\"@type\":\"WebSite\",\"@id\":\"https:\\\/\\\/www.fisiohogar.com\\\/madrid\\\/#website\",\"url\":\"https:\\\/\\\/www.fisiohogar.com\\\/madrid\\\/\",\"name\":\"Fisioterapia a domicilio en Madrid\",\"description\":\"Fisioterapia a domicilio en Madrid\",\"potentialAction\":[{\"@type\":\"SearchAction\",\"target\":{\"@type\":\"EntryPoint\",\"urlTemplate\":\"https:\\\/\\\/www.fisiohogar.com\\\/madrid\\\/?s={search_term_string}\"},\"query-input\":{\"@type\":\"PropertyValueSpecification\",\"valueRequired\":true,\"valueName\":\"search_term_string\"}}],\"inLanguage\":\"es\"}]}<\/script>\n<!-- \/ Yoast SEO plugin. -->","yoast_head_json":{"title":"Fisioterapeutas colegiados - Fisioterapia a domicilio en Madrid","robots":{"index":"index","follow":"follow","max-snippet":"max-snippet:-1","max-image-preview":"max-image-preview:large","max-video-preview":"max-video-preview:-1"},"canonical":"https:\/\/www.fisiohogar.com\/madrid\/fisioterapeutas-colegiados\/","og_locale":"es_ES","og_type":"article","og_title":"Fisioterapeutas colegiados - Fisioterapia a domicilio en Madrid","og_description":"La profesionalidad de los miembros del equipo de fisioterapeutas de Fisiohogar Madrid sur est\u00e1 avalada por el colegio de fisioterapeutas de Madrid. Todos ellos han obtenido previamente su graduado o diplomatura que certifica su [...]","og_url":"https:\/\/www.fisiohogar.com\/madrid\/fisioterapeutas-colegiados\/","og_site_name":"Fisioterapia a domicilio en Madrid","article_modified_time":"2015-08-23T14:10:51+00:00","og_image":[{"url":"http:\/\/www.fisiohogar.com\/madrid-sur\/wp-content\/uploads\/sites\/5\/2015\/06\/fisioterapeutas-madrid-sur.jpg","type":"","width":"","height":""}],"twitter_card":"summary_large_image","twitter_misc":{"Tiempo de lectura":"2 minutos"},"schema":{"@context":"https:\/\/schema.org","@graph":[{"@type":"WebPage","@id":"https:\/\/www.fisiohogar.com\/madrid\/fisioterapeutas-colegiados\/","url":"https:\/\/www.fisiohogar.com\/madrid\/fisioterapeutas-colegiados\/","name":"Fisioterapeutas colegiados - Fisioterapia a domicilio en Madrid","isPartOf":{"@id":"https:\/\/www.fisiohogar.com\/madrid\/#website"},"primaryImageOfPage":{"@id":"https:\/\/www.fisiohogar.com\/madrid\/fisioterapeutas-colegiados\/#primaryimage"},"image":{"@id":"https:\/\/www.fisiohogar.com\/madrid\/fisioterapeutas-colegiados\/#primaryimage"},"thumbnailUrl":"http:\/\/www.fisiohogar.com\/madrid-sur\/wp-content\/uploads\/sites\/5\/2015\/06\/fisioterapeutas-madrid-sur.jpg","datePublished":"2015-06-10T09:20:15+00:00","dateModified":"2015-08-23T14:10:51+00:00","breadcrumb":{"@id":"https:\/\/www.fisiohogar.com\/madrid\/fisioterapeutas-colegiados\/#breadcrumb"},"inLanguage":"es","potentialAction":[{"@type":"ReadAction","target":["https:\/\/www.fisiohogar.com\/madrid\/fisioterapeutas-colegiados\/"]}]},{"@type":"ImageObject","inLanguage":"es","@id":"https:\/\/www.fisiohogar.com\/madrid\/fisioterapeutas-colegiados\/#primaryimage","url":"http:\/\/www.fisiohogar.com\/madrid-sur\/wp-content\/uploads\/sites\/5\/2015\/06\/fisioterapeutas-madrid-sur.jpg","contentUrl":"http:\/\/www.fisiohogar.com\/madrid-sur\/wp-content\/uploads\/sites\/5\/2015\/06\/fisioterapeutas-madrid-sur.jpg"},{"@type":"BreadcrumbList","@id":"https:\/\/www.fisiohogar.com\/madrid\/fisioterapeutas-colegiados\/#breadcrumb","itemListElement":[{"@type":"ListItem","position":1,"name":"Portada","item":"https:\/\/www.fisiohogar.com\/madrid\/"},{"@type":"ListItem","position":2,"name":"Fisioterapeutas colegiados"}]},{"@type":"WebSite","@id":"https:\/\/www.fisiohogar.com\/madrid\/#website","url":"https:\/\/www.fisiohogar.com\/madrid\/","name":"Fisioterapia a domicilio en Madrid","description":"Fisioterapia a domicilio en Madrid","potentialAction":[{"@type":"SearchAction","target":{"@type":"EntryPoint","urlTemplate":"https:\/\/www.fisiohogar.com\/madrid\/?s={search_term_string}"},"query-input":{"@type":"PropertyValueSpecification","valueRequired":true,"valueName":"search_term_string"}}],"inLanguage":"es"}]}},"_links":{"self":[{"href":"https:\/\/www.fisiohogar.com\/madrid\/wp-json\/wp\/v2\/pages\/24","targetHints":{"allow":["GET"]}}],"collection":[{"href":"https:\/\/www.fisiohogar.com\/madrid\/wp-json\/wp\/v2\/pages"}],"about":[{"href":"https:\/\/www.fisiohogar.com\/madrid\/wp-json\/wp\/v2\/types\/page"}],"author":[{"embeddable":true,"href":"https:\/\/www.fisiohogar.com\/madrid\/wp-json\/wp\/v2\/users\/1"}],"replies":[{"embeddable":true,"href":"https:\/\/www.fisiohogar.com\/madrid\/wp-json\/wp\/v2\/comments?post=24"}],"version-history":[{"count":0,"href":"https:\/\/www.fisiohogar.com\/madrid\/wp-json\/wp\/v2\/pages\/24\/revisions"}],"wp:attachment":[{"href":"https:\/\/www.fisiohogar.com\/madrid\/wp-json\/wp\/v2\/media?parent=24"}],"curies":[{"name":"wp","href":"https:\/\/api.w.org\/{rel}","templated":true}]}}