{"id":87,"date":"2015-03-27T11:32:51","date_gmt":"2015-03-27T11:32:51","guid":{"rendered":"http:\/\/www.fisiohogar.com\/bilbao\/?page_id=87"},"modified":"2024-09-04T08:24:32","modified_gmt":"2024-09-04T08:24:32","slug":"atencion-a-nuestros-mayores","status":"publish","type":"page","link":"https:\/\/www.fisiohogar.com\/bilbao\/es\/atencion-a-nuestros-mayores\/","title":{"rendered":"Atenci\u00f3n a nuestros mayores"},"content":{"rendered":"<p style=\"text-align: justify;\">La atenci\u00f3n a la tercera edad es uno de los campos principales de nuestra actuaci\u00f3n como fisioterapeutas. El proceso de envejecimiento natural del organismo produce una serie de cambios que provocan dolencias, enlentecimiento, debilidad muscular y problemas de estabilidad.<\/p>\n<p style=\"text-align: justify;\">El trabajo de los fisioterapeutas a domicilio en este campo comienza siempre con una valoraci\u00f3n individualizada de la situaci\u00f3n personal. Despu\u00e9s de hablar con los pacientes y las familias, se establece un plan de tratamiento para cumplir los objetivos principales.<\/p>\n<p style=\"text-align: justify;\"><img decoding=\"async\" class=\"aligncenter size-full wp-image-107\" src=\"https:\/\/www.fisiohogar.com\/bilbao\/wp-content\/uploads\/sites\/3\/2015\/03\/fisioterapia-mayores1.jpg\" alt=\"fisioterapia-mayores\" width=\"830\" height=\"553\" srcset=\"https:\/\/www.fisiohogar.com\/bilbao\/wp-content\/uploads\/sites\/3\/2015\/03\/fisioterapia-mayores1-300x200.jpg 300w, https:\/\/www.fisiohogar.com\/bilbao\/wp-content\/uploads\/sites\/3\/2015\/03\/fisioterapia-mayores1.jpg 830w\" sizes=\"(max-width: 830px) 100vw, 830px\" \/><\/p>\n<p style=\"text-align: justify;\"><strong>Patolog\u00edas<\/strong><\/p>\n<p style=\"text-align: justify;\">Las patolog\u00edas m\u00e1s habituales a la hora de tratar a pacientes mayores son varias.<\/p>\n<ul style=\"text-align: justify;\">\n<li>Recuperaciones tras cirug\u00edas y operaciones<\/li>\n<li>Recuperaci\u00f3n tras ca\u00eddas<\/li>\n<li>Procesos de enfermedades degenerativas, Alzheimer, Parkinson<\/li>\n<li>Artrosis, hombros congelados, dolores generales.<\/li>\n<li>Enfermedades neurol\u00f3gicas<\/li>\n<\/ul>\n<p style=\"text-align: justify;\"><strong>Las t\u00e9cnicas empleadas<\/strong><\/p>\n<p style=\"text-align: justify;\">depender\u00e1n del grado de patolog\u00eda de la persona. Aqu\u00ed podemos utilizar las movilizaciones pasivas o activo \u2013 resistidas, masoterapia, Kabat, electroterapia, termoterapia, ejercicios activos y espec\u00edficos de circulaci\u00f3n o coordinaci\u00f3n.Para llevar a cabo este programa de ejercicios es fundamental la implicaci\u00f3n voluntaria y activa por parte del paciente y de su entorno familiar y social.<\/p>\n<p style=\"text-align: justify;\">El fisioterapeuta tras la valoraci\u00f3n plantea un programa de trabajo y ejercicios encaminados a la recuperaci\u00f3n del paciente y una vez aprobado se comienza en trabajo y se va evaluando continuamente para adaptarlo a las mejoras producidas.<\/p>\n<p style=\"text-align: justify;\"><strong>Filosof\u00eda de trabajo<\/strong><\/p>\n<p style=\"text-align: justify;\">Nuestra filosof\u00eda de trabajo se puede resumir en tres palabras: Sencillez, honradez y transparencia. Ofrecemos tratamientos de fisioterapia encaminados a mejorar la calidad de vida de los pacientes, conocemos nuestros l\u00edmites y comunicamos continuamente con los pacientes y sus familiares para que reciban el mejor tratamiento posible.<\/p>\n<p style=\"text-align: justify;\"><strong>Contacta con nosotros<\/strong><\/p>\n<p style=\"text-align: justify;\">Si tienes alguna patolog\u00eda asociada con la edad o tienes alg\u00fan familiar que la padece, no dudes en contactar con nosotros para que te asesoremos y nos acercaremos a tu domicilio para realizar una valoraci\u00f3n sin compromiso.<\/p>\n","protected":false},"excerpt":{"rendered":"<p>La atenci\u00f3n a la tercera edad es uno de los campos principales de nuestra actuaci\u00f3n como fisioterapeutas. El proceso de envejecimiento natural del organismo produce una serie de cambios que provocan dolencias, enlentecimiento, debilidad  [&#8230;]<\/p>\n","protected":false},"author":1,"featured_media":0,"parent":0,"menu_order":0,"comment_status":"closed","ping_status":"closed","template":"","meta":{"_joinchat":[],"footnotes":""},"class_list":["post-87","page","type-page","status-publish","hentry"],"yoast_head":"<!-- This site is optimized with the Yoast SEO plugin v27.4 - https:\/\/yoast.com\/product\/yoast-seo-wordpress\/ -->\n<title>Atenci\u00f3n a nuestros mayores - Fisioterapeutas en Bilbao<\/title>\n<meta name=\"robots\" content=\"index, follow, max-snippet:-1, max-image-preview:large, max-video-preview:-1\" \/>\n<link rel=\"canonical\" href=\"https:\/\/www.fisiohogar.com\/bilbao\/es\/atencion-a-nuestros-mayores\/\" \/>\n<meta property=\"og:locale\" content=\"es_ES\" \/>\n<meta property=\"og:type\" content=\"article\" \/>\n<meta property=\"og:title\" content=\"Atenci\u00f3n a nuestros mayores - Fisioterapeutas en Bilbao\" \/>\n<meta property=\"og:description\" content=\"La atenci\u00f3n a la tercera edad es uno de los campos principales de nuestra actuaci\u00f3n como fisioterapeutas. El proceso de envejecimiento natural del organismo produce una serie de cambios que provocan dolencias, enlentecimiento, debilidad [...]\" \/>\n<meta property=\"og:url\" content=\"https:\/\/www.fisiohogar.com\/bilbao\/es\/atencion-a-nuestros-mayores\/\" \/>\n<meta property=\"og:site_name\" content=\"Fisioterapeutas en Bilbao\" \/>\n<meta property=\"article:modified_time\" content=\"2024-09-04T08:24:32+00:00\" \/>\n<meta property=\"og:image\" content=\"https:\/\/www.fisiohogar.com\/bilbao\/wp-content\/uploads\/sites\/3\/2015\/03\/fisioterapia-mayores1.jpg\" \/>\n<meta name=\"twitter:card\" content=\"summary_large_image\" \/>\n<meta name=\"twitter:label1\" content=\"Tiempo de lectura\" \/>\n\t<meta name=\"twitter:data1\" content=\"2 minutos\" \/>\n<script type=\"application\/ld+json\" class=\"yoast-schema-graph\">{\"@context\":\"https:\\\/\\\/schema.org\",\"@graph\":[{\"@type\":\"WebPage\",\"@id\":\"https:\\\/\\\/www.fisiohogar.com\\\/bilbao\\\/es\\\/atencion-a-nuestros-mayores\\\/\",\"url\":\"https:\\\/\\\/www.fisiohogar.com\\\/bilbao\\\/es\\\/atencion-a-nuestros-mayores\\\/\",\"name\":\"Atenci\u00f3n a nuestros mayores - Fisioterapeutas en Bilbao\",\"isPartOf\":{\"@id\":\"https:\\\/\\\/www.fisiohogar.com\\\/bilbao\\\/#website\"},\"primaryImageOfPage\":{\"@id\":\"https:\\\/\\\/www.fisiohogar.com\\\/bilbao\\\/es\\\/atencion-a-nuestros-mayores\\\/#primaryimage\"},\"image\":{\"@id\":\"https:\\\/\\\/www.fisiohogar.com\\\/bilbao\\\/es\\\/atencion-a-nuestros-mayores\\\/#primaryimage\"},\"thumbnailUrl\":\"https:\\\/\\\/www.fisiohogar.com\\\/bilbao\\\/wp-content\\\/uploads\\\/sites\\\/3\\\/2015\\\/03\\\/fisioterapia-mayores1.jpg\",\"datePublished\":\"2015-03-27T11:32:51+00:00\",\"dateModified\":\"2024-09-04T08:24:32+00:00\",\"breadcrumb\":{\"@id\":\"https:\\\/\\\/www.fisiohogar.com\\\/bilbao\\\/es\\\/atencion-a-nuestros-mayores\\\/#breadcrumb\"},\"inLanguage\":\"es\",\"potentialAction\":[{\"@type\":\"ReadAction\",\"target\":[\"https:\\\/\\\/www.fisiohogar.com\\\/bilbao\\\/es\\\/atencion-a-nuestros-mayores\\\/\"]}]},{\"@type\":\"ImageObject\",\"inLanguage\":\"es\",\"@id\":\"https:\\\/\\\/www.fisiohogar.com\\\/bilbao\\\/es\\\/atencion-a-nuestros-mayores\\\/#primaryimage\",\"url\":\"https:\\\/\\\/www.fisiohogar.com\\\/bilbao\\\/wp-content\\\/uploads\\\/sites\\\/3\\\/2015\\\/03\\\/fisioterapia-mayores1.jpg\",\"contentUrl\":\"https:\\\/\\\/www.fisiohogar.com\\\/bilbao\\\/wp-content\\\/uploads\\\/sites\\\/3\\\/2015\\\/03\\\/fisioterapia-mayores1.jpg\",\"width\":830,\"height\":553},{\"@type\":\"BreadcrumbList\",\"@id\":\"https:\\\/\\\/www.fisiohogar.com\\\/bilbao\\\/es\\\/atencion-a-nuestros-mayores\\\/#breadcrumb\",\"itemListElement\":[{\"@type\":\"ListItem\",\"position\":1,\"name\":\"Azala\",\"item\":\"https:\\\/\\\/www.fisiohogar.com\\\/bilbao\\\/es\\\/inicio\\\/\"},{\"@type\":\"ListItem\",\"position\":2,\"name\":\"Atenci\u00f3n a nuestros mayores\"}]},{\"@type\":\"WebSite\",\"@id\":\"https:\\\/\\\/www.fisiohogar.com\\\/bilbao\\\/#website\",\"url\":\"https:\\\/\\\/www.fisiohogar.com\\\/bilbao\\\/\",\"name\":\"Fisioterapeutas en Bilbao\",\"description\":\"Fisioterapia a domicilio en Bilbao\",\"potentialAction\":[{\"@type\":\"SearchAction\",\"target\":{\"@type\":\"EntryPoint\",\"urlTemplate\":\"https:\\\/\\\/www.fisiohogar.com\\\/bilbao\\\/?s={search_term_string}\"},\"query-input\":{\"@type\":\"PropertyValueSpecification\",\"valueRequired\":true,\"valueName\":\"search_term_string\"}}],\"inLanguage\":\"es\"}]}<\/script>\n<!-- \/ Yoast SEO plugin. -->","yoast_head_json":{"title":"Atenci\u00f3n a nuestros mayores - Fisioterapeutas en Bilbao","robots":{"index":"index","follow":"follow","max-snippet":"max-snippet:-1","max-image-preview":"max-image-preview:large","max-video-preview":"max-video-preview:-1"},"canonical":"https:\/\/www.fisiohogar.com\/bilbao\/es\/atencion-a-nuestros-mayores\/","og_locale":"es_ES","og_type":"article","og_title":"Atenci\u00f3n a nuestros mayores - Fisioterapeutas en Bilbao","og_description":"La atenci\u00f3n a la tercera edad es uno de los campos principales de nuestra actuaci\u00f3n como fisioterapeutas. El proceso de envejecimiento natural del organismo produce una serie de cambios que provocan dolencias, enlentecimiento, debilidad [...]","og_url":"https:\/\/www.fisiohogar.com\/bilbao\/es\/atencion-a-nuestros-mayores\/","og_site_name":"Fisioterapeutas en Bilbao","article_modified_time":"2024-09-04T08:24:32+00:00","og_image":[{"url":"https:\/\/www.fisiohogar.com\/bilbao\/wp-content\/uploads\/sites\/3\/2015\/03\/fisioterapia-mayores1.jpg","type":"","width":"","height":""}],"twitter_card":"summary_large_image","twitter_misc":{"Tiempo de lectura":"2 minutos"},"schema":{"@context":"https:\/\/schema.org","@graph":[{"@type":"WebPage","@id":"https:\/\/www.fisiohogar.com\/bilbao\/es\/atencion-a-nuestros-mayores\/","url":"https:\/\/www.fisiohogar.com\/bilbao\/es\/atencion-a-nuestros-mayores\/","name":"Atenci\u00f3n a nuestros mayores - Fisioterapeutas en Bilbao","isPartOf":{"@id":"https:\/\/www.fisiohogar.com\/bilbao\/#website"},"primaryImageOfPage":{"@id":"https:\/\/www.fisiohogar.com\/bilbao\/es\/atencion-a-nuestros-mayores\/#primaryimage"},"image":{"@id":"https:\/\/www.fisiohogar.com\/bilbao\/es\/atencion-a-nuestros-mayores\/#primaryimage"},"thumbnailUrl":"https:\/\/www.fisiohogar.com\/bilbao\/wp-content\/uploads\/sites\/3\/2015\/03\/fisioterapia-mayores1.jpg","datePublished":"2015-03-27T11:32:51+00:00","dateModified":"2024-09-04T08:24:32+00:00","breadcrumb":{"@id":"https:\/\/www.fisiohogar.com\/bilbao\/es\/atencion-a-nuestros-mayores\/#breadcrumb"},"inLanguage":"es","potentialAction":[{"@type":"ReadAction","target":["https:\/\/www.fisiohogar.com\/bilbao\/es\/atencion-a-nuestros-mayores\/"]}]},{"@type":"ImageObject","inLanguage":"es","@id":"https:\/\/www.fisiohogar.com\/bilbao\/es\/atencion-a-nuestros-mayores\/#primaryimage","url":"https:\/\/www.fisiohogar.com\/bilbao\/wp-content\/uploads\/sites\/3\/2015\/03\/fisioterapia-mayores1.jpg","contentUrl":"https:\/\/www.fisiohogar.com\/bilbao\/wp-content\/uploads\/sites\/3\/2015\/03\/fisioterapia-mayores1.jpg","width":830,"height":553},{"@type":"BreadcrumbList","@id":"https:\/\/www.fisiohogar.com\/bilbao\/es\/atencion-a-nuestros-mayores\/#breadcrumb","itemListElement":[{"@type":"ListItem","position":1,"name":"Azala","item":"https:\/\/www.fisiohogar.com\/bilbao\/es\/inicio\/"},{"@type":"ListItem","position":2,"name":"Atenci\u00f3n a nuestros mayores"}]},{"@type":"WebSite","@id":"https:\/\/www.fisiohogar.com\/bilbao\/#website","url":"https:\/\/www.fisiohogar.com\/bilbao\/","name":"Fisioterapeutas en Bilbao","description":"Fisioterapia a domicilio en Bilbao","potentialAction":[{"@type":"SearchAction","target":{"@type":"EntryPoint","urlTemplate":"https:\/\/www.fisiohogar.com\/bilbao\/?s={search_term_string}"},"query-input":{"@type":"PropertyValueSpecification","valueRequired":true,"valueName":"search_term_string"}}],"inLanguage":"es"}]}},"_links":{"self":[{"href":"https:\/\/www.fisiohogar.com\/bilbao\/wp-json\/wp\/v2\/pages\/87","targetHints":{"allow":["GET"]}}],"collection":[{"href":"https:\/\/www.fisiohogar.com\/bilbao\/wp-json\/wp\/v2\/pages"}],"about":[{"href":"https:\/\/www.fisiohogar.com\/bilbao\/wp-json\/wp\/v2\/types\/page"}],"author":[{"embeddable":true,"href":"https:\/\/www.fisiohogar.com\/bilbao\/wp-json\/wp\/v2\/users\/1"}],"replies":[{"embeddable":true,"href":"https:\/\/www.fisiohogar.com\/bilbao\/wp-json\/wp\/v2\/comments?post=87"}],"version-history":[{"count":1,"href":"https:\/\/www.fisiohogar.com\/bilbao\/wp-json\/wp\/v2\/pages\/87\/revisions"}],"predecessor-version":[{"id":5399,"href":"https:\/\/www.fisiohogar.com\/bilbao\/wp-json\/wp\/v2\/pages\/87\/revisions\/5399"}],"wp:attachment":[{"href":"https:\/\/www.fisiohogar.com\/bilbao\/wp-json\/wp\/v2\/media?parent=87"}],"curies":[{"name":"wp","href":"https:\/\/api.w.org\/{rel}","templated":true}]}}