{"id":74,"date":"2015-02-25T12:29:35","date_gmt":"2015-02-25T12:29:35","guid":{"rendered":"http:\/\/www.fisiohogar.com\/bilbao\/?page_id=74"},"modified":"2024-09-04T08:25:38","modified_gmt":"2024-09-04T08:25:38","slug":"fisioterapia-neurologica","status":"publish","type":"page","link":"https:\/\/www.fisiohogar.com\/bilbao\/es\/fisioterapia-neurologica\/","title":{"rendered":"Fisioterapia neurol\u00f3gica"},"content":{"rendered":"<p style=\"text-align: justify;\"><strong>La fisioterapia neurol\u00f3gica\u00a0en Bilbao<\/strong><br \/>\nEs una de nuestras especialidades m\u00e1s demandadas. El servicio que ofrece Fisiohogar a todos los pacientes con afecciones neurol\u00f3gicas les permite recibir tratamiento en la comodidad de su hogar en Bilbao y todas las localidades pr\u00f3ximas.<\/p>\n<p style=\"text-align: justify;\"><strong>Patolog\u00edas<\/strong><br \/>\nEl campo de la fisioterapia neurol\u00f3gica es muy amplio e incluye patolog\u00edas muy diversas como la esclerosis m\u00faltiple, el Parkinson, la par\u00e1lisis cerebral infantil, las hemiplejias, distrofias musculares, recuperaci\u00f3n tras ICTUS, lesiones medulares, Traumat\u00edsmos craneoencef\u00e1licos, Espasticidad, Ataxias, esclerosis lateral amiotr\u00f3fica (ELA). Enfermedades neuromusuculares (Duchenne, Steinert, Charcont Marie Tooth, distrofia muscular de cinturas), estado vegetativo, trastornos del sistema nervioso asociados a la edad.<\/p>\n<p style=\"text-align: justify;\"><img decoding=\"async\" class=\"aligncenter size-full wp-image-109\" src=\"https:\/\/www.fisiohogar.com\/bilbao\/wp-content\/uploads\/sites\/3\/2015\/02\/fisioterapia-neurologica1.jpg\" alt=\"fisioterapia-neurologica\" width=\"830\" height=\"553\" srcset=\"https:\/\/www.fisiohogar.com\/bilbao\/wp-content\/uploads\/sites\/3\/2015\/02\/fisioterapia-neurologica1-300x200.jpg 300w, https:\/\/www.fisiohogar.com\/bilbao\/wp-content\/uploads\/sites\/3\/2015\/02\/fisioterapia-neurologica1.jpg 830w\" sizes=\"(max-width: 830px) 100vw, 830px\" \/><\/p>\n<p style=\"text-align: justify;\"><strong>T\u00e9cnicas de tratamiento<\/strong><br \/>\nLos fisioterapeutas podemos utilizar t\u00e9cnicas diversas para ayudar a nuestros pacientes a recuperar funciones perdidas, mantener las funciones adquiridas y ralentizar el avance de ciertas patolog\u00edas. El objetivo principal de nuestros fisioterapeutas a domicilio es mejorar la calidad de vida del paciente y en la medida de lo posible potenciar su autonom\u00eda personal.<br \/>\nPara lograr nuestros objetivos es fundamental lograr una implicaci\u00f3n activa del paciente o de su entorno familiar que nos permitir\u00e1 continuar con las pautas establecidas m\u00e1s all\u00e1 del tiempo de sesi\u00f3n con el paciente.<br \/>\nNuestro equipo de fisioterapeutas en Bilbao trabaja con t\u00e9cnicas como Bobath, neurodin\u00e1mica, Kabat, ejercicios de propiocepci\u00f3n, vojta, Perfetti, movilizaciones activas y pasivas, estiramientos, etc.<br \/>\nTodas estas t\u00e9cnicas son pautadas y desarrolladas con un plan de tratamiento de forma secuencial.<\/p>\n<p style=\"text-align: justify;\"><strong>Filosof\u00eda de trabajo<\/strong><br \/>\nEn el caso de pacientes neurol\u00f3gicos realizamos una valoraci\u00f3n a domicilio para poder conocer al paciente y todo su historial as\u00ed como plantear un plan de trabajo de acuerdo con los objetivos del paciente y de su entorno familiar. En esta valoraci\u00f3n obtendremos la informaci\u00f3n necesaria para poder personalizar el tratamiento y la oferta de sesiones semanales necesarias para llevarlo a buen t\u00e9rmino.<\/p>\n<p style=\"text-align: justify;\"><strong>Contacta con nosotros<\/strong><br \/>\nSi desea ampliar cualquier informaci\u00f3n o quiere que vayamos a realizar una valoraci\u00f3n de su caso, no dude en ponerse en contacto con nosotros.<\/p>\n","protected":false},"excerpt":{"rendered":"<p>La fisioterapia neurol\u00f3gica\u00a0en Bilbao Es una de nuestras especialidades m\u00e1s demandadas. El servicio que ofrece Fisiohogar a todos los pacientes con afecciones neurol\u00f3gicas les permite recibir tratamiento en la comodidad de su hogar en  [&#8230;]<\/p>\n","protected":false},"author":1,"featured_media":0,"parent":0,"menu_order":0,"comment_status":"closed","ping_status":"closed","template":"","meta":{"_joinchat":[],"footnotes":""},"class_list":["post-74","page","type-page","status-publish","hentry"],"yoast_head":"<!-- This site is optimized with the Yoast SEO plugin v27.4 - https:\/\/yoast.com\/product\/yoast-seo-wordpress\/ -->\n<title>Fisioterapia neurol\u00f3gica - Fisioterapeutas en Bilbao<\/title>\n<meta name=\"robots\" content=\"index, follow, max-snippet:-1, max-image-preview:large, max-video-preview:-1\" \/>\n<link rel=\"canonical\" href=\"https:\/\/www.fisiohogar.com\/bilbao\/es\/fisioterapia-neurologica\/\" \/>\n<meta property=\"og:locale\" content=\"es_ES\" \/>\n<meta property=\"og:type\" content=\"article\" \/>\n<meta property=\"og:title\" content=\"Fisioterapia neurol\u00f3gica - Fisioterapeutas en Bilbao\" \/>\n<meta property=\"og:description\" content=\"La fisioterapia neurol\u00f3gica\u00a0en Bilbao Es una de nuestras especialidades m\u00e1s demandadas. El servicio que ofrece Fisiohogar a todos los pacientes con afecciones neurol\u00f3gicas les permite recibir tratamiento en la comodidad de su hogar en [...]\" \/>\n<meta property=\"og:url\" content=\"https:\/\/www.fisiohogar.com\/bilbao\/es\/fisioterapia-neurologica\/\" \/>\n<meta property=\"og:site_name\" content=\"Fisioterapeutas en Bilbao\" \/>\n<meta property=\"article:modified_time\" content=\"2024-09-04T08:25:38+00:00\" \/>\n<meta property=\"og:image\" content=\"https:\/\/www.fisiohogar.com\/bilbao\/wp-content\/uploads\/sites\/3\/2015\/02\/fisioterapia-neurologica1.jpg\" \/>\n<meta name=\"twitter:card\" content=\"summary_large_image\" \/>\n<meta name=\"twitter:label1\" content=\"Tiempo de lectura\" \/>\n\t<meta name=\"twitter:data1\" content=\"2 minutos\" \/>\n<script type=\"application\/ld+json\" class=\"yoast-schema-graph\">{\"@context\":\"https:\\\/\\\/schema.org\",\"@graph\":[{\"@type\":\"WebPage\",\"@id\":\"https:\\\/\\\/www.fisiohogar.com\\\/bilbao\\\/es\\\/fisioterapia-neurologica\\\/\",\"url\":\"https:\\\/\\\/www.fisiohogar.com\\\/bilbao\\\/es\\\/fisioterapia-neurologica\\\/\",\"name\":\"Fisioterapia neurol\u00f3gica - Fisioterapeutas en Bilbao\",\"isPartOf\":{\"@id\":\"https:\\\/\\\/www.fisiohogar.com\\\/bilbao\\\/#website\"},\"primaryImageOfPage\":{\"@id\":\"https:\\\/\\\/www.fisiohogar.com\\\/bilbao\\\/es\\\/fisioterapia-neurologica\\\/#primaryimage\"},\"image\":{\"@id\":\"https:\\\/\\\/www.fisiohogar.com\\\/bilbao\\\/es\\\/fisioterapia-neurologica\\\/#primaryimage\"},\"thumbnailUrl\":\"https:\\\/\\\/www.fisiohogar.com\\\/bilbao\\\/wp-content\\\/uploads\\\/sites\\\/3\\\/2015\\\/02\\\/fisioterapia-neurologica1.jpg\",\"datePublished\":\"2015-02-25T12:29:35+00:00\",\"dateModified\":\"2024-09-04T08:25:38+00:00\",\"breadcrumb\":{\"@id\":\"https:\\\/\\\/www.fisiohogar.com\\\/bilbao\\\/es\\\/fisioterapia-neurologica\\\/#breadcrumb\"},\"inLanguage\":\"es\",\"potentialAction\":[{\"@type\":\"ReadAction\",\"target\":[\"https:\\\/\\\/www.fisiohogar.com\\\/bilbao\\\/es\\\/fisioterapia-neurologica\\\/\"]}]},{\"@type\":\"ImageObject\",\"inLanguage\":\"es\",\"@id\":\"https:\\\/\\\/www.fisiohogar.com\\\/bilbao\\\/es\\\/fisioterapia-neurologica\\\/#primaryimage\",\"url\":\"https:\\\/\\\/www.fisiohogar.com\\\/bilbao\\\/wp-content\\\/uploads\\\/sites\\\/3\\\/2015\\\/02\\\/fisioterapia-neurologica1.jpg\",\"contentUrl\":\"https:\\\/\\\/www.fisiohogar.com\\\/bilbao\\\/wp-content\\\/uploads\\\/sites\\\/3\\\/2015\\\/02\\\/fisioterapia-neurologica1.jpg\",\"width\":830,\"height\":553},{\"@type\":\"BreadcrumbList\",\"@id\":\"https:\\\/\\\/www.fisiohogar.com\\\/bilbao\\\/es\\\/fisioterapia-neurologica\\\/#breadcrumb\",\"itemListElement\":[{\"@type\":\"ListItem\",\"position\":1,\"name\":\"Azala\",\"item\":\"https:\\\/\\\/www.fisiohogar.com\\\/bilbao\\\/es\\\/inicio\\\/\"},{\"@type\":\"ListItem\",\"position\":2,\"name\":\"Fisioterapia neurol\u00f3gica\"}]},{\"@type\":\"WebSite\",\"@id\":\"https:\\\/\\\/www.fisiohogar.com\\\/bilbao\\\/#website\",\"url\":\"https:\\\/\\\/www.fisiohogar.com\\\/bilbao\\\/\",\"name\":\"Fisioterapeutas en Bilbao\",\"description\":\"Fisioterapia a domicilio en Bilbao\",\"potentialAction\":[{\"@type\":\"SearchAction\",\"target\":{\"@type\":\"EntryPoint\",\"urlTemplate\":\"https:\\\/\\\/www.fisiohogar.com\\\/bilbao\\\/?s={search_term_string}\"},\"query-input\":{\"@type\":\"PropertyValueSpecification\",\"valueRequired\":true,\"valueName\":\"search_term_string\"}}],\"inLanguage\":\"es\"}]}<\/script>\n<!-- \/ Yoast SEO plugin. -->","yoast_head_json":{"title":"Fisioterapia neurol\u00f3gica - Fisioterapeutas en Bilbao","robots":{"index":"index","follow":"follow","max-snippet":"max-snippet:-1","max-image-preview":"max-image-preview:large","max-video-preview":"max-video-preview:-1"},"canonical":"https:\/\/www.fisiohogar.com\/bilbao\/es\/fisioterapia-neurologica\/","og_locale":"es_ES","og_type":"article","og_title":"Fisioterapia neurol\u00f3gica - Fisioterapeutas en Bilbao","og_description":"La fisioterapia neurol\u00f3gica\u00a0en Bilbao Es una de nuestras especialidades m\u00e1s demandadas. El servicio que ofrece Fisiohogar a todos los pacientes con afecciones neurol\u00f3gicas les permite recibir tratamiento en la comodidad de su hogar en [...]","og_url":"https:\/\/www.fisiohogar.com\/bilbao\/es\/fisioterapia-neurologica\/","og_site_name":"Fisioterapeutas en Bilbao","article_modified_time":"2024-09-04T08:25:38+00:00","og_image":[{"url":"https:\/\/www.fisiohogar.com\/bilbao\/wp-content\/uploads\/sites\/3\/2015\/02\/fisioterapia-neurologica1.jpg","type":"","width":"","height":""}],"twitter_card":"summary_large_image","twitter_misc":{"Tiempo de lectura":"2 minutos"},"schema":{"@context":"https:\/\/schema.org","@graph":[{"@type":"WebPage","@id":"https:\/\/www.fisiohogar.com\/bilbao\/es\/fisioterapia-neurologica\/","url":"https:\/\/www.fisiohogar.com\/bilbao\/es\/fisioterapia-neurologica\/","name":"Fisioterapia neurol\u00f3gica - Fisioterapeutas en Bilbao","isPartOf":{"@id":"https:\/\/www.fisiohogar.com\/bilbao\/#website"},"primaryImageOfPage":{"@id":"https:\/\/www.fisiohogar.com\/bilbao\/es\/fisioterapia-neurologica\/#primaryimage"},"image":{"@id":"https:\/\/www.fisiohogar.com\/bilbao\/es\/fisioterapia-neurologica\/#primaryimage"},"thumbnailUrl":"https:\/\/www.fisiohogar.com\/bilbao\/wp-content\/uploads\/sites\/3\/2015\/02\/fisioterapia-neurologica1.jpg","datePublished":"2015-02-25T12:29:35+00:00","dateModified":"2024-09-04T08:25:38+00:00","breadcrumb":{"@id":"https:\/\/www.fisiohogar.com\/bilbao\/es\/fisioterapia-neurologica\/#breadcrumb"},"inLanguage":"es","potentialAction":[{"@type":"ReadAction","target":["https:\/\/www.fisiohogar.com\/bilbao\/es\/fisioterapia-neurologica\/"]}]},{"@type":"ImageObject","inLanguage":"es","@id":"https:\/\/www.fisiohogar.com\/bilbao\/es\/fisioterapia-neurologica\/#primaryimage","url":"https:\/\/www.fisiohogar.com\/bilbao\/wp-content\/uploads\/sites\/3\/2015\/02\/fisioterapia-neurologica1.jpg","contentUrl":"https:\/\/www.fisiohogar.com\/bilbao\/wp-content\/uploads\/sites\/3\/2015\/02\/fisioterapia-neurologica1.jpg","width":830,"height":553},{"@type":"BreadcrumbList","@id":"https:\/\/www.fisiohogar.com\/bilbao\/es\/fisioterapia-neurologica\/#breadcrumb","itemListElement":[{"@type":"ListItem","position":1,"name":"Azala","item":"https:\/\/www.fisiohogar.com\/bilbao\/es\/inicio\/"},{"@type":"ListItem","position":2,"name":"Fisioterapia neurol\u00f3gica"}]},{"@type":"WebSite","@id":"https:\/\/www.fisiohogar.com\/bilbao\/#website","url":"https:\/\/www.fisiohogar.com\/bilbao\/","name":"Fisioterapeutas en Bilbao","description":"Fisioterapia a domicilio en Bilbao","potentialAction":[{"@type":"SearchAction","target":{"@type":"EntryPoint","urlTemplate":"https:\/\/www.fisiohogar.com\/bilbao\/?s={search_term_string}"},"query-input":{"@type":"PropertyValueSpecification","valueRequired":true,"valueName":"search_term_string"}}],"inLanguage":"es"}]}},"_links":{"self":[{"href":"https:\/\/www.fisiohogar.com\/bilbao\/wp-json\/wp\/v2\/pages\/74","targetHints":{"allow":["GET"]}}],"collection":[{"href":"https:\/\/www.fisiohogar.com\/bilbao\/wp-json\/wp\/v2\/pages"}],"about":[{"href":"https:\/\/www.fisiohogar.com\/bilbao\/wp-json\/wp\/v2\/types\/page"}],"author":[{"embeddable":true,"href":"https:\/\/www.fisiohogar.com\/bilbao\/wp-json\/wp\/v2\/users\/1"}],"replies":[{"embeddable":true,"href":"https:\/\/www.fisiohogar.com\/bilbao\/wp-json\/wp\/v2\/comments?post=74"}],"version-history":[{"count":2,"href":"https:\/\/www.fisiohogar.com\/bilbao\/wp-json\/wp\/v2\/pages\/74\/revisions"}],"predecessor-version":[{"id":5403,"href":"https:\/\/www.fisiohogar.com\/bilbao\/wp-json\/wp\/v2\/pages\/74\/revisions\/5403"}],"wp:attachment":[{"href":"https:\/\/www.fisiohogar.com\/bilbao\/wp-json\/wp\/v2\/media?parent=74"}],"curies":[{"name":"wp","href":"https:\/\/api.w.org\/{rel}","templated":true}]}}