{"id":30,"date":"2015-01-22T13:18:33","date_gmt":"2015-01-22T13:18:33","guid":{"rendered":"http:\/\/www.fisiohogar.com\/bilbao\/?page_id=30"},"modified":"2023-03-03T19:16:35","modified_gmt":"2023-03-03T19:16:35","slug":"fisioterapeutas-en-tu-empresa","status":"publish","type":"page","link":"https:\/\/www.fisiohogar.com\/bilbao\/es\/fisioterapeutas-en-tu-empresa\/","title":{"rendered":"Fisioterapia en empresas"},"content":{"rendered":"<p style=\"text-align: justify;\">Uno de los servicios con m\u00e1s demanda en la actualidad es el de la <strong>fisioterapia en empresas<\/strong>. En fisiohogar apostamos hace ya muchos a\u00f1os por adaptar todos nuestros servicios de fisioterapia a las necesidades propias de cada empresa. <!--more--><\/p>\n<p style=\"text-align: justify;\">Para lograr esto <strong>realizamos una estudio sin ning\u00fan tipo de compromiso acerca del tipo de trabajo que se realiza en la empresa y aconsejamos las acciones m\u00e1s adecuadas encaminadas a la prevenci\u00f3n de lesiones en el \u00e1mbito laboral<\/strong>.<\/p>\n<p style=\"text-align: justify;\">Los <strong>servicios de fisioterapia en la empresa<\/strong> pueden ser m\u00faltiples, desde la implantaci\u00f3n de un servicio de fisioterapia en las oficinas hasta un servicio de fisioterapia a domicilio bonificado. Por medio de acuerdos de colaboraci\u00f3n Fisiohogar hace llegar sus servicios a las empresas en todo el pa\u00eds, ofreciendo el mejor servicio de fisioterapia a domicilio al mejor precio para los trabajadores y familiares.<\/p>\n<p style=\"text-align: justify;\"><img decoding=\"async\" class=\"aligncenter size-full wp-image-43\" src=\"http:\/\/www.fisiohogar.com\/bilbao\/wp-content\/uploads\/sites\/3\/2015\/01\/fisioterapia-empresa1.jpg\" alt=\"fisioterapia empresa\" width=\"800\" height=\"555\" srcset=\"https:\/\/www.fisiohogar.com\/bilbao\/wp-content\/uploads\/sites\/3\/2015\/01\/fisioterapia-empresa1-300x208.jpg 300w, https:\/\/www.fisiohogar.com\/bilbao\/wp-content\/uploads\/sites\/3\/2015\/01\/fisioterapia-empresa1.jpg 800w\" sizes=\"(max-width: 800px) 100vw, 800px\" \/><\/p>\n<p style=\"text-align: justify;\">Otra de las opciones que ofrecemos a nuestras empresas es la realizaci\u00f3n de <strong>talleres o seminarios te\u00f3rico-pr\u00e1cticos<\/strong> para ayudarles a reducir las lesiones musculares y prevenir el absentismo laboral. Estos talleres se adaptan y personalizan en funci\u00f3n del sector de actividad de cada empresa.<\/p>\n<p style=\"text-align: justify;\">La fisioterapia en el \u00e1mbito laboral es una herramienta perfecta para lograr m\u00faltiples objetivos como son la mejora del ambiente laboral, la disminuci\u00f3n de bajas por lesiones m\u00fasculo-esquel\u00e9ticas, la mejora en la percepci\u00f3n de la empresa por parte de los empleados y los clientes.<\/p>\n<p style=\"text-align: justify;\">Si deseas que preparemos un plan adaptado a tu empresa no tienes m\u00e1s que escribirnos y contarnos tus necesidades, nuestros fisioterapeutas se desplazar\u00e1n al domicilio de la empresa y tras recoger vuestras impresiones y necesidades, se realizar\u00e1 una propuesta de servicio.<\/p>\n","protected":false},"excerpt":{"rendered":"<p>Uno de los servicios con m\u00e1s demanda en la actualidad es el de la fisioterapia en empresas. En fisiohogar apostamos hace ya muchos a\u00f1os por adaptar todos nuestros servicios de fisioterapia a las necesidades  [&#8230;]<\/p>\n","protected":false},"author":1,"featured_media":105,"parent":0,"menu_order":0,"comment_status":"closed","ping_status":"closed","template":"template-full.php","meta":{"_joinchat":[],"footnotes":""},"class_list":["post-30","page","type-page","status-publish","has-post-thumbnail","hentry"],"yoast_head":"<!-- This site is optimized with the Yoast SEO plugin v27.4 - https:\/\/yoast.com\/product\/yoast-seo-wordpress\/ -->\n<title>Fisioterapia en empresas - Fisioterapeutas en Bilbao<\/title>\n<meta name=\"robots\" content=\"index, follow, max-snippet:-1, max-image-preview:large, max-video-preview:-1\" \/>\n<link rel=\"canonical\" href=\"https:\/\/www.fisiohogar.com\/bilbao\/es\/fisioterapeutas-en-tu-empresa\/\" \/>\n<meta property=\"og:locale\" content=\"es_ES\" \/>\n<meta property=\"og:type\" content=\"article\" \/>\n<meta property=\"og:title\" content=\"Fisioterapia en empresas - Fisioterapeutas en Bilbao\" \/>\n<meta property=\"og:description\" content=\"Uno de los servicios con m\u00e1s demanda en la actualidad es el de la fisioterapia en empresas. En fisiohogar apostamos hace ya muchos a\u00f1os por adaptar todos nuestros servicios de fisioterapia a las necesidades [...]\" \/>\n<meta property=\"og:url\" content=\"https:\/\/www.fisiohogar.com\/bilbao\/es\/fisioterapeutas-en-tu-empresa\/\" \/>\n<meta property=\"og:site_name\" content=\"Fisioterapeutas en Bilbao\" \/>\n<meta property=\"article:modified_time\" content=\"2023-03-03T19:16:35+00:00\" \/>\n<meta property=\"og:image\" content=\"https:\/\/www.fisiohogar.com\/bilbao\/wp-content\/uploads\/sites\/3\/2015\/01\/fisioterapia-empresas-e14338482737121.jpg\" \/>\n\t<meta property=\"og:image:width\" content=\"960\" \/>\n\t<meta property=\"og:image:height\" content=\"417\" \/>\n\t<meta property=\"og:image:type\" content=\"image\/jpeg\" \/>\n<meta name=\"twitter:card\" content=\"summary_large_image\" \/>\n<meta name=\"twitter:label1\" content=\"Tiempo de lectura\" \/>\n\t<meta name=\"twitter:data1\" content=\"1 minuto\" \/>\n<script type=\"application\/ld+json\" class=\"yoast-schema-graph\">{\"@context\":\"https:\\\/\\\/schema.org\",\"@graph\":[{\"@type\":\"WebPage\",\"@id\":\"https:\\\/\\\/www.fisiohogar.com\\\/bilbao\\\/es\\\/fisioterapeutas-en-tu-empresa\\\/\",\"url\":\"https:\\\/\\\/www.fisiohogar.com\\\/bilbao\\\/es\\\/fisioterapeutas-en-tu-empresa\\\/\",\"name\":\"Fisioterapia en empresas - Fisioterapeutas en Bilbao\",\"isPartOf\":{\"@id\":\"https:\\\/\\\/www.fisiohogar.com\\\/bilbao\\\/#website\"},\"primaryImageOfPage\":{\"@id\":\"https:\\\/\\\/www.fisiohogar.com\\\/bilbao\\\/es\\\/fisioterapeutas-en-tu-empresa\\\/#primaryimage\"},\"image\":{\"@id\":\"https:\\\/\\\/www.fisiohogar.com\\\/bilbao\\\/es\\\/fisioterapeutas-en-tu-empresa\\\/#primaryimage\"},\"thumbnailUrl\":\"https:\\\/\\\/www.fisiohogar.com\\\/bilbao\\\/wp-content\\\/uploads\\\/sites\\\/3\\\/2015\\\/01\\\/fisioterapia-empresas-e14338482737121.jpg\",\"datePublished\":\"2015-01-22T13:18:33+00:00\",\"dateModified\":\"2023-03-03T19:16:35+00:00\",\"breadcrumb\":{\"@id\":\"https:\\\/\\\/www.fisiohogar.com\\\/bilbao\\\/es\\\/fisioterapeutas-en-tu-empresa\\\/#breadcrumb\"},\"inLanguage\":\"es\",\"potentialAction\":[{\"@type\":\"ReadAction\",\"target\":[\"https:\\\/\\\/www.fisiohogar.com\\\/bilbao\\\/es\\\/fisioterapeutas-en-tu-empresa\\\/\"]}]},{\"@type\":\"ImageObject\",\"inLanguage\":\"es\",\"@id\":\"https:\\\/\\\/www.fisiohogar.com\\\/bilbao\\\/es\\\/fisioterapeutas-en-tu-empresa\\\/#primaryimage\",\"url\":\"https:\\\/\\\/www.fisiohogar.com\\\/bilbao\\\/wp-content\\\/uploads\\\/sites\\\/3\\\/2015\\\/01\\\/fisioterapia-empresas-e14338482737121.jpg\",\"contentUrl\":\"https:\\\/\\\/www.fisiohogar.com\\\/bilbao\\\/wp-content\\\/uploads\\\/sites\\\/3\\\/2015\\\/01\\\/fisioterapia-empresas-e14338482737121.jpg\",\"width\":960,\"height\":417},{\"@type\":\"BreadcrumbList\",\"@id\":\"https:\\\/\\\/www.fisiohogar.com\\\/bilbao\\\/es\\\/fisioterapeutas-en-tu-empresa\\\/#breadcrumb\",\"itemListElement\":[{\"@type\":\"ListItem\",\"position\":1,\"name\":\"Azala\",\"item\":\"https:\\\/\\\/www.fisiohogar.com\\\/bilbao\\\/es\\\/inicio\\\/\"},{\"@type\":\"ListItem\",\"position\":2,\"name\":\"Fisioterapia en empresas\"}]},{\"@type\":\"WebSite\",\"@id\":\"https:\\\/\\\/www.fisiohogar.com\\\/bilbao\\\/#website\",\"url\":\"https:\\\/\\\/www.fisiohogar.com\\\/bilbao\\\/\",\"name\":\"Fisioterapeutas en Bilbao\",\"description\":\"Fisioterapia a domicilio en Bilbao\",\"potentialAction\":[{\"@type\":\"SearchAction\",\"target\":{\"@type\":\"EntryPoint\",\"urlTemplate\":\"https:\\\/\\\/www.fisiohogar.com\\\/bilbao\\\/?s={search_term_string}\"},\"query-input\":{\"@type\":\"PropertyValueSpecification\",\"valueRequired\":true,\"valueName\":\"search_term_string\"}}],\"inLanguage\":\"es\"}]}<\/script>\n<!-- \/ Yoast SEO plugin. -->","yoast_head_json":{"title":"Fisioterapia en empresas - Fisioterapeutas en Bilbao","robots":{"index":"index","follow":"follow","max-snippet":"max-snippet:-1","max-image-preview":"max-image-preview:large","max-video-preview":"max-video-preview:-1"},"canonical":"https:\/\/www.fisiohogar.com\/bilbao\/es\/fisioterapeutas-en-tu-empresa\/","og_locale":"es_ES","og_type":"article","og_title":"Fisioterapia en empresas - Fisioterapeutas en Bilbao","og_description":"Uno de los servicios con m\u00e1s demanda en la actualidad es el de la fisioterapia en empresas. En fisiohogar apostamos hace ya muchos a\u00f1os por adaptar todos nuestros servicios de fisioterapia a las necesidades [...]","og_url":"https:\/\/www.fisiohogar.com\/bilbao\/es\/fisioterapeutas-en-tu-empresa\/","og_site_name":"Fisioterapeutas en Bilbao","article_modified_time":"2023-03-03T19:16:35+00:00","og_image":[{"width":960,"height":417,"url":"https:\/\/www.fisiohogar.com\/bilbao\/wp-content\/uploads\/sites\/3\/2015\/01\/fisioterapia-empresas-e14338482737121.jpg","type":"image\/jpeg"}],"twitter_card":"summary_large_image","twitter_misc":{"Tiempo de lectura":"1 minuto"},"schema":{"@context":"https:\/\/schema.org","@graph":[{"@type":"WebPage","@id":"https:\/\/www.fisiohogar.com\/bilbao\/es\/fisioterapeutas-en-tu-empresa\/","url":"https:\/\/www.fisiohogar.com\/bilbao\/es\/fisioterapeutas-en-tu-empresa\/","name":"Fisioterapia en empresas - Fisioterapeutas en Bilbao","isPartOf":{"@id":"https:\/\/www.fisiohogar.com\/bilbao\/#website"},"primaryImageOfPage":{"@id":"https:\/\/www.fisiohogar.com\/bilbao\/es\/fisioterapeutas-en-tu-empresa\/#primaryimage"},"image":{"@id":"https:\/\/www.fisiohogar.com\/bilbao\/es\/fisioterapeutas-en-tu-empresa\/#primaryimage"},"thumbnailUrl":"https:\/\/www.fisiohogar.com\/bilbao\/wp-content\/uploads\/sites\/3\/2015\/01\/fisioterapia-empresas-e14338482737121.jpg","datePublished":"2015-01-22T13:18:33+00:00","dateModified":"2023-03-03T19:16:35+00:00","breadcrumb":{"@id":"https:\/\/www.fisiohogar.com\/bilbao\/es\/fisioterapeutas-en-tu-empresa\/#breadcrumb"},"inLanguage":"es","potentialAction":[{"@type":"ReadAction","target":["https:\/\/www.fisiohogar.com\/bilbao\/es\/fisioterapeutas-en-tu-empresa\/"]}]},{"@type":"ImageObject","inLanguage":"es","@id":"https:\/\/www.fisiohogar.com\/bilbao\/es\/fisioterapeutas-en-tu-empresa\/#primaryimage","url":"https:\/\/www.fisiohogar.com\/bilbao\/wp-content\/uploads\/sites\/3\/2015\/01\/fisioterapia-empresas-e14338482737121.jpg","contentUrl":"https:\/\/www.fisiohogar.com\/bilbao\/wp-content\/uploads\/sites\/3\/2015\/01\/fisioterapia-empresas-e14338482737121.jpg","width":960,"height":417},{"@type":"BreadcrumbList","@id":"https:\/\/www.fisiohogar.com\/bilbao\/es\/fisioterapeutas-en-tu-empresa\/#breadcrumb","itemListElement":[{"@type":"ListItem","position":1,"name":"Azala","item":"https:\/\/www.fisiohogar.com\/bilbao\/es\/inicio\/"},{"@type":"ListItem","position":2,"name":"Fisioterapia en empresas"}]},{"@type":"WebSite","@id":"https:\/\/www.fisiohogar.com\/bilbao\/#website","url":"https:\/\/www.fisiohogar.com\/bilbao\/","name":"Fisioterapeutas en Bilbao","description":"Fisioterapia a domicilio en Bilbao","potentialAction":[{"@type":"SearchAction","target":{"@type":"EntryPoint","urlTemplate":"https:\/\/www.fisiohogar.com\/bilbao\/?s={search_term_string}"},"query-input":{"@type":"PropertyValueSpecification","valueRequired":true,"valueName":"search_term_string"}}],"inLanguage":"es"}]}},"_links":{"self":[{"href":"https:\/\/www.fisiohogar.com\/bilbao\/wp-json\/wp\/v2\/pages\/30","targetHints":{"allow":["GET"]}}],"collection":[{"href":"https:\/\/www.fisiohogar.com\/bilbao\/wp-json\/wp\/v2\/pages"}],"about":[{"href":"https:\/\/www.fisiohogar.com\/bilbao\/wp-json\/wp\/v2\/types\/page"}],"author":[{"embeddable":true,"href":"https:\/\/www.fisiohogar.com\/bilbao\/wp-json\/wp\/v2\/users\/1"}],"replies":[{"embeddable":true,"href":"https:\/\/www.fisiohogar.com\/bilbao\/wp-json\/wp\/v2\/comments?post=30"}],"version-history":[{"count":0,"href":"https:\/\/www.fisiohogar.com\/bilbao\/wp-json\/wp\/v2\/pages\/30\/revisions"}],"wp:featuredmedia":[{"embeddable":true,"href":"https:\/\/www.fisiohogar.com\/bilbao\/wp-json\/wp\/v2\/media\/105"}],"wp:attachment":[{"href":"https:\/\/www.fisiohogar.com\/bilbao\/wp-json\/wp\/v2\/media?parent=30"}],"curies":[{"name":"wp","href":"https:\/\/api.w.org\/{rel}","templated":true}]}}