{"id":90,"date":"2016-03-09T10:56:36","date_gmt":"2016-03-09T10:56:36","guid":{"rendered":"http:\/\/www.fisiohogar.com\/barcelona\/?page_id=25"},"modified":"2023-03-19T10:26:51","modified_gmt":"2023-03-19T10:26:51","slug":"fisioterapia-para-deportistas","status":"publish","type":"page","link":"https:\/\/www.fisiohogar.com\/barcelona\/fisioterapia-para-deportistas\/","title":{"rendered":"Fisioterapia para deportistas"},"content":{"rendered":"<p>[vc_row][vc_column][vc_column_text]<\/p>\n<h2>Queremos ser tu fisioterapeuta de cabecera en Barcelona<\/h2>\n<p>La pr\u00e1ctica del deporte es cada d\u00eda m\u00e1s frecuente en nuestras ciudades. Ya sea de manera amateur, o profesional, lo habitual es que en todas las familias haya uno o m\u00e1s deportistas, que corran, naden o les guste salir a pasear en bici.<\/p>\n<p>Aunque<strong> los beneficios de la pr\u00e1ctica de cualquier deporte<\/strong>, siempre que se realice con moderaci\u00f3n y controlando el estado de salud, son evidentes para cualquier persona que sea constante, no hay que pasar por alto que este incremento del n\u00famero de deportistas tambi\u00e9n ha ocasionado una <strong>elevaci\u00f3n notable de las lesiones<\/strong> asociadas a los mismos.<\/p>\n<p>Cualquier lesi\u00f3n mal curada, o que se repita demasiadas veces, puede ocasionar la retirada definitiva de la pr\u00e1ctica deportiva, e incluso puede que afecte al desarrollo de la vida diaria.<\/p>\n<p>En Fisiohogar queremos estar a tu lado, para que nos consideres como tu <strong>fisioterapeuta de cabecera<\/strong>, y puedas recurrir a nosotros cada vez que lo consideres necesario.<\/p>\n<p>Por nuestra experiencia en lesiones deportivas te vamos a aconsejar la mejor terapia para una r\u00e1pida y completa curaci\u00f3n. Aportaremos la soluci\u00f3n que est\u00e1s necesitando para que ninguna lesi\u00f3n haga que peligre tu pr\u00e1ctica del deporte.[\/vc_column_text][\/vc_column][\/vc_row][vc_row][vc_column][vc_single_image image=\u00bb1086&#8243; img_size=\u00bbfull\u00bb alignment=\u00bbcenter\u00bb style=\u00bbvc_box_rounded\u00bb css_animation=\u00bbbounceIn\u00bb][\/vc_column][\/vc_row][vc_row][vc_column width=\u00bb1\/2&#8243;][vc_column_text]<\/p>\n<h2>Fisioterapia en eventos deportivos<\/h2>\n<p>Si en el caso de los deportistas que practican por su cuenta cualquier deporte nos podemos desplazar a su domicilio, en el caso de los <strong>eventos o competiciones deportivas<\/strong> podemos organizar un <strong>servicio de fisioterapia<\/strong> que atienda a los participantes con sesiones de estiramientos, masajes descontracturantes o ejercicios de potenciaci\u00f3n.<\/p>\n<p>Con este servicio de fisioterapia en eventos se est\u00e1 asegurando que <strong>el riesgo de que los participantes sufran lesiones se reducir\u00e1,\u00a0<\/strong>en el caso de producirse alg\u00fan problema muscular la atenci\u00f3n ser\u00e1 r\u00e1pida\u00a0y adem\u00e1s, como beneficio complementario, se mejorar\u00e1 la imagen de la organizaci\u00f3n de ese tipo de actos.<\/p>\n<p>Si desea que le informemos con m\u00e1s detalle sobre la atenci\u00f3n domiciliaria de deportistas, o la asistencia a eventos deportivos, p\u00f3ngase en <a href=\"http:\/\/www.fisiohogar.com\/barcelona\/contacta-ahora\/\">contacto<\/a> con nosotros y resolveremos todas sus dudas.[\/vc_column_text][\/vc_column][vc_column width=\u00bb1\/2&#8243;][vc_column_text]<\/p>\n<h2>Fisioterapia para particulares<\/h2>\n<p>\u00bfHas tenido una lesi\u00f3n practicando alg\u00fan deporte?<\/p>\n<p>\u00bfTe encuentras en casa guardando reposo pero no mejoras?<\/p>\n<p>\u00bfSientes que no est\u00e1s haciendo lo correcto y temes la evoluci\u00f3n de tu lesi\u00f3n?<\/p>\n<p>No esperes m\u00e1s tiempo y contacta ahora con nosotros. Acordaremos contigo una hora y d\u00eda para desplazarnos a tu domicilio y revisar lo que te sucede, dando paso a una sesi\u00f3n de fisioterapia que empiece a traer la mejor\u00eda que necesitas. Tambi\u00e9n te aconsejaremos qu\u00e9 es lo que debes de hacer para que la recuperaci\u00f3n se produzca en el menor tiempo posible y sin riesgos de reca\u00eddas.<\/p>\n<p>Conf\u00eda en Fisiohogar.[\/vc_column_text][\/vc_column][\/vc_row]<\/p>\n","protected":false},"excerpt":{"rendered":"<p>[vc_row][vc_column][vc_column_text] Queremos ser tu fisioterapeuta de cabecera en Barcelona La pr\u00e1ctica del deporte es cada d\u00eda m\u00e1s frecuente en nuestras ciudades. Ya sea de manera amateur, o profesional, lo habitual es que en todas  [&#8230;]<\/p>\n","protected":false},"author":1,"featured_media":0,"parent":0,"menu_order":0,"comment_status":"closed","ping_status":"closed","template":"","meta":{"_joinchat":[],"footnotes":""},"class_list":["post-90","page","type-page","status-publish","hentry"],"yoast_head":"<!-- This site is optimized with the Yoast SEO plugin v27.4 - https:\/\/yoast.com\/product\/yoast-seo-wordpress\/ -->\n<title>Fisioterapia para deportistas - Barcelona<\/title>\n<meta name=\"robots\" content=\"index, follow, max-snippet:-1, max-image-preview:large, max-video-preview:-1\" \/>\n<link rel=\"canonical\" href=\"https:\/\/www.fisiohogar.com\/barcelona\/fisioterapia-para-deportistas\/\" \/>\n<meta property=\"og:locale\" content=\"es_ES\" \/>\n<meta property=\"og:type\" content=\"article\" \/>\n<meta property=\"og:title\" content=\"Fisioterapia para deportistas - Barcelona\" \/>\n<meta property=\"og:description\" content=\"[vc_row][vc_column][vc_column_text] Queremos ser tu fisioterapeuta de cabecera en Barcelona La pr\u00e1ctica del deporte es cada d\u00eda m\u00e1s frecuente en nuestras ciudades. Ya sea de manera amateur, o profesional, lo habitual es que en todas [...]\" \/>\n<meta property=\"og:url\" content=\"https:\/\/www.fisiohogar.com\/barcelona\/fisioterapia-para-deportistas\/\" \/>\n<meta property=\"og:site_name\" content=\"Barcelona\" \/>\n<meta property=\"article:modified_time\" content=\"2023-03-19T10:26:51+00:00\" \/>\n<meta name=\"twitter:card\" content=\"summary_large_image\" \/>\n<meta name=\"twitter:label1\" content=\"Tiempo de lectura\" \/>\n\t<meta name=\"twitter:data1\" content=\"3 minutos\" \/>\n<script type=\"application\/ld+json\" class=\"yoast-schema-graph\">{\"@context\":\"https:\\\/\\\/schema.org\",\"@graph\":[{\"@type\":\"WebPage\",\"@id\":\"https:\\\/\\\/www.fisiohogar.com\\\/barcelona\\\/fisioterapia-para-deportistas\\\/\",\"url\":\"https:\\\/\\\/www.fisiohogar.com\\\/barcelona\\\/fisioterapia-para-deportistas\\\/\",\"name\":\"Fisioterapia para deportistas - Barcelona\",\"isPartOf\":{\"@id\":\"https:\\\/\\\/www.fisiohogar.com\\\/barcelona\\\/#website\"},\"datePublished\":\"2016-03-09T10:56:36+00:00\",\"dateModified\":\"2023-03-19T10:26:51+00:00\",\"breadcrumb\":{\"@id\":\"https:\\\/\\\/www.fisiohogar.com\\\/barcelona\\\/fisioterapia-para-deportistas\\\/#breadcrumb\"},\"inLanguage\":\"es\",\"potentialAction\":[{\"@type\":\"ReadAction\",\"target\":[\"https:\\\/\\\/www.fisiohogar.com\\\/barcelona\\\/fisioterapia-para-deportistas\\\/\"]}]},{\"@type\":\"BreadcrumbList\",\"@id\":\"https:\\\/\\\/www.fisiohogar.com\\\/barcelona\\\/fisioterapia-para-deportistas\\\/#breadcrumb\",\"itemListElement\":[{\"@type\":\"ListItem\",\"position\":1,\"name\":\"Portada\",\"item\":\"https:\\\/\\\/www.fisiohogar.com\\\/barcelona\\\/\"},{\"@type\":\"ListItem\",\"position\":2,\"name\":\"Fisioterapia para deportistas\"}]},{\"@type\":\"WebSite\",\"@id\":\"https:\\\/\\\/www.fisiohogar.com\\\/barcelona\\\/#website\",\"url\":\"https:\\\/\\\/www.fisiohogar.com\\\/barcelona\\\/\",\"name\":\"Barcelona\",\"description\":\"Fisioterapia a domicilio en Barcelona\",\"potentialAction\":[{\"@type\":\"SearchAction\",\"target\":{\"@type\":\"EntryPoint\",\"urlTemplate\":\"https:\\\/\\\/www.fisiohogar.com\\\/barcelona\\\/?s={search_term_string}\"},\"query-input\":{\"@type\":\"PropertyValueSpecification\",\"valueRequired\":true,\"valueName\":\"search_term_string\"}}],\"inLanguage\":\"es\"}]}<\/script>\n<!-- \/ Yoast SEO plugin. -->","yoast_head_json":{"title":"Fisioterapia para deportistas - Barcelona","robots":{"index":"index","follow":"follow","max-snippet":"max-snippet:-1","max-image-preview":"max-image-preview:large","max-video-preview":"max-video-preview:-1"},"canonical":"https:\/\/www.fisiohogar.com\/barcelona\/fisioterapia-para-deportistas\/","og_locale":"es_ES","og_type":"article","og_title":"Fisioterapia para deportistas - Barcelona","og_description":"[vc_row][vc_column][vc_column_text] Queremos ser tu fisioterapeuta de cabecera en Barcelona La pr\u00e1ctica del deporte es cada d\u00eda m\u00e1s frecuente en nuestras ciudades. Ya sea de manera amateur, o profesional, lo habitual es que en todas [...]","og_url":"https:\/\/www.fisiohogar.com\/barcelona\/fisioterapia-para-deportistas\/","og_site_name":"Barcelona","article_modified_time":"2023-03-19T10:26:51+00:00","twitter_card":"summary_large_image","twitter_misc":{"Tiempo de lectura":"3 minutos"},"schema":{"@context":"https:\/\/schema.org","@graph":[{"@type":"WebPage","@id":"https:\/\/www.fisiohogar.com\/barcelona\/fisioterapia-para-deportistas\/","url":"https:\/\/www.fisiohogar.com\/barcelona\/fisioterapia-para-deportistas\/","name":"Fisioterapia para deportistas - Barcelona","isPartOf":{"@id":"https:\/\/www.fisiohogar.com\/barcelona\/#website"},"datePublished":"2016-03-09T10:56:36+00:00","dateModified":"2023-03-19T10:26:51+00:00","breadcrumb":{"@id":"https:\/\/www.fisiohogar.com\/barcelona\/fisioterapia-para-deportistas\/#breadcrumb"},"inLanguage":"es","potentialAction":[{"@type":"ReadAction","target":["https:\/\/www.fisiohogar.com\/barcelona\/fisioterapia-para-deportistas\/"]}]},{"@type":"BreadcrumbList","@id":"https:\/\/www.fisiohogar.com\/barcelona\/fisioterapia-para-deportistas\/#breadcrumb","itemListElement":[{"@type":"ListItem","position":1,"name":"Portada","item":"https:\/\/www.fisiohogar.com\/barcelona\/"},{"@type":"ListItem","position":2,"name":"Fisioterapia para deportistas"}]},{"@type":"WebSite","@id":"https:\/\/www.fisiohogar.com\/barcelona\/#website","url":"https:\/\/www.fisiohogar.com\/barcelona\/","name":"Barcelona","description":"Fisioterapia a domicilio en Barcelona","potentialAction":[{"@type":"SearchAction","target":{"@type":"EntryPoint","urlTemplate":"https:\/\/www.fisiohogar.com\/barcelona\/?s={search_term_string}"},"query-input":{"@type":"PropertyValueSpecification","valueRequired":true,"valueName":"search_term_string"}}],"inLanguage":"es"}]}},"_links":{"self":[{"href":"https:\/\/www.fisiohogar.com\/barcelona\/wp-json\/wp\/v2\/pages\/90","targetHints":{"allow":["GET"]}}],"collection":[{"href":"https:\/\/www.fisiohogar.com\/barcelona\/wp-json\/wp\/v2\/pages"}],"about":[{"href":"https:\/\/www.fisiohogar.com\/barcelona\/wp-json\/wp\/v2\/types\/page"}],"author":[{"embeddable":true,"href":"https:\/\/www.fisiohogar.com\/barcelona\/wp-json\/wp\/v2\/users\/1"}],"replies":[{"embeddable":true,"href":"https:\/\/www.fisiohogar.com\/barcelona\/wp-json\/wp\/v2\/comments?post=90"}],"version-history":[{"count":2,"href":"https:\/\/www.fisiohogar.com\/barcelona\/wp-json\/wp\/v2\/pages\/90\/revisions"}],"predecessor-version":[{"id":5359,"href":"https:\/\/www.fisiohogar.com\/barcelona\/wp-json\/wp\/v2\/pages\/90\/revisions\/5359"}],"wp:attachment":[{"href":"https:\/\/www.fisiohogar.com\/barcelona\/wp-json\/wp\/v2\/media?parent=90"}],"curies":[{"name":"wp","href":"https:\/\/api.w.org\/{rel}","templated":true}]}}