{"id":88,"date":"2016-03-09T10:55:25","date_gmt":"2016-03-09T10:55:25","guid":{"rendered":"http:\/\/www.fisiohogar.com\/barcelona\/?page_id=21"},"modified":"2023-03-17T20:46:53","modified_gmt":"2023-03-17T20:46:53","slug":"fisioterapia-a-domicilio-barcelona","status":"publish","type":"page","link":"https:\/\/www.fisiohogar.com\/barcelona\/fisioterapia-a-domicilio-barcelona\/","title":{"rendered":"Fisioterapia a domicilio en Barcelona"},"content":{"rendered":"<p>[vc_row][vc_column width=\u00bb1\/2&#8243; css=\u00bb.vc_custom_1519082856341{background-color: #ededbd !important;border-radius: 10px !important;}\u00bb][vc_raw_html]JTNDZGl2JTIwYWxpZ24lM0QlMjJjZW50ZXIlMjIlM0UlM0NpbWclMjBzcmMlM0QlMjJodHRwJTNBJTJGJTJGd3d3LmZpc2lvaG9nYXIuY29tJTJGaHVlbHZhJTJGd3AtY29udGVudCUyRnVwbG9hZHMlMkZzaXRlcyUyRjE0JTJGMjAxNyUyRjA3JTJGZmlzaW90ZXJhcGV1dGFzLXNpbi10ZWxlZm9ub3MxLnBuZyUyMiUyMGFsdCUzRCUyMmZpc2lvdGVyYXBldXRhcyUyMHRlbCVDMyVBOWZvbm8lMjIlMjB3aWR0aCUzRCUyMjQwMCUyMiUyMGhlaWdodCUzRCUyMjg3JTIyJTIwJTJGJTNFJTNDJTJGZGl2JTNF[\/vc_raw_html]\n<div class=\"wpcf7 no-js\" id=\"wpcf7-f4852-o1\" lang=\"es-ES\" dir=\"ltr\" data-wpcf7-id=\"4852\">\n<div class=\"screen-reader-response\"><p role=\"status\" aria-live=\"polite\" aria-atomic=\"true\"><\/p> <ul><\/ul><\/div>\n<form action=\"\/barcelona\/wp-json\/wp\/v2\/pages\/88#wpcf7-f4852-o1\" method=\"post\" class=\"wpcf7-form init\" aria-label=\"Formulario de contacto\" novalidate=\"novalidate\" data-status=\"init\">\n<fieldset class=\"hidden-fields-container\"><input type=\"hidden\" name=\"_wpcf7\" value=\"4852\" \/><input type=\"hidden\" name=\"_wpcf7_version\" value=\"6.1.5\" \/><input type=\"hidden\" name=\"_wpcf7_locale\" value=\"es_ES\" \/><input type=\"hidden\" name=\"_wpcf7_unit_tag\" value=\"wpcf7-f4852-o1\" \/><input type=\"hidden\" name=\"_wpcf7_container_post\" value=\"0\" \/><input type=\"hidden\" name=\"_wpcf7_posted_data_hash\" value=\"\" \/><input type=\"hidden\" name=\"_wpcf7_recaptcha_response\" value=\"\" \/>\n<\/fieldset>\n<p><label> Nombre (requerido)<br \/>\n<span class=\"wpcf7-form-control-wrap\" data-name=\"your-name\"><input size=\"40\" maxlength=\"400\" class=\"wpcf7-form-control wpcf7-text wpcf7-validates-as-required\" aria-required=\"true\" aria-invalid=\"false\" value=\"\" type=\"text\" name=\"your-name\" \/><\/span> <\/label>\n<\/p>\n<p><label> Correo electr\u00f3nico<br \/>\n<span class=\"wpcf7-form-control-wrap\" data-name=\"email-762\"><input size=\"40\" maxlength=\"400\" class=\"wpcf7-form-control wpcf7-email wpcf7-text wpcf7-validates-as-email\" aria-invalid=\"false\" value=\"\" type=\"email\" name=\"email-762\" \/><\/span><\/label>\n<\/p>\n<p><label> Tel\u00e9fono (requerido)<br \/>\n<span class=\"wpcf7-form-control-wrap\" data-name=\"tel-367\"><input size=\"40\" maxlength=\"400\" class=\"wpcf7-form-control wpcf7-tel wpcf7-validates-as-required wpcf7-text wpcf7-validates-as-tel\" aria-required=\"true\" aria-invalid=\"false\" value=\"\" type=\"tel\" name=\"tel-367\" \/><\/span><\/label>\n<\/p>\n<p><label> Localidad (requerido)<br \/>\n<span class=\"wpcf7-form-control-wrap\" data-name=\"text-851\"><input size=\"40\" maxlength=\"400\" class=\"wpcf7-form-control wpcf7-text wpcf7-validates-as-required\" aria-required=\"true\" aria-invalid=\"false\" value=\"\" type=\"text\" name=\"text-851\" \/><\/span><\/label>\n<\/p>\n<p><label> Indique d\u00eda de la cita (requerido)<br \/>\n<span class=\"wpcf7-form-control-wrap\" data-name=\"text-737\"><input size=\"40\" maxlength=\"400\" class=\"wpcf7-form-control wpcf7-text wpcf7-validates-as-required\" aria-required=\"true\" aria-invalid=\"false\" value=\"\" type=\"text\" name=\"text-737\" \/><\/span><\/label>\n<\/p>\n<p><label> \u00bfQu\u00e9 hora prefiere para la cita? (requerido)<br \/>\n<span class=\"wpcf7-form-control-wrap\" data-name=\"radio-615\"><span class=\"wpcf7-form-control wpcf7-radio\"><span class=\"wpcf7-list-item first\"><input type=\"radio\" name=\"radio-615\" value=\"10:00\" checked=\"checked\" \/><span class=\"wpcf7-list-item-label\">10:00<\/span><\/span><span class=\"wpcf7-list-item\"><input type=\"radio\" name=\"radio-615\" value=\"11:30\" \/><span class=\"wpcf7-list-item-label\">11:30<\/span><\/span><span class=\"wpcf7-list-item\"><input type=\"radio\" name=\"radio-615\" value=\"13:00\" \/><span class=\"wpcf7-list-item-label\">13:00<\/span><\/span><span class=\"wpcf7-list-item\"><input type=\"radio\" name=\"radio-615\" value=\"15:30\" \/><span class=\"wpcf7-list-item-label\">15:30<\/span><\/span><span class=\"wpcf7-list-item\"><input type=\"radio\" name=\"radio-615\" value=\"16:00\" \/><span class=\"wpcf7-list-item-label\">16:00<\/span><\/span><span class=\"wpcf7-list-item\"><input type=\"radio\" name=\"radio-615\" value=\"17:00\" \/><span class=\"wpcf7-list-item-label\">17:00<\/span><\/span><span class=\"wpcf7-list-item\"><input type=\"radio\" name=\"radio-615\" value=\"18:30\" \/><span class=\"wpcf7-list-item-label\">18:30<\/span><\/span><span class=\"wpcf7-list-item last\"><input type=\"radio\" name=\"radio-615\" value=\"20:00\" \/><span class=\"wpcf7-list-item-label\">20:00<\/span><\/span><\/span><\/span><\/label>\n<\/p>\n<p><label> Si prefiere otra hora, ind\u00edquelo:<br \/>\n<span class=\"wpcf7-form-control-wrap\" data-name=\"text-887\"><input size=\"40\" maxlength=\"400\" class=\"wpcf7-form-control wpcf7-text\" aria-invalid=\"false\" value=\"\" type=\"text\" name=\"text-887\" \/><\/span><\/label>\n<\/p>\n<p><label> Observaciones<br \/>\n<span class=\"wpcf7-form-control-wrap\" data-name=\"your-message\"><textarea cols=\"40\" rows=\"10\" maxlength=\"2000\" class=\"wpcf7-form-control wpcf7-textarea\" aria-invalid=\"false\" name=\"your-message\"><\/textarea><\/span> <\/label>\n<\/p>\n<p><label>\n\t <\/label>\n<\/p>\n<p><strong>Para poder enviar el formulario tiene que aceptar<\/strong> el <a href=\"https:\/\/www.fisiohogar.com\/aviso-legal\/\" target=\"_blank\">aviso legal<\/a> y la <a href=\"https:\/\/www.fisiohogar.com\/politica-de-privacidad\/\" target=\"_blank\">pol\u00edtica de privacidad y protecci\u00f3n de datos<\/a>:<span class=\"wpcf7-form-control-wrap\" data-name=\"acceptance-835\"><span class=\"wpcf7-form-control wpcf7-acceptance\"><span class=\"wpcf7-list-item\"><input type=\"checkbox\" name=\"acceptance-835\" value=\"1\" aria-invalid=\"false\" \/><\/span><\/span><\/span> (marque esta casilla)\n<\/p>\n<p><input class=\"wpcf7-form-control wpcf7-submit has-spinner\" type=\"submit\" value=\"Solicitar cita\" \/>\n<\/p><div class=\"fusion-alert alert custom alert-custom fusion-alert-center wpcf7-response-output awb-alert-native-link-color alert-dismissable awb-alert-close-boxed\" style=\"--awb-border-size:1px;--awb-border-top-left-radius:0px;--awb-border-top-right-radius:0px;--awb-border-bottom-left-radius:0px;--awb-border-bottom-right-radius:0px;\" role=\"alert\"><div class=\"fusion-alert-content-wrapper\"><span class=\"fusion-alert-content\"><\/span><\/div><button type=\"button\" class=\"close toggle-alert\" data-dismiss=\"alert\" aria-label=\"Close\">&times;<\/button><\/div>\n<\/form>\n<\/div>\n[\/vc_column][vc_column width=\u00bb1\/2&#8243;][vc_column_text]Fisiohogar ha hecho posible la <strong>fisioterapia a domicilio en Barcelona<\/strong>, con el servicio de mayor calidad.<\/p>\n<p>Compruebe ahora c\u00f3mo es posible, desde la comodidad de su hogar, recibir sesiones de fisioterapia benefici\u00e1ndose de las terapias m\u00e1s eficaces y avanzadas, de manos fisioterapeutas colegiados.<\/p>\n<h2>Nos desplazamos a todos los barrios de Barcelona<\/h2>\n<p>En ocasiones, salir de casa para desplazarse a una cl\u00ednica de fisioterapia se convierte en un problema en s\u00ed mismo pues hay enfermedades que causan notables limitaciones f\u00edsicas, o puede que el estado de \u00e1nimo del paciente no est\u00e9 como para emprender ese peregrinaje y soportar, adem\u00e1s, tiempos de espera.<\/p>\n<p>Por este motivo, la fisioterapia a domicilio demuestra ser una de las mejores opciones para cualquier persona, pero sobre todo para quienes enfrentan con temor, o desgana, la salida de su domicilio.<\/p>\n<p>Fisiohogar ha hecho posible la atenci\u00f3n en la ciudad de Barcelona, con independencia del barrio donde residas. Nos podemos desplazar a cualquier zona de la ciudad, <strong>Sants, Horta, Sant Andreu, La Barceloneta, Torre Bar\u00f3&#8230;<\/strong><\/p>\n<p>Ofrecemos id\u00e9ntico servicio en cualquier barrio pues los fisioterapeutas de Fisiohogar se desplazan con todo el material necesario.<\/p>\n<p>Por cierto, <strong>\u00a1el precio de cada sesi\u00f3n siempre es el mismo!<\/strong> No cobramos por kil\u00f3metros recorridos. Ofrecemos siempre un precio cerrado.<\/p>\n<p><strong>Si quieres que tus sesiones de fisioterapia te resulten m\u00e1s econ\u00f3micas<\/strong>, aprovecha nuestros <a href=\"http:\/\/tarifas\">bonos con importantes descuentos<\/a>.<\/p>\n<h2>Tan sencillo como contactar y acordar la cita<\/h2>\n<p>Lo \u00fanico que tienes que hacer para recibir a uno de nuestros fisioterapeutas en tu domicilio es ponerte en contacto con nosotros para acordar <strong>la hora y d\u00eda que m\u00e1s te convenga<\/strong>. Intentaremos, dentro de lo que nos resulte posible, atender tus preferencias.<\/p>\n<p>De manera puntual nuestro fisioterapeuta se presentar\u00e1 en tu domicilio para comenzar con las sesiones. Previamente se interesar\u00e1 por tu estado de salud para conocer con detalle lo que te sucede y poder recomendarte de esta manera la terapia que considere m\u00e1s eficaz en tu caso.[\/vc_column_text][\/vc_column][\/vc_row][vc_row][vc_column][vc_single_image image=\u00bb4956&#8243; img_size=\u00bbfull\u00bb alignment=\u00bbcenter\u00bb css_animation=\u00bbzoomIn\u00bb][\/vc_column][\/vc_row][vc_row][vc_column width=\u00bb1\/2&#8243;][vc_column_text]<\/p>\n<h2>As\u00ed trabajamos en Fisiohogar<\/h2>\n<p>El sistema de atenci\u00f3n a pacientes es tan sencillo como puedes ver en el gr\u00e1fico que hemos preparado.<\/p>\n<p>Queremos facilitarte tu regreso a la salud, por ese motivo en Fisiohogar lo hemos planeado para que de la manera m\u00e1s c\u00f3moda, pero al mismo tiempo m\u00e1s eficaz, puedas beneficiarte de las sesiones de fisioterapia.[\/vc_column_text][vc_single_image image=\u00bb4939&#8243; img_size=\u00bbfull\u00bb alignment=\u00bbcenter\u00bb css_animation=\u00bbslideInDown\u00bb][\/vc_column][vc_column width=\u00bb1\/2&#8243;][vc_column_text]<\/p>\n<h2><strong>01 Contactas con nosotros<\/strong><\/h2>\n<p>Nos puedes llamar al n\u00famero de tel\u00e9fono 615 358 759, y te atender\u00e1 uno de nuestros fisioterapeutas.<\/p>\n<p>Tambi\u00e9n puedes enviarnos el formulario que se encuentra en esta misma p\u00e1gina.<\/p>\n<p>Utiliza el m\u00e9todo de contacto que te resulte m\u00e1s c\u00f3modo.<\/p>\n<h2>02 Vamos donde digas<\/h2>\n<p>Acordaremos la hora y el d\u00eda de tu primera sesi\u00f3n de fisioterapia, que como sabes tiene el mismo precio con independencia de cu\u00e1l sea tu lugar de residencia.<\/p>\n<p>Uno de nuestros fisioterapeutas se desplazar\u00e1 a tu domicilio y llevar\u00e1 consigo todo el material necesario.<\/p>\n<h2>03 Evaluamos lo que necesitas<\/h2>\n<p>Nuestro fisioterapeuta te solicitar\u00e1 completa informaci\u00f3n sobre tu estado de salud y la naturaleza de tu dolencia para valorar cu\u00e1l puede ser la mejor terapia.<\/p>\n<p>La intenci\u00f3n es que tu recuperaci\u00f3n se consiga en el menor plazo de tiempo posible, porque de esa manera tambi\u00e9n garantizamos una mejor curaci\u00f3n.<\/p>\n<p>Si estamos ante cualquier tipo de enfermedad cr\u00f3nica procuramos igualmente que el paciente logre mejorar su estado, logrando una mayor independencia en quehacer diario y mejorando as\u00ed su calidad de vida.<\/p>\n<h2>04 Sesi\u00f3n de fisioterapia<\/h2>\n<p>Durante el tiempo acordado completaremos la sesi\u00f3n de fisioterapia que intentamos complementar con recomendaciones sobre ejercicios que consigan la implicaci\u00f3n del paciente en su m\u00e1s r\u00e1pida curaci\u00f3n o mejor\u00eda del estado en el que se encuentra.[\/vc_column_text][\/vc_column][\/vc_row]<\/p>\n","protected":false},"excerpt":{"rendered":"<p>[vc_row][vc_column width=\u00bb1\/2&#8243; css=\u00bb.vc_custom_1519082856341{background-color: #ededbd !important;border-radius: 10px !important;}\u00bb][vc_raw_html]JTNDZGl2JTIwYWxpZ24lM0QlMjJjZW50ZXIlMjIlM0UlM0NpbWclMjBzcmMlM0QlMjJodHRwJTNBJTJGJTJGd3d3LmZpc2lvaG9nYXIuY29tJTJGaHVlbHZhJTJGd3AtY29udGVudCUyRnVwbG9hZHMlMkZzaXRlcyUyRjE0JTJGMjAxNyUyRjA3JTJGZmlzaW90ZXJhcGV1dGFzLXNpbi10ZWxlZm9ub3MxLnBuZyUyMiUyMGFsdCUzRCUyMmZpc2lvdGVyYXBldXRhcyUyMHRlbCVDMyVBOWZvbm8lMjIlMjB3aWR0aCUzRCUyMjQwMCUyMiUyMGhlaWdodCUzRCUyMjg3JTIyJTIwJTJGJTNFJTNDJTJGZGl2JTNF[\/vc_raw_html][\/vc_column][vc_column width=\u00bb1\/2&#8243;][vc_column_text]Fisiohogar ha hecho posible la fisioterapia a domicilio en Barcelona, con el servicio de mayor calidad. Compruebe ahora c\u00f3mo es posible, desde la comodidad de su hogar,  [&#8230;]<\/p>\n","protected":false},"author":1,"featured_media":0,"parent":0,"menu_order":0,"comment_status":"closed","ping_status":"closed","template":"template-full.php","meta":{"_joinchat":[],"footnotes":""},"class_list":["post-88","page","type-page","status-publish","hentry"],"yoast_head":"<!-- This site is optimized with the Yoast SEO plugin v27.5 - https:\/\/yoast.com\/product\/yoast-seo-wordpress\/ -->\n<title>Fisioterapia a domicilio en Barcelona - Barcelona<\/title>\n<meta name=\"robots\" content=\"index, follow, max-snippet:-1, max-image-preview:large, max-video-preview:-1\" \/>\n<link rel=\"canonical\" href=\"https:\/\/www.fisiohogar.com\/barcelona\/fisioterapia-a-domicilio-barcelona\/\" \/>\n<meta property=\"og:locale\" content=\"es_ES\" \/>\n<meta property=\"og:type\" content=\"article\" \/>\n<meta property=\"og:title\" content=\"Fisioterapia a domicilio en Barcelona - Barcelona\" \/>\n<meta property=\"og:description\" content=\"[vc_row][vc_column width=\u00bb1\/2&#8243; css=\u00bb.vc_custom_1519082856341{background-color: #ededbd !important;border-radius: 10px !important;}\u00bb][vc_raw_html]JTNDZGl2JTIwYWxpZ24lM0QlMjJjZW50ZXIlMjIlM0UlM0NpbWclMjBzcmMlM0QlMjJodHRwJTNBJTJGJTJGd3d3LmZpc2lvaG9nYXIuY29tJTJGaHVlbHZhJTJGd3AtY29udGVudCUyRnVwbG9hZHMlMkZzaXRlcyUyRjE0JTJGMjAxNyUyRjA3JTJGZmlzaW90ZXJhcGV1dGFzLXNpbi10ZWxlZm9ub3MxLnBuZyUyMiUyMGFsdCUzRCUyMmZpc2lvdGVyYXBldXRhcyUyMHRlbCVDMyVBOWZvbm8lMjIlMjB3aWR0aCUzRCUyMjQwMCUyMiUyMGhlaWdodCUzRCUyMjg3JTIyJTIwJTJGJTNFJTNDJTJGZGl2JTNF[\/vc_raw_html][\/vc_column][vc_column width=\u00bb1\/2&#8243;][vc_column_text]Fisiohogar ha hecho posible la fisioterapia a domicilio en Barcelona, con el servicio de mayor calidad. Compruebe ahora c\u00f3mo es posible, desde la comodidad de su hogar, [...]\" \/>\n<meta property=\"og:url\" content=\"https:\/\/www.fisiohogar.com\/barcelona\/fisioterapia-a-domicilio-barcelona\/\" \/>\n<meta property=\"og:site_name\" content=\"Barcelona\" \/>\n<meta property=\"article:modified_time\" content=\"2023-03-17T20:46:53+00:00\" \/>\n<meta name=\"twitter:card\" content=\"summary_large_image\" \/>\n<meta name=\"twitter:label1\" content=\"Tiempo de lectura\" \/>\n\t<meta name=\"twitter:data1\" content=\"4 minutos\" \/>\n<script type=\"application\/ld+json\" class=\"yoast-schema-graph\">{\"@context\":\"https:\\\/\\\/schema.org\",\"@graph\":[{\"@type\":\"WebPage\",\"@id\":\"https:\\\/\\\/www.fisiohogar.com\\\/barcelona\\\/fisioterapia-a-domicilio-barcelona\\\/\",\"url\":\"https:\\\/\\\/www.fisiohogar.com\\\/barcelona\\\/fisioterapia-a-domicilio-barcelona\\\/\",\"name\":\"Fisioterapia a domicilio en Barcelona - Barcelona\",\"isPartOf\":{\"@id\":\"https:\\\/\\\/www.fisiohogar.com\\\/barcelona\\\/#website\"},\"datePublished\":\"2016-03-09T10:55:25+00:00\",\"dateModified\":\"2023-03-17T20:46:53+00:00\",\"breadcrumb\":{\"@id\":\"https:\\\/\\\/www.fisiohogar.com\\\/barcelona\\\/fisioterapia-a-domicilio-barcelona\\\/#breadcrumb\"},\"inLanguage\":\"es\",\"potentialAction\":[{\"@type\":\"ReadAction\",\"target\":[\"https:\\\/\\\/www.fisiohogar.com\\\/barcelona\\\/fisioterapia-a-domicilio-barcelona\\\/\"]}]},{\"@type\":\"BreadcrumbList\",\"@id\":\"https:\\\/\\\/www.fisiohogar.com\\\/barcelona\\\/fisioterapia-a-domicilio-barcelona\\\/#breadcrumb\",\"itemListElement\":[{\"@type\":\"ListItem\",\"position\":1,\"name\":\"Portada\",\"item\":\"https:\\\/\\\/www.fisiohogar.com\\\/barcelona\\\/\"},{\"@type\":\"ListItem\",\"position\":2,\"name\":\"Fisioterapia a domicilio en Barcelona\"}]},{\"@type\":\"WebSite\",\"@id\":\"https:\\\/\\\/www.fisiohogar.com\\\/barcelona\\\/#website\",\"url\":\"https:\\\/\\\/www.fisiohogar.com\\\/barcelona\\\/\",\"name\":\"Barcelona\",\"description\":\"Fisioterapia a domicilio en Barcelona\",\"potentialAction\":[{\"@type\":\"SearchAction\",\"target\":{\"@type\":\"EntryPoint\",\"urlTemplate\":\"https:\\\/\\\/www.fisiohogar.com\\\/barcelona\\\/?s={search_term_string}\"},\"query-input\":{\"@type\":\"PropertyValueSpecification\",\"valueRequired\":true,\"valueName\":\"search_term_string\"}}],\"inLanguage\":\"es\"}]}<\/script>\n<!-- \/ Yoast SEO plugin. -->","yoast_head_json":{"title":"Fisioterapia a domicilio en Barcelona - Barcelona","robots":{"index":"index","follow":"follow","max-snippet":"max-snippet:-1","max-image-preview":"max-image-preview:large","max-video-preview":"max-video-preview:-1"},"canonical":"https:\/\/www.fisiohogar.com\/barcelona\/fisioterapia-a-domicilio-barcelona\/","og_locale":"es_ES","og_type":"article","og_title":"Fisioterapia a domicilio en Barcelona - Barcelona","og_description":"[vc_row][vc_column width=\u00bb1\/2&#8243; css=\u00bb.vc_custom_1519082856341{background-color: #ededbd !important;border-radius: 10px !important;}\u00bb][vc_raw_html]JTNDZGl2JTIwYWxpZ24lM0QlMjJjZW50ZXIlMjIlM0UlM0NpbWclMjBzcmMlM0QlMjJodHRwJTNBJTJGJTJGd3d3LmZpc2lvaG9nYXIuY29tJTJGaHVlbHZhJTJGd3AtY29udGVudCUyRnVwbG9hZHMlMkZzaXRlcyUyRjE0JTJGMjAxNyUyRjA3JTJGZmlzaW90ZXJhcGV1dGFzLXNpbi10ZWxlZm9ub3MxLnBuZyUyMiUyMGFsdCUzRCUyMmZpc2lvdGVyYXBldXRhcyUyMHRlbCVDMyVBOWZvbm8lMjIlMjB3aWR0aCUzRCUyMjQwMCUyMiUyMGhlaWdodCUzRCUyMjg3JTIyJTIwJTJGJTNFJTNDJTJGZGl2JTNF[\/vc_raw_html][\/vc_column][vc_column width=\u00bb1\/2&#8243;][vc_column_text]Fisiohogar ha hecho posible la fisioterapia a domicilio en Barcelona, con el servicio de mayor calidad. Compruebe ahora c\u00f3mo es posible, desde la comodidad de su hogar, [...]","og_url":"https:\/\/www.fisiohogar.com\/barcelona\/fisioterapia-a-domicilio-barcelona\/","og_site_name":"Barcelona","article_modified_time":"2023-03-17T20:46:53+00:00","twitter_card":"summary_large_image","twitter_misc":{"Tiempo de lectura":"4 minutos"},"schema":{"@context":"https:\/\/schema.org","@graph":[{"@type":"WebPage","@id":"https:\/\/www.fisiohogar.com\/barcelona\/fisioterapia-a-domicilio-barcelona\/","url":"https:\/\/www.fisiohogar.com\/barcelona\/fisioterapia-a-domicilio-barcelona\/","name":"Fisioterapia a domicilio en Barcelona - Barcelona","isPartOf":{"@id":"https:\/\/www.fisiohogar.com\/barcelona\/#website"},"datePublished":"2016-03-09T10:55:25+00:00","dateModified":"2023-03-17T20:46:53+00:00","breadcrumb":{"@id":"https:\/\/www.fisiohogar.com\/barcelona\/fisioterapia-a-domicilio-barcelona\/#breadcrumb"},"inLanguage":"es","potentialAction":[{"@type":"ReadAction","target":["https:\/\/www.fisiohogar.com\/barcelona\/fisioterapia-a-domicilio-barcelona\/"]}]},{"@type":"BreadcrumbList","@id":"https:\/\/www.fisiohogar.com\/barcelona\/fisioterapia-a-domicilio-barcelona\/#breadcrumb","itemListElement":[{"@type":"ListItem","position":1,"name":"Portada","item":"https:\/\/www.fisiohogar.com\/barcelona\/"},{"@type":"ListItem","position":2,"name":"Fisioterapia a domicilio en Barcelona"}]},{"@type":"WebSite","@id":"https:\/\/www.fisiohogar.com\/barcelona\/#website","url":"https:\/\/www.fisiohogar.com\/barcelona\/","name":"Barcelona","description":"Fisioterapia a domicilio en Barcelona","potentialAction":[{"@type":"SearchAction","target":{"@type":"EntryPoint","urlTemplate":"https:\/\/www.fisiohogar.com\/barcelona\/?s={search_term_string}"},"query-input":{"@type":"PropertyValueSpecification","valueRequired":true,"valueName":"search_term_string"}}],"inLanguage":"es"}]}},"_links":{"self":[{"href":"https:\/\/www.fisiohogar.com\/barcelona\/wp-json\/wp\/v2\/pages\/88","targetHints":{"allow":["GET"]}}],"collection":[{"href":"https:\/\/www.fisiohogar.com\/barcelona\/wp-json\/wp\/v2\/pages"}],"about":[{"href":"https:\/\/www.fisiohogar.com\/barcelona\/wp-json\/wp\/v2\/types\/page"}],"author":[{"embeddable":true,"href":"https:\/\/www.fisiohogar.com\/barcelona\/wp-json\/wp\/v2\/users\/1"}],"replies":[{"embeddable":true,"href":"https:\/\/www.fisiohogar.com\/barcelona\/wp-json\/wp\/v2\/comments?post=88"}],"version-history":[{"count":0,"href":"https:\/\/www.fisiohogar.com\/barcelona\/wp-json\/wp\/v2\/pages\/88\/revisions"}],"wp:attachment":[{"href":"https:\/\/www.fisiohogar.com\/barcelona\/wp-json\/wp\/v2\/media?parent=88"}],"curies":[{"name":"wp","href":"https:\/\/api.w.org\/{rel}","templated":true}]}}