{"id":98,"date":"2016-03-09T11:00:39","date_gmt":"2016-03-09T11:00:39","guid":{"rendered":"http:\/\/www.fisiohogar.com\/barcelonasants\/?page_id=43"},"modified":"2018-03-28T15:37:19","modified_gmt":"2018-03-28T15:37:19","slug":"fisioterapia-persones-grans","status":"publish","type":"page","link":"https:\/\/www.fisiohogar.com\/barcelona-sants\/fisioterapia-persones-grans\/","title":{"rendered":"Fisioter\u00e0pia per persones grans"},"content":{"rendered":"<p>[vc_row][vc_column width=\u00bb1\/2&#8243;][vc_single_image image=\u00bb5000&#8243; img_size=\u00bbfull\u00bb alignment=\u00bbcenter\u00bb style=\u00bbvc_box_shadow_border\u00bb css_animation=\u00bbfadeInLeft\u00bb][\/vc_column][vc_column width=\u00bb1\/2&#8243;][vc_custom_heading text=\u00bbLa fisioter\u00e0pia com ajuda efica\u00e7 per a la gent gran\u00bb google_fonts=\u00bbfont_family:Open%20Sans%3A300%2C300italic%2Cregular%2Citalic%2C600%2C600italic%2C700%2C700italic%2C800%2C800italic|font_style:400%20regular%3A400%3Anormal\u00bb][vc_column_text]Sense remei, quan anem complint anys, solen presentar-se una s\u00e8rie de problemes de salut que comencen a complicar la vida de qui ho pateix.<\/p>\n<p>Els anys son, moltes de les vegades, els que ens porten a la p\u00e8rdua de la for\u00e7a muscular i a la disminuci\u00f3 de l\u2019equilibri i dels reflexes, que no son malalties en s\u00ed mateixes, per\u00f2 si generen una major depend\u00e8ncia a qui es veuen afectats. .<\/p>\n<p>A m\u00e9s a m\u00e9s, tamb\u00e9 solen apar\u00e8ixer en la coneguda com tercera edat\u00a0<strong>una s\u00e8rie de malalties que son pr\u00f2pies d\u2019aquesta etapa avan\u00e7ada de la vida, com l\u2019artritis, l\u2019artrosi, les malalties neurol\u00f2giques que estan tenint un notable increment en la seva incid\u00e8ncia o les malalties circulat\u00f2ries <\/strong>que formen un dels grups que m\u00e9s atenci\u00f3 i vigil\u00e0ncia requereixen.<\/p>\n<p>El problema m\u00e9s gran per a la gent gran \u00e9s que aquestes malalties acaben sent cr\u00f2niques i es veu obligat a conviure amb elles la resta de la seva vida.<\/p>\n<p>Si deixa de cuidar-se, no segueix les recomanacions m\u00e8diques i d\u2019activitat f\u00edsica, o considera com a irremeiable qualsevol avan\u00e7 dels s\u00edmptomes, probablement, veur\u00e0 com la seva qualitat de vida empitjora\u00a0 notablement.<\/p>\n<p>Per\u00f2, <strong>gracies a la fisioter\u00e0pia, i en el cas de moltes d\u2019aquestes malalties, els s\u00edmptomes poden disminuir o retardar-se, <\/strong>aconseguint d\u2019aquesta manera que l\u2019avi\/a arribi a mantindr\u00e9 durant m\u00e9s temps la seva independ\u00e8ncia.[\/vc_column_text][\/vc_column][\/vc_row][vc_row][vc_column width=\u00bb1\/2&#8243;][vc_single_image image=\u00bb5001&#8243; img_size=\u00bbfull\u00bb alignment=\u00bbcenter\u00bb style=\u00bbvc_box_shadow_border\u00bb css_animation=\u00bbfadeInLeft\u00bb][\/vc_column][vc_column width=\u00bb1\/2&#8243;][vc_custom_heading text=\u00bbSempre que el necessiti, el seu fisioterapeuta de cap\u00e7alera a Barcelona\u00bb google_fonts=\u00bbfont_family:Open%20Sans%3A300%2C300italic%2Cregular%2Citalic%2C600%2C600italic%2C700%2C700italic%2C800%2C800italic|font_style:400%20regular%3A400%3Anormal\u00bb][vc_column_text]A Fisiollar li proposem, sobretot, que <strong>no es resigni a veure avan\u00e7ar la seva malaltia mentre els s\u00edmptomes empitjorem<\/strong>\u00a0perqu\u00e8 incl\u00fas quan es tracta de malalties cr\u00f2niques que no tindran curaci\u00f3, no actualment, almenys es molt el que es pot guanyar fent \u00a0<strong>reduir el dolor<\/strong>, per exemple, en el cas de las de les malalties articulars, o per<strong> millorar la qualitat de vida<\/strong>\u00a0en pacients que pateixen Alzheimer, Parkinson, o qualsevol altra malaltia neurol\u00f2gica.<\/p>\n<p>\u00c9s la\u00a0<strong>fisioter\u00e0pia<\/strong>\u00a0la que posa a la seva disposici\u00f3 aquella altra opci\u00f3 de no resignar-se davant la malaltia convertint al propi pacient en part activa implicada en la seva pr\u00f2pia recuperaci\u00f3. Per aquest motiu els nostres <strong>fisioterapeutes<\/strong>\u00a0no nom\u00e9s estaran atents a cada una de les sessions en les que atenguin a pacients a la seva llar, si no que tamb\u00e9 <strong>proposaran una s\u00e8rie d\u2019exercicis per a que ells completin amb intenci\u00f3 d\u2019arribar a una millora de manera m\u00e9s r\u00e0pida<\/strong>.<\/p>\n<p>D\u2019aquesta manera, veient els aven\u00e7os que s\u2019aconsegueixen gr\u00e0cies a les sessions de fisioter\u00e0pia i amb els pacients implicats amb els exercicis que se\u2019ls recomana, s\u2019aconsegueix un canvi per complert de l\u2019actitud davant la malaltia arribant a una millora real de la qualitat de vida.<\/p>\n<p>Gr\u00e0cies a la fisioter\u00e0pia a domicili tot aix\u00f2 s\u2019aconsegueix sense que sigui necessari que el pacient hagi de sortir del seu domicili, o si ho fa no sigui per obligaci\u00f3 a despla\u00e7ar-se a una cl\u00ednica.[\/vc_column_text][\/vc_column][\/vc_row][vc_row][vc_column width=\u00bb1\/2&#8243;][vc_single_image image=\u00bb5002&#8243; img_size=\u00bbfull\u00bb alignment=\u00bbcenter\u00bb style=\u00bbvc_box_shadow_border\u00bb css_animation=\u00bbfadeInLeft\u00bb][\/vc_column][vc_column width=\u00bb1\/2&#8243;][vc_custom_heading text=\u00bbEls avantatges d\u2019esperar-se al seu domicili\u00bb google_fonts=\u00bbfont_family:Open%20Sans%3A300%2C300italic%2Cregular%2Citalic%2C600%2C600italic%2C700%2C700italic%2C800%2C800italic|font_style:400%20regular%3A400%3Anormal\u00bb][vc_column_text]A vegades els pacients retarden els seus tractaments de fisioter\u00e0pia per que no es troben en les millors condicions per despla\u00e7ar-se a una cl\u00ednica, o per que consideren que el propi despla\u00e7ament pot causar-los una nova lesi\u00f3.<\/p>\n<p>Si tenim en compte a persones de la tercera edat,\u00a0<strong>aquests despla\u00e7aments poden ser realment complicats quan es veuen afectats per qualsevol malaltia que limiti la seva mobilitat. <\/strong><\/p>\n<p>En aquests casos el servei de <a href=\"https:\/\/www.fisiohogar.com\/barcelona-sants\/\">fisioter\u00e0pia a domicili<\/a>, como el que s\u2019ofereix a Barcelona, aporta \u00a0la soluci\u00f3 precisa que totes aquestes persones estan necessitant.<\/p>\n<p>A Fisiollar els nostres fisioterapeutes que es traslladen al\u00a0 domicili del pacient, ho fan a la hora acordada, i amb tot el material necessari per a cada sessi\u00f3 de fisioter\u00e0pia.<\/p>\n<p><strong>Esperi\u2019ns a la comoditat del seu domicili, <\/strong>a on plantejarem la millor estrat\u00e8gia per la rehabilitaci\u00f3, i per millorar la seva qualitat de vida.<\/p>\n<p>L\u2019\u00fanica cosa que has de fer es trucar-nos per tel\u00e8fon, o enviar-nos un \u00a0<a href=\"https:\/\/www.fisiohogar.com\/barcelona-sants\/contacti-ara\/\">formulari de contacte<\/a>. Como ho prefereixi.<\/p>\n<p>L\u2019atendr\u00e0 un dels nostres fisioterapeutes i arribaran a un acord per\u00a0 sobre dia y hora de la seva primera sessi\u00f3 de fisioter\u00e0pia, a la que li descomptarem, com a oferta de benvinguda 5 euros.[\/vc_column_text][\/vc_column][\/vc_row]<\/p>\n","protected":false},"excerpt":{"rendered":"<p>[vc_row][vc_column width=\u00bb1\/2&#8243;][vc_single_image image=\u00bb5000&#8243; img_size=\u00bbfull\u00bb alignment=\u00bbcenter\u00bb style=\u00bbvc_box_shadow_border\u00bb css_animation=\u00bbfadeInLeft\u00bb][\/vc_column][vc_column width=\u00bb1\/2&#8243;][vc_custom_heading text=\u00bbLa fisioter\u00e0pia com ajuda efica\u00e7 per a la gent gran\u00bb google_fonts=\u00bbfont_family:Open%20Sans%3A300%2C300italic%2Cregular%2Citalic%2C600%2C600italic%2C700%2C700italic%2C800%2C800italic|font_style:400%20regular%3A400%3Anormal\u00bb][vc_column_text]Sense remei, quan anem complint anys, solen presentar-se una s\u00e8rie de problemes de salut que comencen  [&#8230;]<\/p>\n","protected":false},"author":1,"featured_media":0,"parent":0,"menu_order":0,"comment_status":"closed","ping_status":"closed","template":"template-full.php","meta":{"_joinchat":[],"footnotes":""},"class_list":["post-98","page","type-page","status-publish","hentry"],"yoast_head":"<!-- This site is optimized with the Yoast SEO plugin v27.5 - https:\/\/yoast.com\/product\/yoast-seo-wordpress\/ -->\n<title>Fisioter\u00e0pia per persones grans - Barcelona fisioter\u00e0pia<\/title>\n<meta name=\"robots\" content=\"index, follow, max-snippet:-1, max-image-preview:large, max-video-preview:-1\" \/>\n<link rel=\"canonical\" href=\"https:\/\/www.fisiohogar.com\/barcelona-sants\/fisioterapia-persones-grans\/\" \/>\n<meta property=\"og:locale\" content=\"es_ES\" \/>\n<meta property=\"og:type\" content=\"article\" \/>\n<meta property=\"og:title\" content=\"Fisioter\u00e0pia per persones grans - Barcelona fisioter\u00e0pia\" \/>\n<meta property=\"og:description\" content=\"[vc_row][vc_column width=\u00bb1\/2&#8243;][vc_single_image image=\u00bb5000&#8243; img_size=\u00bbfull\u00bb alignment=\u00bbcenter\u00bb style=\u00bbvc_box_shadow_border\u00bb css_animation=\u00bbfadeInLeft\u00bb][\/vc_column][vc_column width=\u00bb1\/2&#8243;][vc_custom_heading text=\u00bbLa fisioter\u00e0pia com ajuda efica\u00e7 per a la gent gran\u00bb google_fonts=\u00bbfont_family:Open%20Sans%3A300%2C300italic%2Cregular%2Citalic%2C600%2C600italic%2C700%2C700italic%2C800%2C800italic|font_style:400%20regular%3A400%3Anormal\u00bb][vc_column_text]Sense remei, quan anem complint anys, solen presentar-se una s\u00e8rie de problemes de salut que comencen [...]\" \/>\n<meta property=\"og:url\" content=\"https:\/\/www.fisiohogar.com\/barcelona-sants\/fisioterapia-persones-grans\/\" \/>\n<meta property=\"og:site_name\" content=\"Barcelona fisioter\u00e0pia\" \/>\n<meta property=\"article:modified_time\" content=\"2018-03-28T15:37:19+00:00\" \/>\n<meta name=\"twitter:card\" content=\"summary_large_image\" \/>\n<meta name=\"twitter:label1\" content=\"Tiempo de lectura\" \/>\n\t<meta name=\"twitter:data1\" content=\"5 minutos\" \/>\n<script type=\"application\/ld+json\" class=\"yoast-schema-graph\">{\"@context\":\"https:\\\/\\\/schema.org\",\"@graph\":[{\"@type\":\"WebPage\",\"@id\":\"https:\\\/\\\/www.fisiohogar.com\\\/barcelona-sants\\\/fisioterapia-persones-grans\\\/\",\"url\":\"https:\\\/\\\/www.fisiohogar.com\\\/barcelona-sants\\\/fisioterapia-persones-grans\\\/\",\"name\":\"Fisioter\u00e0pia per persones grans - Barcelona fisioter\u00e0pia\",\"isPartOf\":{\"@id\":\"https:\\\/\\\/www.fisiohogar.com\\\/barcelona-sants\\\/#website\"},\"datePublished\":\"2016-03-09T11:00:39+00:00\",\"dateModified\":\"2018-03-28T15:37:19+00:00\",\"breadcrumb\":{\"@id\":\"https:\\\/\\\/www.fisiohogar.com\\\/barcelona-sants\\\/fisioterapia-persones-grans\\\/#breadcrumb\"},\"inLanguage\":\"es\",\"potentialAction\":[{\"@type\":\"ReadAction\",\"target\":[\"https:\\\/\\\/www.fisiohogar.com\\\/barcelona-sants\\\/fisioterapia-persones-grans\\\/\"]}]},{\"@type\":\"BreadcrumbList\",\"@id\":\"https:\\\/\\\/www.fisiohogar.com\\\/barcelona-sants\\\/fisioterapia-persones-grans\\\/#breadcrumb\",\"itemListElement\":[{\"@type\":\"ListItem\",\"position\":1,\"name\":\"Portada\",\"item\":\"https:\\\/\\\/www.fisiohogar.com\\\/barcelona-sants\\\/\"},{\"@type\":\"ListItem\",\"position\":2,\"name\":\"Fisioter\u00e0pia per persones grans\"}]},{\"@type\":\"WebSite\",\"@id\":\"https:\\\/\\\/www.fisiohogar.com\\\/barcelona-sants\\\/#website\",\"url\":\"https:\\\/\\\/www.fisiohogar.com\\\/barcelona-sants\\\/\",\"name\":\"Barcelona fisioter\u00e0pia\",\"description\":\"Fisioter\u00e0pia a domicili a Barcelona\",\"potentialAction\":[{\"@type\":\"SearchAction\",\"target\":{\"@type\":\"EntryPoint\",\"urlTemplate\":\"https:\\\/\\\/www.fisiohogar.com\\\/barcelona-sants\\\/?s={search_term_string}\"},\"query-input\":{\"@type\":\"PropertyValueSpecification\",\"valueRequired\":true,\"valueName\":\"search_term_string\"}}],\"inLanguage\":\"es\"}]}<\/script>\n<!-- \/ Yoast SEO plugin. -->","yoast_head_json":{"title":"Fisioter\u00e0pia per persones grans - Barcelona fisioter\u00e0pia","robots":{"index":"index","follow":"follow","max-snippet":"max-snippet:-1","max-image-preview":"max-image-preview:large","max-video-preview":"max-video-preview:-1"},"canonical":"https:\/\/www.fisiohogar.com\/barcelona-sants\/fisioterapia-persones-grans\/","og_locale":"es_ES","og_type":"article","og_title":"Fisioter\u00e0pia per persones grans - Barcelona fisioter\u00e0pia","og_description":"[vc_row][vc_column width=\u00bb1\/2&#8243;][vc_single_image image=\u00bb5000&#8243; img_size=\u00bbfull\u00bb alignment=\u00bbcenter\u00bb style=\u00bbvc_box_shadow_border\u00bb css_animation=\u00bbfadeInLeft\u00bb][\/vc_column][vc_column width=\u00bb1\/2&#8243;][vc_custom_heading text=\u00bbLa fisioter\u00e0pia com ajuda efica\u00e7 per a la gent gran\u00bb google_fonts=\u00bbfont_family:Open%20Sans%3A300%2C300italic%2Cregular%2Citalic%2C600%2C600italic%2C700%2C700italic%2C800%2C800italic|font_style:400%20regular%3A400%3Anormal\u00bb][vc_column_text]Sense remei, quan anem complint anys, solen presentar-se una s\u00e8rie de problemes de salut que comencen [...]","og_url":"https:\/\/www.fisiohogar.com\/barcelona-sants\/fisioterapia-persones-grans\/","og_site_name":"Barcelona fisioter\u00e0pia","article_modified_time":"2018-03-28T15:37:19+00:00","twitter_card":"summary_large_image","twitter_misc":{"Tiempo de lectura":"5 minutos"},"schema":{"@context":"https:\/\/schema.org","@graph":[{"@type":"WebPage","@id":"https:\/\/www.fisiohogar.com\/barcelona-sants\/fisioterapia-persones-grans\/","url":"https:\/\/www.fisiohogar.com\/barcelona-sants\/fisioterapia-persones-grans\/","name":"Fisioter\u00e0pia per persones grans - Barcelona fisioter\u00e0pia","isPartOf":{"@id":"https:\/\/www.fisiohogar.com\/barcelona-sants\/#website"},"datePublished":"2016-03-09T11:00:39+00:00","dateModified":"2018-03-28T15:37:19+00:00","breadcrumb":{"@id":"https:\/\/www.fisiohogar.com\/barcelona-sants\/fisioterapia-persones-grans\/#breadcrumb"},"inLanguage":"es","potentialAction":[{"@type":"ReadAction","target":["https:\/\/www.fisiohogar.com\/barcelona-sants\/fisioterapia-persones-grans\/"]}]},{"@type":"BreadcrumbList","@id":"https:\/\/www.fisiohogar.com\/barcelona-sants\/fisioterapia-persones-grans\/#breadcrumb","itemListElement":[{"@type":"ListItem","position":1,"name":"Portada","item":"https:\/\/www.fisiohogar.com\/barcelona-sants\/"},{"@type":"ListItem","position":2,"name":"Fisioter\u00e0pia per persones grans"}]},{"@type":"WebSite","@id":"https:\/\/www.fisiohogar.com\/barcelona-sants\/#website","url":"https:\/\/www.fisiohogar.com\/barcelona-sants\/","name":"Barcelona fisioter\u00e0pia","description":"Fisioter\u00e0pia a domicili a Barcelona","potentialAction":[{"@type":"SearchAction","target":{"@type":"EntryPoint","urlTemplate":"https:\/\/www.fisiohogar.com\/barcelona-sants\/?s={search_term_string}"},"query-input":{"@type":"PropertyValueSpecification","valueRequired":true,"valueName":"search_term_string"}}],"inLanguage":"es"}]}},"_links":{"self":[{"href":"https:\/\/www.fisiohogar.com\/barcelona-sants\/wp-json\/wp\/v2\/pages\/98","targetHints":{"allow":["GET"]}}],"collection":[{"href":"https:\/\/www.fisiohogar.com\/barcelona-sants\/wp-json\/wp\/v2\/pages"}],"about":[{"href":"https:\/\/www.fisiohogar.com\/barcelona-sants\/wp-json\/wp\/v2\/types\/page"}],"author":[{"embeddable":true,"href":"https:\/\/www.fisiohogar.com\/barcelona-sants\/wp-json\/wp\/v2\/users\/1"}],"replies":[{"embeddable":true,"href":"https:\/\/www.fisiohogar.com\/barcelona-sants\/wp-json\/wp\/v2\/comments?post=98"}],"version-history":[{"count":0,"href":"https:\/\/www.fisiohogar.com\/barcelona-sants\/wp-json\/wp\/v2\/pages\/98\/revisions"}],"wp:attachment":[{"href":"https:\/\/www.fisiohogar.com\/barcelona-sants\/wp-json\/wp\/v2\/media?parent=98"}],"curies":[{"name":"wp","href":"https:\/\/api.w.org\/{rel}","templated":true}]}}