{"id":41,"date":"2016-03-09T11:00:16","date_gmt":"2016-03-09T11:00:16","guid":{"rendered":"http:\/\/www.fisiohogar.com\/sansebastiandelosreyes\/?page_id=41"},"modified":"2022-09-13T14:52:49","modified_gmt":"2022-09-13T14:52:49","slug":"fisioterapia-padecimientos-musculares-articulares","status":"publish","type":"page","link":"https:\/\/www.fisiohogar.com\/alicante\/fisioterapia-padecimientos-musculares-articulares\/","title":{"rendered":"Fisioterapia para padecimientos musculares y articulares"},"content":{"rendered":"<p style=\"text-align: justify;\">Los problemas, o afecciones, articulares o musculares condicionan en gran medida a las personas que los padecen, de tal manera que desplazarse a una cl\u00ednica puede ser una tarea casi imposible, o por lo menos puede convertirse en un problema en s\u00ed mismo.<\/p>\n<p style=\"text-align: justify;\">Por esta raz\u00f3n en Fisiohogar, siendo conocedores de las necesidades de estos pacientes, \u00a0hemos creado un servicio de <strong>atenci\u00f3n domiciliaria<\/strong> en el cual uno de nuestros fisioterapeutas va a poder hacer un seguimiento de su padecimiento y le va a proponer las mejores soluciones para encontrar alivio a sus padecimientos musculares o articulares.<\/p>\n<p style=\"text-align: justify;\"><img decoding=\"async\" class=\"aligncenter size-full wp-image-546\" src=\"http:\/\/www.fisiohogar.com\/alicante\/wp-content\/uploads\/sites\/10\/2016\/03\/fisioterapia-muscular.jpg\" alt=\"fisioterapia-muscular\" width=\"900\" height=\"600\" srcset=\"https:\/\/www.fisiohogar.com\/alicante\/wp-content\/uploads\/sites\/10\/2016\/03\/fisioterapia-muscular-300x200.jpg 300w, https:\/\/www.fisiohogar.com\/alicante\/wp-content\/uploads\/sites\/10\/2016\/03\/fisioterapia-muscular-768x512.jpg 768w, https:\/\/www.fisiohogar.com\/alicante\/wp-content\/uploads\/sites\/10\/2016\/03\/fisioterapia-muscular.jpg 900w\" sizes=\"(max-width: 900px) 100vw, 900px\" \/><\/p>\n<p style=\"text-align: justify;\">En <strong>Alicante<\/strong> vamos a desplazarnos all\u00ed donde usted nos necesite, para poner en marcha el <strong>tratamiento fisioterap\u00e9utico<\/strong> de estas patolog\u00edas que en ocasiones son producto de alguna intervenci\u00f3n quir\u00fargica, tal vez tras la colocaci\u00f3n de una pr\u00f3tesis de rodilla o de cadera, o por otro tipo de padecimientos que tambi\u00e9n pueden ser muy frecuentes como las tendinitis, lumbalgias, o las que se derivan, sobre todo en pacientes de cierta edad, con padecimientos articulares.<\/p>\n<p style=\"text-align: justify;\">En estos pacientes planificamos una serie de sesiones, atendiendo siempre a cada caso en particular en funci\u00f3n de su estado de salud, que persiguen acelerar la recuperaci\u00f3n. No s\u00f3lo atendemos durante la sesi\u00f3n de fisioterapia sino que adem\u00e1s ofrecemos nuestros consejos para que la recuperaci\u00f3n sea m\u00e1s eficaz, evitando por ejemplo la realizaci\u00f3n de ejercicios inadecuados.<\/p>\n<p style=\"text-align: justify;\">Debido a que las afecciones que afectan a los huesos y los m\u00fasculos, sobre todo en sus manifestaciones m\u00e1s graves, suelen estar asociadas a las personas de la <strong>tercera edad<\/strong>, nuestro trabajo como fisioterapeutas tambi\u00e9n se plantea para que mejore su actitud.<\/p>\n<p style=\"text-align: justify;\">En estas personas es de gran importancia realizar un <strong>asesoramiento adecuado<\/strong> sobre los ejercicios que tienen que completar, o sobre ciertas rutinas diarias que pueden ayudar a su recuperaci\u00f3n o pueden evitar un empeoramiento de su estado.<\/p>\n<p style=\"text-align: justify;\">De esa manera nuestro trabajo tambi\u00e9n se centra en <strong>prevenir<\/strong>, puesto que tratamos con pacientes cr\u00f3nicos en los que una buena adaptaci\u00f3n, teniendo en cuenta sus limitaciones funcionales, puede conseguir que <strong>mejore y se mantenga durante m\u00e1s tiempo su independencia y la calidad de vida<\/strong>.<\/p>\n<p style=\"text-align: justify;\"><a href=\"http:\/\/www.fisiohogar.com\/alicante\/contacta-ahora\/\">P\u00f3ngase ahora en contacto con nosotros<\/a> y decida usted la hora y el d\u00eda en el que desea que nos pasemos por su domicilio.<\/p>\n<p style=\"text-align: justify;\">Desde la primera sesi\u00f3n de fisioterapia va a ser usted mismo quien podr\u00e1 valorar todo lo que podemos hacer por usted, y le aseguramos que la fisioterapia, en manos de grandes profesionales como quienes trabajan en Fisiohogar, puede ser de gran ayuda para quienes padecen afecciones o lesiones articulares o musculares.<\/p>\n","protected":false},"excerpt":{"rendered":"<p>Los problemas, o afecciones, articulares o musculares condicionan en gran medida a las personas que los padecen, de tal manera que desplazarse a una cl\u00ednica puede ser una tarea casi imposible, o por lo  [&#8230;]<\/p>\n","protected":false},"author":1,"featured_media":546,"parent":0,"menu_order":0,"comment_status":"closed","ping_status":"closed","template":"","meta":{"_joinchat":[],"footnotes":""},"class_list":["post-41","page","type-page","status-publish","has-post-thumbnail","hentry"],"yoast_head":"<!-- This site is optimized with the Yoast SEO plugin v27.4 - https:\/\/yoast.com\/product\/yoast-seo-wordpress\/ -->\n<title>Fisioterapia para padecimientos musculares y articulares - Alicante<\/title>\n<meta name=\"robots\" content=\"index, follow, max-snippet:-1, max-image-preview:large, max-video-preview:-1\" \/>\n<link rel=\"canonical\" href=\"https:\/\/www.fisiohogar.com\/alicante\/fisioterapia-padecimientos-musculares-articulares\/\" \/>\n<meta property=\"og:locale\" content=\"es_ES\" \/>\n<meta property=\"og:type\" content=\"article\" \/>\n<meta property=\"og:title\" content=\"Fisioterapia para padecimientos musculares y articulares - Alicante\" \/>\n<meta property=\"og:description\" content=\"Los problemas, o afecciones, articulares o musculares condicionan en gran medida a las personas que los padecen, de tal manera que desplazarse a una cl\u00ednica puede ser una tarea casi imposible, o por lo [...]\" \/>\n<meta property=\"og:url\" content=\"https:\/\/www.fisiohogar.com\/alicante\/fisioterapia-padecimientos-musculares-articulares\/\" \/>\n<meta property=\"og:site_name\" content=\"Alicante\" \/>\n<meta property=\"article:modified_time\" content=\"2022-09-13T14:52:49+00:00\" \/>\n<meta property=\"og:image\" content=\"https:\/\/www.fisiohogar.com\/alicante\/wp-content\/uploads\/sites\/10\/2016\/03\/fisioterapia-muscular.jpg\" \/>\n\t<meta property=\"og:image:width\" content=\"900\" \/>\n\t<meta property=\"og:image:height\" content=\"600\" \/>\n\t<meta property=\"og:image:type\" content=\"image\/jpeg\" \/>\n<meta name=\"twitter:card\" content=\"summary_large_image\" \/>\n<meta name=\"twitter:label1\" content=\"Tiempo de lectura\" \/>\n\t<meta name=\"twitter:data1\" content=\"3 minutos\" \/>\n<script type=\"application\/ld+json\" class=\"yoast-schema-graph\">{\"@context\":\"https:\\\/\\\/schema.org\",\"@graph\":[{\"@type\":\"WebPage\",\"@id\":\"https:\\\/\\\/www.fisiohogar.com\\\/alicante\\\/fisioterapia-padecimientos-musculares-articulares\\\/\",\"url\":\"https:\\\/\\\/www.fisiohogar.com\\\/alicante\\\/fisioterapia-padecimientos-musculares-articulares\\\/\",\"name\":\"Fisioterapia para padecimientos musculares y articulares - Alicante\",\"isPartOf\":{\"@id\":\"https:\\\/\\\/www.fisiohogar.com\\\/alicante\\\/es\\\/fisioterapia-domicilio-alicante\\\/#website\"},\"primaryImageOfPage\":{\"@id\":\"https:\\\/\\\/www.fisiohogar.com\\\/alicante\\\/fisioterapia-padecimientos-musculares-articulares\\\/#primaryimage\"},\"image\":{\"@id\":\"https:\\\/\\\/www.fisiohogar.com\\\/alicante\\\/fisioterapia-padecimientos-musculares-articulares\\\/#primaryimage\"},\"thumbnailUrl\":\"https:\\\/\\\/www.fisiohogar.com\\\/alicante\\\/wp-content\\\/uploads\\\/sites\\\/10\\\/2016\\\/03\\\/fisioterapia-muscular.jpg\",\"datePublished\":\"2016-03-09T11:00:16+00:00\",\"dateModified\":\"2022-09-13T14:52:49+00:00\",\"breadcrumb\":{\"@id\":\"https:\\\/\\\/www.fisiohogar.com\\\/alicante\\\/fisioterapia-padecimientos-musculares-articulares\\\/#breadcrumb\"},\"inLanguage\":\"es\",\"potentialAction\":[{\"@type\":\"ReadAction\",\"target\":[\"https:\\\/\\\/www.fisiohogar.com\\\/alicante\\\/fisioterapia-padecimientos-musculares-articulares\\\/\"]}]},{\"@type\":\"ImageObject\",\"inLanguage\":\"es\",\"@id\":\"https:\\\/\\\/www.fisiohogar.com\\\/alicante\\\/fisioterapia-padecimientos-musculares-articulares\\\/#primaryimage\",\"url\":\"https:\\\/\\\/www.fisiohogar.com\\\/alicante\\\/wp-content\\\/uploads\\\/sites\\\/10\\\/2016\\\/03\\\/fisioterapia-muscular.jpg\",\"contentUrl\":\"https:\\\/\\\/www.fisiohogar.com\\\/alicante\\\/wp-content\\\/uploads\\\/sites\\\/10\\\/2016\\\/03\\\/fisioterapia-muscular.jpg\",\"width\":900,\"height\":600},{\"@type\":\"BreadcrumbList\",\"@id\":\"https:\\\/\\\/www.fisiohogar.com\\\/alicante\\\/fisioterapia-padecimientos-musculares-articulares\\\/#breadcrumb\",\"itemListElement\":[{\"@type\":\"ListItem\",\"position\":1,\"name\":\"Portada\",\"item\":\"https:\\\/\\\/www.fisiohogar.com\\\/alicante\\\/\"},{\"@type\":\"ListItem\",\"position\":2,\"name\":\"Fisioterapia para padecimientos musculares y articulares\"}]},{\"@type\":\"WebSite\",\"@id\":\"https:\\\/\\\/www.fisiohogar.com\\\/alicante\\\/es\\\/fisioterapia-domicilio-alicante\\\/#website\",\"url\":\"https:\\\/\\\/www.fisiohogar.com\\\/alicante\\\/es\\\/fisioterapia-domicilio-alicante\\\/\",\"name\":\"Alicante\",\"description\":\"Fisioterapia a domicilio en Alicante\",\"potentialAction\":[{\"@type\":\"SearchAction\",\"target\":{\"@type\":\"EntryPoint\",\"urlTemplate\":\"https:\\\/\\\/www.fisiohogar.com\\\/alicante\\\/es\\\/fisioterapia-domicilio-alicante\\\/?s={search_term_string}\"},\"query-input\":{\"@type\":\"PropertyValueSpecification\",\"valueRequired\":true,\"valueName\":\"search_term_string\"}}],\"inLanguage\":\"es\"}]}<\/script>\n<!-- \/ Yoast SEO plugin. -->","yoast_head_json":{"title":"Fisioterapia para padecimientos musculares y articulares - Alicante","robots":{"index":"index","follow":"follow","max-snippet":"max-snippet:-1","max-image-preview":"max-image-preview:large","max-video-preview":"max-video-preview:-1"},"canonical":"https:\/\/www.fisiohogar.com\/alicante\/fisioterapia-padecimientos-musculares-articulares\/","og_locale":"es_ES","og_type":"article","og_title":"Fisioterapia para padecimientos musculares y articulares - Alicante","og_description":"Los problemas, o afecciones, articulares o musculares condicionan en gran medida a las personas que los padecen, de tal manera que desplazarse a una cl\u00ednica puede ser una tarea casi imposible, o por lo [...]","og_url":"https:\/\/www.fisiohogar.com\/alicante\/fisioterapia-padecimientos-musculares-articulares\/","og_site_name":"Alicante","article_modified_time":"2022-09-13T14:52:49+00:00","og_image":[{"width":900,"height":600,"url":"https:\/\/www.fisiohogar.com\/alicante\/wp-content\/uploads\/sites\/10\/2016\/03\/fisioterapia-muscular.jpg","type":"image\/jpeg"}],"twitter_card":"summary_large_image","twitter_misc":{"Tiempo de lectura":"3 minutos"},"schema":{"@context":"https:\/\/schema.org","@graph":[{"@type":"WebPage","@id":"https:\/\/www.fisiohogar.com\/alicante\/fisioterapia-padecimientos-musculares-articulares\/","url":"https:\/\/www.fisiohogar.com\/alicante\/fisioterapia-padecimientos-musculares-articulares\/","name":"Fisioterapia para padecimientos musculares y articulares - Alicante","isPartOf":{"@id":"https:\/\/www.fisiohogar.com\/alicante\/es\/fisioterapia-domicilio-alicante\/#website"},"primaryImageOfPage":{"@id":"https:\/\/www.fisiohogar.com\/alicante\/fisioterapia-padecimientos-musculares-articulares\/#primaryimage"},"image":{"@id":"https:\/\/www.fisiohogar.com\/alicante\/fisioterapia-padecimientos-musculares-articulares\/#primaryimage"},"thumbnailUrl":"https:\/\/www.fisiohogar.com\/alicante\/wp-content\/uploads\/sites\/10\/2016\/03\/fisioterapia-muscular.jpg","datePublished":"2016-03-09T11:00:16+00:00","dateModified":"2022-09-13T14:52:49+00:00","breadcrumb":{"@id":"https:\/\/www.fisiohogar.com\/alicante\/fisioterapia-padecimientos-musculares-articulares\/#breadcrumb"},"inLanguage":"es","potentialAction":[{"@type":"ReadAction","target":["https:\/\/www.fisiohogar.com\/alicante\/fisioterapia-padecimientos-musculares-articulares\/"]}]},{"@type":"ImageObject","inLanguage":"es","@id":"https:\/\/www.fisiohogar.com\/alicante\/fisioterapia-padecimientos-musculares-articulares\/#primaryimage","url":"https:\/\/www.fisiohogar.com\/alicante\/wp-content\/uploads\/sites\/10\/2016\/03\/fisioterapia-muscular.jpg","contentUrl":"https:\/\/www.fisiohogar.com\/alicante\/wp-content\/uploads\/sites\/10\/2016\/03\/fisioterapia-muscular.jpg","width":900,"height":600},{"@type":"BreadcrumbList","@id":"https:\/\/www.fisiohogar.com\/alicante\/fisioterapia-padecimientos-musculares-articulares\/#breadcrumb","itemListElement":[{"@type":"ListItem","position":1,"name":"Portada","item":"https:\/\/www.fisiohogar.com\/alicante\/"},{"@type":"ListItem","position":2,"name":"Fisioterapia para padecimientos musculares y articulares"}]},{"@type":"WebSite","@id":"https:\/\/www.fisiohogar.com\/alicante\/es\/fisioterapia-domicilio-alicante\/#website","url":"https:\/\/www.fisiohogar.com\/alicante\/es\/fisioterapia-domicilio-alicante\/","name":"Alicante","description":"Fisioterapia a domicilio en Alicante","potentialAction":[{"@type":"SearchAction","target":{"@type":"EntryPoint","urlTemplate":"https:\/\/www.fisiohogar.com\/alicante\/es\/fisioterapia-domicilio-alicante\/?s={search_term_string}"},"query-input":{"@type":"PropertyValueSpecification","valueRequired":true,"valueName":"search_term_string"}}],"inLanguage":"es"}]}},"_links":{"self":[{"href":"https:\/\/www.fisiohogar.com\/alicante\/wp-json\/wp\/v2\/pages\/41","targetHints":{"allow":["GET"]}}],"collection":[{"href":"https:\/\/www.fisiohogar.com\/alicante\/wp-json\/wp\/v2\/pages"}],"about":[{"href":"https:\/\/www.fisiohogar.com\/alicante\/wp-json\/wp\/v2\/types\/page"}],"author":[{"embeddable":true,"href":"https:\/\/www.fisiohogar.com\/alicante\/wp-json\/wp\/v2\/users\/1"}],"replies":[{"embeddable":true,"href":"https:\/\/www.fisiohogar.com\/alicante\/wp-json\/wp\/v2\/comments?post=41"}],"version-history":[{"count":5,"href":"https:\/\/www.fisiohogar.com\/alicante\/wp-json\/wp\/v2\/pages\/41\/revisions"}],"predecessor-version":[{"id":4975,"href":"https:\/\/www.fisiohogar.com\/alicante\/wp-json\/wp\/v2\/pages\/41\/revisions\/4975"}],"wp:featuredmedia":[{"embeddable":true,"href":"https:\/\/www.fisiohogar.com\/alicante\/wp-json\/wp\/v2\/media\/546"}],"wp:attachment":[{"href":"https:\/\/www.fisiohogar.com\/alicante\/wp-json\/wp\/v2\/media?parent=41"}],"curies":[{"name":"wp","href":"https:\/\/api.w.org\/{rel}","templated":true}]}}