{"id":27,"date":"2016-03-09T10:56:36","date_gmt":"2016-03-09T10:56:36","guid":{"rendered":"http:\/\/www.fisiohogar.com\/sansebastiandelosreyes\/?page_id=25"},"modified":"2022-09-13T14:59:43","modified_gmt":"2022-09-13T14:59:43","slug":"fisioterapia-para-deportistas","status":"publish","type":"page","link":"https:\/\/www.fisiohogar.com\/alicante\/fisioterapia-para-deportistas\/","title":{"rendered":"Fisioterapia para deportistas"},"content":{"rendered":"<p style=\"text-align: justify;\">Cualquier pr\u00e1ctica deportiva, ya se realice de manera amateur o profesional, siempre va a llevar impl\u00edcita el <strong>riesgo a una serie de lesiones<\/strong>, que pueden ser de mayor o menor importancia, que deber\u00edan de ser tratadas correctamente para evitar cualquier tipo de cronificaci\u00f3n o mala curaci\u00f3n.<\/p>\n<p style=\"text-align: justify;\">Con el servicio de fisioterapia a domicilio que le ofrece Fisiohogar, no s\u00f3lo le garantizamos el <strong>tratamiento profesional de mayor calidad<\/strong>, sino que adem\u00e1s aportamos la <strong>comodidad de la atenci\u00f3n a domicilio<\/strong> que resulta tan necesaria cuando los desplazamientos conlleva un esfuerzo f\u00edsico no deseable.<\/p>\n<p style=\"text-align: justify;\"><img decoding=\"async\" class=\"aligncenter size-full wp-image-598\" src=\"http:\/\/www.fisiohogar.com\/alicante\/wp-content\/uploads\/sites\/10\/2016\/03\/fisioterapia-deporte.jpg\" alt=\"fisioterapia-deporte\" width=\"900\" height=\"578\" srcset=\"https:\/\/www.fisiohogar.com\/alicante\/wp-content\/uploads\/sites\/10\/2016\/03\/fisioterapia-deporte-300x193.jpg 300w, https:\/\/www.fisiohogar.com\/alicante\/wp-content\/uploads\/sites\/10\/2016\/03\/fisioterapia-deporte-768x493.jpg 768w, https:\/\/www.fisiohogar.com\/alicante\/wp-content\/uploads\/sites\/10\/2016\/03\/fisioterapia-deporte.jpg 900w\" sizes=\"(max-width: 900px) 100vw, 900px\" \/><\/p>\n<p style=\"text-align: justify;\">El objetivo de las sesiones de fisioterapia es que, en primer lugar se eviten situaciones de riesgo por lesiones que no se hayan valorado correctamente. Por este motivo lo primero que realizar\u00e1 cualquiera de nuestros fisioterapeutas es una <strong>valoraci\u00f3n de lo que le sucede.<\/strong><\/p>\n<p style=\"text-align: justify;\">Atendiendo al estado de su lesi\u00f3n plantear\u00e1 el <strong>tratamiento m\u00e1s adecuado<\/strong>, que busca no s\u00f3lo el alivio sintom\u00e1tico sino tambi\u00e9n <strong>favorecer una m\u00e1s r\u00e1pida curaci\u00f3n<\/strong>.<\/p>\n<p style=\"text-align: justify;\">Para que las lesiones deportivas, que en ocasiones suelen presentarse de manera repetitiva, no lleguen a ser causa del abandono del deporte, queremos estar siempre a su lado para cuando nos necesite. De esa manera podremos aconsejarle sobre la manera de prevenirlas, o sobre la manera de actuar correcta cuando ya se ha producido alguna lesi\u00f3n.<\/p>\n<p style=\"text-align: justify;\"><strong>Queremos ser su fisioterapeuta de cabecera<\/strong>, a quien pueda consultarle y al que pueda recurrir en cualquier momento.<\/p>\n<p style=\"text-align: justify;\">En Fisiohogar participamos activamente en diferentes actos deportivos, ofreciendo nuestra atenci\u00f3n profesional.<\/p>\n<p style=\"text-align: justify;\">Si usted practica cualquier deporte y desea tener la mejor atenci\u00f3n posible ante posibles lesiones, o para cualquier molestia muscular o articular, no dude en consultar con nosotros. Preg\u00fantenos y le atenderemos encantados resolviendo cualquier duda que tenga sobre nuestro servicio.<\/p>\n<p style=\"text-align: justify;\">A su disposici\u00f3n hemos puesto un <a href=\"http:\/\/www.fisiohogar.com\/alicante\/contacta-ahora\/\">formulario de contacto<\/a>, pero si lo prefiere tambi\u00e9n puede llamarnos por tel\u00e9fono.<\/p>\n<p style=\"text-align: justify;\">En la atenci\u00f3n domiciliaria nos desplazamos con todos los materiales necesarios para completar una sesi\u00f3n de fisioterapia.<\/p>\n","protected":false},"excerpt":{"rendered":"<p>Cualquier pr\u00e1ctica deportiva, ya se realice de manera amateur o profesional, siempre va a llevar impl\u00edcita el riesgo a una serie de lesiones, que pueden ser de mayor o menor importancia, que deber\u00edan de  [&#8230;]<\/p>\n","protected":false},"author":1,"featured_media":598,"parent":0,"menu_order":0,"comment_status":"closed","ping_status":"closed","template":"","meta":{"_joinchat":[],"footnotes":""},"class_list":["post-27","page","type-page","status-publish","has-post-thumbnail","hentry"],"yoast_head":"<!-- This site is optimized with the Yoast SEO plugin v27.4 - https:\/\/yoast.com\/product\/yoast-seo-wordpress\/ -->\n<title>Fisioterapia para deportistas - Alicante<\/title>\n<meta name=\"robots\" content=\"index, follow, max-snippet:-1, max-image-preview:large, max-video-preview:-1\" \/>\n<link rel=\"canonical\" href=\"https:\/\/www.fisiohogar.com\/alicante\/fisioterapia-para-deportistas\/\" \/>\n<meta property=\"og:locale\" content=\"es_ES\" \/>\n<meta property=\"og:type\" content=\"article\" \/>\n<meta property=\"og:title\" content=\"Fisioterapia para deportistas - Alicante\" \/>\n<meta property=\"og:description\" content=\"Cualquier pr\u00e1ctica deportiva, ya se realice de manera amateur o profesional, siempre va a llevar impl\u00edcita el riesgo a una serie de lesiones, que pueden ser de mayor o menor importancia, que deber\u00edan de [...]\" \/>\n<meta property=\"og:url\" content=\"https:\/\/www.fisiohogar.com\/alicante\/fisioterapia-para-deportistas\/\" \/>\n<meta property=\"og:site_name\" content=\"Alicante\" \/>\n<meta property=\"article:modified_time\" content=\"2022-09-13T14:59:43+00:00\" \/>\n<meta property=\"og:image\" content=\"https:\/\/www.fisiohogar.com\/alicante\/wp-content\/uploads\/sites\/10\/2016\/03\/fisioterapia-deporte.jpg\" \/>\n\t<meta property=\"og:image:width\" content=\"900\" \/>\n\t<meta property=\"og:image:height\" content=\"578\" \/>\n\t<meta property=\"og:image:type\" content=\"image\/jpeg\" \/>\n<meta name=\"twitter:card\" content=\"summary_large_image\" \/>\n<meta name=\"twitter:label1\" content=\"Tiempo de lectura\" \/>\n\t<meta name=\"twitter:data1\" content=\"2 minutos\" \/>\n<script type=\"application\/ld+json\" class=\"yoast-schema-graph\">{\"@context\":\"https:\\\/\\\/schema.org\",\"@graph\":[{\"@type\":\"WebPage\",\"@id\":\"https:\\\/\\\/www.fisiohogar.com\\\/alicante\\\/fisioterapia-para-deportistas\\\/\",\"url\":\"https:\\\/\\\/www.fisiohogar.com\\\/alicante\\\/fisioterapia-para-deportistas\\\/\",\"name\":\"Fisioterapia para deportistas - Alicante\",\"isPartOf\":{\"@id\":\"https:\\\/\\\/www.fisiohogar.com\\\/alicante\\\/es\\\/fisioterapia-domicilio-alicante\\\/#website\"},\"primaryImageOfPage\":{\"@id\":\"https:\\\/\\\/www.fisiohogar.com\\\/alicante\\\/fisioterapia-para-deportistas\\\/#primaryimage\"},\"image\":{\"@id\":\"https:\\\/\\\/www.fisiohogar.com\\\/alicante\\\/fisioterapia-para-deportistas\\\/#primaryimage\"},\"thumbnailUrl\":\"https:\\\/\\\/www.fisiohogar.com\\\/alicante\\\/wp-content\\\/uploads\\\/sites\\\/10\\\/2016\\\/03\\\/fisioterapia-deporte.jpg\",\"datePublished\":\"2016-03-09T10:56:36+00:00\",\"dateModified\":\"2022-09-13T14:59:43+00:00\",\"breadcrumb\":{\"@id\":\"https:\\\/\\\/www.fisiohogar.com\\\/alicante\\\/fisioterapia-para-deportistas\\\/#breadcrumb\"},\"inLanguage\":\"es\",\"potentialAction\":[{\"@type\":\"ReadAction\",\"target\":[\"https:\\\/\\\/www.fisiohogar.com\\\/alicante\\\/fisioterapia-para-deportistas\\\/\"]}]},{\"@type\":\"ImageObject\",\"inLanguage\":\"es\",\"@id\":\"https:\\\/\\\/www.fisiohogar.com\\\/alicante\\\/fisioterapia-para-deportistas\\\/#primaryimage\",\"url\":\"https:\\\/\\\/www.fisiohogar.com\\\/alicante\\\/wp-content\\\/uploads\\\/sites\\\/10\\\/2016\\\/03\\\/fisioterapia-deporte.jpg\",\"contentUrl\":\"https:\\\/\\\/www.fisiohogar.com\\\/alicante\\\/wp-content\\\/uploads\\\/sites\\\/10\\\/2016\\\/03\\\/fisioterapia-deporte.jpg\",\"width\":900,\"height\":578},{\"@type\":\"BreadcrumbList\",\"@id\":\"https:\\\/\\\/www.fisiohogar.com\\\/alicante\\\/fisioterapia-para-deportistas\\\/#breadcrumb\",\"itemListElement\":[{\"@type\":\"ListItem\",\"position\":1,\"name\":\"Portada\",\"item\":\"https:\\\/\\\/www.fisiohogar.com\\\/alicante\\\/\"},{\"@type\":\"ListItem\",\"position\":2,\"name\":\"Fisioterapia para deportistas\"}]},{\"@type\":\"WebSite\",\"@id\":\"https:\\\/\\\/www.fisiohogar.com\\\/alicante\\\/es\\\/fisioterapia-domicilio-alicante\\\/#website\",\"url\":\"https:\\\/\\\/www.fisiohogar.com\\\/alicante\\\/es\\\/fisioterapia-domicilio-alicante\\\/\",\"name\":\"Alicante\",\"description\":\"Fisioterapia a domicilio en Alicante\",\"potentialAction\":[{\"@type\":\"SearchAction\",\"target\":{\"@type\":\"EntryPoint\",\"urlTemplate\":\"https:\\\/\\\/www.fisiohogar.com\\\/alicante\\\/es\\\/fisioterapia-domicilio-alicante\\\/?s={search_term_string}\"},\"query-input\":{\"@type\":\"PropertyValueSpecification\",\"valueRequired\":true,\"valueName\":\"search_term_string\"}}],\"inLanguage\":\"es\"}]}<\/script>\n<!-- \/ Yoast SEO plugin. -->","yoast_head_json":{"title":"Fisioterapia para deportistas - Alicante","robots":{"index":"index","follow":"follow","max-snippet":"max-snippet:-1","max-image-preview":"max-image-preview:large","max-video-preview":"max-video-preview:-1"},"canonical":"https:\/\/www.fisiohogar.com\/alicante\/fisioterapia-para-deportistas\/","og_locale":"es_ES","og_type":"article","og_title":"Fisioterapia para deportistas - Alicante","og_description":"Cualquier pr\u00e1ctica deportiva, ya se realice de manera amateur o profesional, siempre va a llevar impl\u00edcita el riesgo a una serie de lesiones, que pueden ser de mayor o menor importancia, que deber\u00edan de [...]","og_url":"https:\/\/www.fisiohogar.com\/alicante\/fisioterapia-para-deportistas\/","og_site_name":"Alicante","article_modified_time":"2022-09-13T14:59:43+00:00","og_image":[{"width":900,"height":578,"url":"https:\/\/www.fisiohogar.com\/alicante\/wp-content\/uploads\/sites\/10\/2016\/03\/fisioterapia-deporte.jpg","type":"image\/jpeg"}],"twitter_card":"summary_large_image","twitter_misc":{"Tiempo de lectura":"2 minutos"},"schema":{"@context":"https:\/\/schema.org","@graph":[{"@type":"WebPage","@id":"https:\/\/www.fisiohogar.com\/alicante\/fisioterapia-para-deportistas\/","url":"https:\/\/www.fisiohogar.com\/alicante\/fisioterapia-para-deportistas\/","name":"Fisioterapia para deportistas - Alicante","isPartOf":{"@id":"https:\/\/www.fisiohogar.com\/alicante\/es\/fisioterapia-domicilio-alicante\/#website"},"primaryImageOfPage":{"@id":"https:\/\/www.fisiohogar.com\/alicante\/fisioterapia-para-deportistas\/#primaryimage"},"image":{"@id":"https:\/\/www.fisiohogar.com\/alicante\/fisioterapia-para-deportistas\/#primaryimage"},"thumbnailUrl":"https:\/\/www.fisiohogar.com\/alicante\/wp-content\/uploads\/sites\/10\/2016\/03\/fisioterapia-deporte.jpg","datePublished":"2016-03-09T10:56:36+00:00","dateModified":"2022-09-13T14:59:43+00:00","breadcrumb":{"@id":"https:\/\/www.fisiohogar.com\/alicante\/fisioterapia-para-deportistas\/#breadcrumb"},"inLanguage":"es","potentialAction":[{"@type":"ReadAction","target":["https:\/\/www.fisiohogar.com\/alicante\/fisioterapia-para-deportistas\/"]}]},{"@type":"ImageObject","inLanguage":"es","@id":"https:\/\/www.fisiohogar.com\/alicante\/fisioterapia-para-deportistas\/#primaryimage","url":"https:\/\/www.fisiohogar.com\/alicante\/wp-content\/uploads\/sites\/10\/2016\/03\/fisioterapia-deporte.jpg","contentUrl":"https:\/\/www.fisiohogar.com\/alicante\/wp-content\/uploads\/sites\/10\/2016\/03\/fisioterapia-deporte.jpg","width":900,"height":578},{"@type":"BreadcrumbList","@id":"https:\/\/www.fisiohogar.com\/alicante\/fisioterapia-para-deportistas\/#breadcrumb","itemListElement":[{"@type":"ListItem","position":1,"name":"Portada","item":"https:\/\/www.fisiohogar.com\/alicante\/"},{"@type":"ListItem","position":2,"name":"Fisioterapia para deportistas"}]},{"@type":"WebSite","@id":"https:\/\/www.fisiohogar.com\/alicante\/es\/fisioterapia-domicilio-alicante\/#website","url":"https:\/\/www.fisiohogar.com\/alicante\/es\/fisioterapia-domicilio-alicante\/","name":"Alicante","description":"Fisioterapia a domicilio en Alicante","potentialAction":[{"@type":"SearchAction","target":{"@type":"EntryPoint","urlTemplate":"https:\/\/www.fisiohogar.com\/alicante\/es\/fisioterapia-domicilio-alicante\/?s={search_term_string}"},"query-input":{"@type":"PropertyValueSpecification","valueRequired":true,"valueName":"search_term_string"}}],"inLanguage":"es"}]}},"_links":{"self":[{"href":"https:\/\/www.fisiohogar.com\/alicante\/wp-json\/wp\/v2\/pages\/27","targetHints":{"allow":["GET"]}}],"collection":[{"href":"https:\/\/www.fisiohogar.com\/alicante\/wp-json\/wp\/v2\/pages"}],"about":[{"href":"https:\/\/www.fisiohogar.com\/alicante\/wp-json\/wp\/v2\/types\/page"}],"author":[{"embeddable":true,"href":"https:\/\/www.fisiohogar.com\/alicante\/wp-json\/wp\/v2\/users\/1"}],"replies":[{"embeddable":true,"href":"https:\/\/www.fisiohogar.com\/alicante\/wp-json\/wp\/v2\/comments?post=27"}],"version-history":[{"count":2,"href":"https:\/\/www.fisiohogar.com\/alicante\/wp-json\/wp\/v2\/pages\/27\/revisions"}],"predecessor-version":[{"id":599,"href":"https:\/\/www.fisiohogar.com\/alicante\/wp-json\/wp\/v2\/pages\/27\/revisions\/599"}],"wp:featuredmedia":[{"embeddable":true,"href":"https:\/\/www.fisiohogar.com\/alicante\/wp-json\/wp\/v2\/media\/598"}],"wp:attachment":[{"href":"https:\/\/www.fisiohogar.com\/alicante\/wp-json\/wp\/v2\/media?parent=27"}],"curies":[{"name":"wp","href":"https:\/\/api.w.org\/{rel}","templated":true}]}}