{"id":26,"date":"2016-03-09T10:56:12","date_gmt":"2016-03-09T10:56:12","guid":{"rendered":"http:\/\/www.fisiohogar.com\/sansebastiandelosreyes\/?page_id=23"},"modified":"2022-09-13T15:04:22","modified_gmt":"2022-09-13T15:04:22","slug":"fisioterapia-neurologica","status":"publish","type":"page","link":"https:\/\/www.fisiohogar.com\/alicante\/fisioterapia-neurologica\/","title":{"rendered":"Fisioterapia neurol\u00f3gica"},"content":{"rendered":"<p style=\"text-align: justify;\">Hay un gran n\u00famero de pacientes neurol\u00f3gicos que gracias a la fisioterapia se puede conseguir que vean <strong>mejorada su calidad vida<\/strong>.<\/p>\n<p style=\"text-align: justify;\">El planteamiento no va a ser la curaci\u00f3n del Parkinson o del Alzheimer por medio de sesiones de fisioterapia, sino que el objetivo va a ser <strong>reducir sus secuelas, combatir los s\u00edntomas y prevenir el avance de estas afecciones o por lo menos hacerlo m\u00e1s lento<\/strong>.<\/p>\n<p style=\"text-align: justify;\">Los fisioterapeutas de Fisiohogar tambi\u00e9n ejercen una importante misi\u00f3n de <strong>apoyo a los pacientes<\/strong> para que no se sientan perdidos, y encuentren el sost\u00e9n que les permita mantener la esperanza con sus avances en la recuperaci\u00f3n o mantenimiento de funciones f\u00edsicas.<\/p>\n<p style=\"text-align: justify;\"><img decoding=\"async\" class=\"aligncenter size-full wp-image-594\" src=\"http:\/\/www.fisiohogar.com\/alicante\/wp-content\/uploads\/sites\/10\/2016\/03\/fisioterapia-neurologica.jpg\" alt=\"fisioterapia-neurologica\" width=\"900\" height=\"602\" srcset=\"https:\/\/www.fisiohogar.com\/alicante\/wp-content\/uploads\/sites\/10\/2016\/03\/fisioterapia-neurologica-300x201.jpg 300w, https:\/\/www.fisiohogar.com\/alicante\/wp-content\/uploads\/sites\/10\/2016\/03\/fisioterapia-neurologica-768x514.jpg 768w, https:\/\/www.fisiohogar.com\/alicante\/wp-content\/uploads\/sites\/10\/2016\/03\/fisioterapia-neurologica.jpg 900w\" sizes=\"(max-width: 900px) 100vw, 900px\" \/><\/p>\n<p style=\"text-align: justify;\">La variedad de padecimientos neurol\u00f3gicos a las que podemos ofrecer tratamiento eficaz desde la fisioterapia son numerosas, cada una de ellas con sus caracter\u00edsticas y sintomatolog\u00eda particular, como es el caso de los ictus, Parkinson, ataxias, esclerosis m\u00faltiple, Alzheimer, lesiones medulares&#8230;<\/p>\n<p style=\"text-align: justify;\">No podemos tratar a todos los pacientes de la misma manera, ni podemos plantear los mismos tratamientos para afecciones diferentes, por ese motivo siempre realizados una valoraci\u00f3n inicial del estado de salud del paciente para conocer con todo detalle en qu\u00e9 estado se encuentra y para plantear el tratamiento que consideremos m\u00e1s eficaz en su caso.<\/p>\n<p style=\"text-align: justify;\">Creamos <strong>programas a medida<\/strong> que se desarrollar\u00e1n en su propio domicilio. Ese es uno de los puntos fuertes y m\u00e1s destacados de Fisiohogar pues nuestro servicio se basa en el <strong>tratamiento en el propio domicilio del paciente<\/strong>, evitando as\u00ed desplazamientos que en algunos casos pueden resultar agotadores. Nos adaptamos siempre a sus horarios.<\/p>\n<p style=\"text-align: justify;\">Otra ventaja de estos tratamientos es que\u00a0al realizarse en su domicilio le permitir\u00e1n aprovechar\u00a0mejor su tiempo. Adem\u00e1s en nuestros fisioterapeutas encontrar\u00e1 a personas comprometidas con su trabajo y siempre dispuestas a ofrecerle los mejores consejos, para que tambi\u00e9n pueda realizar ejercicios como complemento a las sesiones de fisioterapia.<\/p>\n<p style=\"text-align: justify;\">Nuestros fisioterapeutas son profesionales que no s\u00f3lo tienen conocimientos especializados en el tratamiento de pacientes neurol\u00f3gicos sino que adem\u00e1s, suman su experiencia y su constante actualizaci\u00f3n de conocimientos.<\/p>\n<p style=\"text-align: justify;\">Le proponemos que se ponga <a href=\"http:\/\/www.fisiohogar.com\/alicante\/contacta-ahora\/\">en contacto con nosotros<\/a> para que pueda conocer todo lo que la fisioterapia puede ofrecer.<\/p>\n<p style=\"text-align: justify;\"><strong>La valoraci\u00f3n del estado del paciente la realizamos de manera gratuita<\/strong>, y en la primera sesi\u00f3n de fisioterapia podr\u00e1 conocer c\u00f3mo es el tratamiento planteado y qu\u00e9 expectativas puede tener con relaci\u00f3n a su padecimiento.<\/p>\n","protected":false},"excerpt":{"rendered":"<p>Hay un gran n\u00famero de pacientes neurol\u00f3gicos que gracias a la fisioterapia se puede conseguir que vean mejorada su calidad vida. El planteamiento no va a ser la curaci\u00f3n del Parkinson o del Alzheimer  [&#8230;]<\/p>\n","protected":false},"author":1,"featured_media":594,"parent":0,"menu_order":0,"comment_status":"closed","ping_status":"closed","template":"","meta":{"_joinchat":[],"footnotes":""},"class_list":["post-26","page","type-page","status-publish","has-post-thumbnail","hentry"],"yoast_head":"<!-- This site is optimized with the Yoast SEO plugin v27.4 - https:\/\/yoast.com\/product\/yoast-seo-wordpress\/ -->\n<title>Fisioterapia neurol\u00f3gica - Alicante<\/title>\n<meta name=\"robots\" content=\"index, follow, max-snippet:-1, max-image-preview:large, max-video-preview:-1\" \/>\n<link rel=\"canonical\" href=\"https:\/\/www.fisiohogar.com\/alicante\/fisioterapia-neurologica\/\" \/>\n<meta property=\"og:locale\" content=\"es_ES\" \/>\n<meta property=\"og:type\" content=\"article\" \/>\n<meta property=\"og:title\" content=\"Fisioterapia neurol\u00f3gica - Alicante\" \/>\n<meta property=\"og:description\" content=\"Hay un gran n\u00famero de pacientes neurol\u00f3gicos que gracias a la fisioterapia se puede conseguir que vean mejorada su calidad vida. El planteamiento no va a ser la curaci\u00f3n del Parkinson o del Alzheimer [...]\" \/>\n<meta property=\"og:url\" content=\"https:\/\/www.fisiohogar.com\/alicante\/fisioterapia-neurologica\/\" \/>\n<meta property=\"og:site_name\" content=\"Alicante\" \/>\n<meta property=\"article:modified_time\" content=\"2022-09-13T15:04:22+00:00\" \/>\n<meta property=\"og:image\" content=\"https:\/\/www.fisiohogar.com\/alicante\/wp-content\/uploads\/sites\/10\/2016\/03\/fisioterapia-neurologica.jpg\" \/>\n\t<meta property=\"og:image:width\" content=\"900\" \/>\n\t<meta property=\"og:image:height\" content=\"602\" \/>\n\t<meta property=\"og:image:type\" content=\"image\/jpeg\" \/>\n<meta name=\"twitter:card\" content=\"summary_large_image\" \/>\n<meta name=\"twitter:label1\" content=\"Tiempo de lectura\" \/>\n\t<meta name=\"twitter:data1\" content=\"2 minutos\" \/>\n<script type=\"application\/ld+json\" class=\"yoast-schema-graph\">{\"@context\":\"https:\\\/\\\/schema.org\",\"@graph\":[{\"@type\":\"WebPage\",\"@id\":\"https:\\\/\\\/www.fisiohogar.com\\\/alicante\\\/fisioterapia-neurologica\\\/\",\"url\":\"https:\\\/\\\/www.fisiohogar.com\\\/alicante\\\/fisioterapia-neurologica\\\/\",\"name\":\"Fisioterapia neurol\u00f3gica - Alicante\",\"isPartOf\":{\"@id\":\"https:\\\/\\\/www.fisiohogar.com\\\/alicante\\\/es\\\/fisioterapia-domicilio-alicante\\\/#website\"},\"primaryImageOfPage\":{\"@id\":\"https:\\\/\\\/www.fisiohogar.com\\\/alicante\\\/fisioterapia-neurologica\\\/#primaryimage\"},\"image\":{\"@id\":\"https:\\\/\\\/www.fisiohogar.com\\\/alicante\\\/fisioterapia-neurologica\\\/#primaryimage\"},\"thumbnailUrl\":\"https:\\\/\\\/www.fisiohogar.com\\\/alicante\\\/wp-content\\\/uploads\\\/sites\\\/10\\\/2016\\\/03\\\/fisioterapia-neurologica.jpg\",\"datePublished\":\"2016-03-09T10:56:12+00:00\",\"dateModified\":\"2022-09-13T15:04:22+00:00\",\"breadcrumb\":{\"@id\":\"https:\\\/\\\/www.fisiohogar.com\\\/alicante\\\/fisioterapia-neurologica\\\/#breadcrumb\"},\"inLanguage\":\"es\",\"potentialAction\":[{\"@type\":\"ReadAction\",\"target\":[\"https:\\\/\\\/www.fisiohogar.com\\\/alicante\\\/fisioterapia-neurologica\\\/\"]}]},{\"@type\":\"ImageObject\",\"inLanguage\":\"es\",\"@id\":\"https:\\\/\\\/www.fisiohogar.com\\\/alicante\\\/fisioterapia-neurologica\\\/#primaryimage\",\"url\":\"https:\\\/\\\/www.fisiohogar.com\\\/alicante\\\/wp-content\\\/uploads\\\/sites\\\/10\\\/2016\\\/03\\\/fisioterapia-neurologica.jpg\",\"contentUrl\":\"https:\\\/\\\/www.fisiohogar.com\\\/alicante\\\/wp-content\\\/uploads\\\/sites\\\/10\\\/2016\\\/03\\\/fisioterapia-neurologica.jpg\",\"width\":900,\"height\":602},{\"@type\":\"BreadcrumbList\",\"@id\":\"https:\\\/\\\/www.fisiohogar.com\\\/alicante\\\/fisioterapia-neurologica\\\/#breadcrumb\",\"itemListElement\":[{\"@type\":\"ListItem\",\"position\":1,\"name\":\"Portada\",\"item\":\"https:\\\/\\\/www.fisiohogar.com\\\/alicante\\\/\"},{\"@type\":\"ListItem\",\"position\":2,\"name\":\"Fisioterapia neurol\u00f3gica\"}]},{\"@type\":\"WebSite\",\"@id\":\"https:\\\/\\\/www.fisiohogar.com\\\/alicante\\\/es\\\/fisioterapia-domicilio-alicante\\\/#website\",\"url\":\"https:\\\/\\\/www.fisiohogar.com\\\/alicante\\\/es\\\/fisioterapia-domicilio-alicante\\\/\",\"name\":\"Alicante\",\"description\":\"Fisioterapia a domicilio en Alicante\",\"potentialAction\":[{\"@type\":\"SearchAction\",\"target\":{\"@type\":\"EntryPoint\",\"urlTemplate\":\"https:\\\/\\\/www.fisiohogar.com\\\/alicante\\\/es\\\/fisioterapia-domicilio-alicante\\\/?s={search_term_string}\"},\"query-input\":{\"@type\":\"PropertyValueSpecification\",\"valueRequired\":true,\"valueName\":\"search_term_string\"}}],\"inLanguage\":\"es\"}]}<\/script>\n<!-- \/ Yoast SEO plugin. -->","yoast_head_json":{"title":"Fisioterapia neurol\u00f3gica - Alicante","robots":{"index":"index","follow":"follow","max-snippet":"max-snippet:-1","max-image-preview":"max-image-preview:large","max-video-preview":"max-video-preview:-1"},"canonical":"https:\/\/www.fisiohogar.com\/alicante\/fisioterapia-neurologica\/","og_locale":"es_ES","og_type":"article","og_title":"Fisioterapia neurol\u00f3gica - Alicante","og_description":"Hay un gran n\u00famero de pacientes neurol\u00f3gicos que gracias a la fisioterapia se puede conseguir que vean mejorada su calidad vida. El planteamiento no va a ser la curaci\u00f3n del Parkinson o del Alzheimer [...]","og_url":"https:\/\/www.fisiohogar.com\/alicante\/fisioterapia-neurologica\/","og_site_name":"Alicante","article_modified_time":"2022-09-13T15:04:22+00:00","og_image":[{"width":900,"height":602,"url":"https:\/\/www.fisiohogar.com\/alicante\/wp-content\/uploads\/sites\/10\/2016\/03\/fisioterapia-neurologica.jpg","type":"image\/jpeg"}],"twitter_card":"summary_large_image","twitter_misc":{"Tiempo de lectura":"2 minutos"},"schema":{"@context":"https:\/\/schema.org","@graph":[{"@type":"WebPage","@id":"https:\/\/www.fisiohogar.com\/alicante\/fisioterapia-neurologica\/","url":"https:\/\/www.fisiohogar.com\/alicante\/fisioterapia-neurologica\/","name":"Fisioterapia neurol\u00f3gica - Alicante","isPartOf":{"@id":"https:\/\/www.fisiohogar.com\/alicante\/es\/fisioterapia-domicilio-alicante\/#website"},"primaryImageOfPage":{"@id":"https:\/\/www.fisiohogar.com\/alicante\/fisioterapia-neurologica\/#primaryimage"},"image":{"@id":"https:\/\/www.fisiohogar.com\/alicante\/fisioterapia-neurologica\/#primaryimage"},"thumbnailUrl":"https:\/\/www.fisiohogar.com\/alicante\/wp-content\/uploads\/sites\/10\/2016\/03\/fisioterapia-neurologica.jpg","datePublished":"2016-03-09T10:56:12+00:00","dateModified":"2022-09-13T15:04:22+00:00","breadcrumb":{"@id":"https:\/\/www.fisiohogar.com\/alicante\/fisioterapia-neurologica\/#breadcrumb"},"inLanguage":"es","potentialAction":[{"@type":"ReadAction","target":["https:\/\/www.fisiohogar.com\/alicante\/fisioterapia-neurologica\/"]}]},{"@type":"ImageObject","inLanguage":"es","@id":"https:\/\/www.fisiohogar.com\/alicante\/fisioterapia-neurologica\/#primaryimage","url":"https:\/\/www.fisiohogar.com\/alicante\/wp-content\/uploads\/sites\/10\/2016\/03\/fisioterapia-neurologica.jpg","contentUrl":"https:\/\/www.fisiohogar.com\/alicante\/wp-content\/uploads\/sites\/10\/2016\/03\/fisioterapia-neurologica.jpg","width":900,"height":602},{"@type":"BreadcrumbList","@id":"https:\/\/www.fisiohogar.com\/alicante\/fisioterapia-neurologica\/#breadcrumb","itemListElement":[{"@type":"ListItem","position":1,"name":"Portada","item":"https:\/\/www.fisiohogar.com\/alicante\/"},{"@type":"ListItem","position":2,"name":"Fisioterapia neurol\u00f3gica"}]},{"@type":"WebSite","@id":"https:\/\/www.fisiohogar.com\/alicante\/es\/fisioterapia-domicilio-alicante\/#website","url":"https:\/\/www.fisiohogar.com\/alicante\/es\/fisioterapia-domicilio-alicante\/","name":"Alicante","description":"Fisioterapia a domicilio en Alicante","potentialAction":[{"@type":"SearchAction","target":{"@type":"EntryPoint","urlTemplate":"https:\/\/www.fisiohogar.com\/alicante\/es\/fisioterapia-domicilio-alicante\/?s={search_term_string}"},"query-input":{"@type":"PropertyValueSpecification","valueRequired":true,"valueName":"search_term_string"}}],"inLanguage":"es"}]}},"_links":{"self":[{"href":"https:\/\/www.fisiohogar.com\/alicante\/wp-json\/wp\/v2\/pages\/26","targetHints":{"allow":["GET"]}}],"collection":[{"href":"https:\/\/www.fisiohogar.com\/alicante\/wp-json\/wp\/v2\/pages"}],"about":[{"href":"https:\/\/www.fisiohogar.com\/alicante\/wp-json\/wp\/v2\/types\/page"}],"author":[{"embeddable":true,"href":"https:\/\/www.fisiohogar.com\/alicante\/wp-json\/wp\/v2\/users\/1"}],"replies":[{"embeddable":true,"href":"https:\/\/www.fisiohogar.com\/alicante\/wp-json\/wp\/v2\/comments?post=26"}],"version-history":[{"count":6,"href":"https:\/\/www.fisiohogar.com\/alicante\/wp-json\/wp\/v2\/pages\/26\/revisions"}],"predecessor-version":[{"id":4978,"href":"https:\/\/www.fisiohogar.com\/alicante\/wp-json\/wp\/v2\/pages\/26\/revisions\/4978"}],"wp:featuredmedia":[{"embeddable":true,"href":"https:\/\/www.fisiohogar.com\/alicante\/wp-json\/wp\/v2\/media\/594"}],"wp:attachment":[{"href":"https:\/\/www.fisiohogar.com\/alicante\/wp-json\/wp\/v2\/media?parent=26"}],"curies":[{"name":"wp","href":"https:\/\/api.w.org\/{rel}","templated":true}]}}