{"id":25,"date":"2016-03-09T10:55:25","date_gmt":"2016-03-09T10:55:25","guid":{"rendered":"http:\/\/www.fisiohogar.com\/sansebastiandelosreyes\/?page_id=21"},"modified":"2022-09-13T15:12:53","modified_gmt":"2022-09-13T15:12:53","slug":"fisioterapia-domicilio-en-alicante","status":"publish","type":"page","link":"https:\/\/www.fisiohogar.com\/alicante\/fisioterapia-domicilio-en-alicante\/","title":{"rendered":"Fisioterapia a domicilio en Alicante"},"content":{"rendered":"<p style=\"text-align: justify;\">Fisiohogar es una empresa que ofrece sus servicios a nivel nacional y que destaca por la <strong>elevada calidad de la atenci\u00f3n a pacientes en su propio domicilio<\/strong>.<\/p>\n<p style=\"text-align: justify;\">Esto es lo que define nuestro servicio que busca en todo momento que se conjuguen la atenci\u00f3n ofrecida siempre con total rigor y profesionalidad, con la comodidad que supone recibir al fisioterapeuta en casa.<\/p>\n<p style=\"text-align: justify;\">Nuestros fisioterapeutas se desplazan a su domicilio cuando usted lo decida, pues <strong>puede elegir el d\u00eda y la hora en la que desea recibir nuestra visita<\/strong>. Adem\u00e1s, cada fisioterapeuta siempre se trasladar\u00e1 al domicilio de los pacientes con todo el material necesario para completar una sesi\u00f3n de fisioterapia.<\/p>\n<p style=\"text-align: justify;\"><img decoding=\"async\" class=\"aligncenter size-full wp-image-542\" src=\"http:\/\/www.fisiohogar.com\/alicante\/wp-content\/uploads\/sites\/10\/2016\/03\/fisioterapia-a-domicilio.jpg\" alt=\"fisioterapia-a-domicilio\" width=\"900\" height=\"600\" srcset=\"https:\/\/www.fisiohogar.com\/alicante\/wp-content\/uploads\/sites\/10\/2016\/03\/fisioterapia-a-domicilio-300x200.jpg 300w, https:\/\/www.fisiohogar.com\/alicante\/wp-content\/uploads\/sites\/10\/2016\/03\/fisioterapia-a-domicilio-768x512.jpg 768w, https:\/\/www.fisiohogar.com\/alicante\/wp-content\/uploads\/sites\/10\/2016\/03\/fisioterapia-a-domicilio.jpg 900w\" sizes=\"(max-width: 900px) 100vw, 900px\" \/><\/p>\n<p style=\"text-align: justify;\"><strong>En Alicante <\/strong>ponemos a su disposici\u00f3n la atenci\u00f3n de<strong> fisioterapeutas que est\u00e1n especializados en diferentes campos de la fisioterapia<\/strong>. Podemos atender con las m\u00e1ximas garant\u00edas a pacientes con padecimientos neurol\u00f3gicos como el Parkinson o Alzheimer, nuestra atenci\u00f3n en casos de hemiplejias ofrecen los mejores resultados, tambi\u00e9n estamos especializados en fisioterapia deportiva, y en fisioterapia orientada a los problemas articulares que son muy comunes en personas de la tercera edad.<\/p>\n<p style=\"text-align: justify;\"><strong>Evaluamos su caso para ofrecerle el mejor tratamiento<\/strong><\/p>\n<p style=\"text-align: justify;\">Con Fisiohogar siempre tendr\u00e1 la tranquilidad de estar atendido por fisioterapeutas colegiados que evaluar\u00e1n su caso para ofrecerle el mejor tratamiento.<\/p>\n<p style=\"text-align: justify;\">Realizamos una primera evaluaci\u00f3n del estado del paciente que nos permita\u00a0completar una sesi\u00f3n de fisioterapia realmente eficaz, y si fuese necesario\u00a0continuar con\u00a0un plan de varias sesiones realizaremos un seguimiento en su evoluci\u00f3n para ir adaptando en cada momento la terapia para que contribuya\u00a0a una m\u00e1s r\u00e1pida mejor\u00eda en su estado de salud.<\/p>\n<p style=\"text-align: justify;\"><a href=\"http:\/\/www.fisiohogar.com\/alicante\/contacta-ahora\/\">Contacte ahora con nosotros<\/a> y nos desplazaremos a su domicilio en el momento que a usted prefiera recibir la sesi\u00f3n de fisioterapia. Descubra ahora lo eficaz que puede ser la atenci\u00f3n de uno de nuestros fisioterapeutas en la mejor\u00eda de los problemas de salud que le afectan.<\/p>\n","protected":false},"excerpt":{"rendered":"<p>Fisiohogar es una empresa que ofrece sus servicios a nivel nacional y que destaca por la elevada calidad de la atenci\u00f3n a pacientes en su propio domicilio. Esto es lo que define nuestro servicio  [&#8230;]<\/p>\n","protected":false},"author":1,"featured_media":542,"parent":0,"menu_order":0,"comment_status":"closed","ping_status":"closed","template":"","meta":{"_joinchat":[],"footnotes":""},"class_list":["post-25","page","type-page","status-publish","has-post-thumbnail","hentry"],"yoast_head":"<!-- This site is optimized with the Yoast SEO plugin v27.6 - https:\/\/yoast.com\/product\/yoast-seo-wordpress\/ -->\n<title>Fisioterapia a domicilio en Alicante - Alicante<\/title>\n<meta name=\"robots\" content=\"index, follow, max-snippet:-1, max-image-preview:large, max-video-preview:-1\" \/>\n<link rel=\"canonical\" href=\"https:\/\/www.fisiohogar.com\/alicante\/fisioterapia-domicilio-en-alicante\/\" \/>\n<meta property=\"og:locale\" content=\"es_ES\" \/>\n<meta property=\"og:type\" content=\"article\" \/>\n<meta property=\"og:title\" content=\"Fisioterapia a domicilio en Alicante - Alicante\" \/>\n<meta property=\"og:description\" content=\"Fisiohogar es una empresa que ofrece sus servicios a nivel nacional y que destaca por la elevada calidad de la atenci\u00f3n a pacientes en su propio domicilio. Esto es lo que define nuestro servicio [...]\" \/>\n<meta property=\"og:url\" content=\"https:\/\/www.fisiohogar.com\/alicante\/fisioterapia-domicilio-en-alicante\/\" \/>\n<meta property=\"og:site_name\" content=\"Alicante\" \/>\n<meta property=\"article:modified_time\" content=\"2022-09-13T15:12:53+00:00\" \/>\n<meta property=\"og:image\" content=\"https:\/\/www.fisiohogar.com\/alicante\/wp-content\/uploads\/sites\/10\/2016\/03\/fisioterapia-a-domicilio.jpg\" \/>\n\t<meta property=\"og:image:width\" content=\"900\" \/>\n\t<meta property=\"og:image:height\" content=\"600\" \/>\n\t<meta property=\"og:image:type\" content=\"image\/jpeg\" \/>\n<meta name=\"twitter:card\" content=\"summary_large_image\" \/>\n<meta name=\"twitter:label1\" content=\"Tiempo de lectura\" \/>\n\t<meta name=\"twitter:data1\" content=\"2 minutos\" \/>\n<script type=\"application\/ld+json\" class=\"yoast-schema-graph\">{\"@context\":\"https:\\\/\\\/schema.org\",\"@graph\":[{\"@type\":\"WebPage\",\"@id\":\"https:\\\/\\\/www.fisiohogar.com\\\/alicante\\\/fisioterapia-domicilio-en-alicante\\\/\",\"url\":\"https:\\\/\\\/www.fisiohogar.com\\\/alicante\\\/fisioterapia-domicilio-en-alicante\\\/\",\"name\":\"Fisioterapia a domicilio en Alicante - Alicante\",\"isPartOf\":{\"@id\":\"https:\\\/\\\/www.fisiohogar.com\\\/alicante\\\/es\\\/fisioterapia-domicilio-alicante\\\/#website\"},\"primaryImageOfPage\":{\"@id\":\"https:\\\/\\\/www.fisiohogar.com\\\/alicante\\\/fisioterapia-domicilio-en-alicante\\\/#primaryimage\"},\"image\":{\"@id\":\"https:\\\/\\\/www.fisiohogar.com\\\/alicante\\\/fisioterapia-domicilio-en-alicante\\\/#primaryimage\"},\"thumbnailUrl\":\"https:\\\/\\\/www.fisiohogar.com\\\/alicante\\\/wp-content\\\/uploads\\\/sites\\\/10\\\/2016\\\/03\\\/fisioterapia-a-domicilio.jpg\",\"datePublished\":\"2016-03-09T10:55:25+00:00\",\"dateModified\":\"2022-09-13T15:12:53+00:00\",\"breadcrumb\":{\"@id\":\"https:\\\/\\\/www.fisiohogar.com\\\/alicante\\\/fisioterapia-domicilio-en-alicante\\\/#breadcrumb\"},\"inLanguage\":\"es\",\"potentialAction\":[{\"@type\":\"ReadAction\",\"target\":[\"https:\\\/\\\/www.fisiohogar.com\\\/alicante\\\/fisioterapia-domicilio-en-alicante\\\/\"]}]},{\"@type\":\"ImageObject\",\"inLanguage\":\"es\",\"@id\":\"https:\\\/\\\/www.fisiohogar.com\\\/alicante\\\/fisioterapia-domicilio-en-alicante\\\/#primaryimage\",\"url\":\"https:\\\/\\\/www.fisiohogar.com\\\/alicante\\\/wp-content\\\/uploads\\\/sites\\\/10\\\/2016\\\/03\\\/fisioterapia-a-domicilio.jpg\",\"contentUrl\":\"https:\\\/\\\/www.fisiohogar.com\\\/alicante\\\/wp-content\\\/uploads\\\/sites\\\/10\\\/2016\\\/03\\\/fisioterapia-a-domicilio.jpg\",\"width\":900,\"height\":600},{\"@type\":\"BreadcrumbList\",\"@id\":\"https:\\\/\\\/www.fisiohogar.com\\\/alicante\\\/fisioterapia-domicilio-en-alicante\\\/#breadcrumb\",\"itemListElement\":[{\"@type\":\"ListItem\",\"position\":1,\"name\":\"Portada\",\"item\":\"https:\\\/\\\/www.fisiohogar.com\\\/alicante\\\/\"},{\"@type\":\"ListItem\",\"position\":2,\"name\":\"Fisioterapia a domicilio en Alicante\"}]},{\"@type\":\"WebSite\",\"@id\":\"https:\\\/\\\/www.fisiohogar.com\\\/alicante\\\/es\\\/fisioterapia-domicilio-alicante\\\/#website\",\"url\":\"https:\\\/\\\/www.fisiohogar.com\\\/alicante\\\/es\\\/fisioterapia-domicilio-alicante\\\/\",\"name\":\"Alicante\",\"description\":\"Fisioterapia a domicilio en Alicante\",\"potentialAction\":[{\"@type\":\"SearchAction\",\"target\":{\"@type\":\"EntryPoint\",\"urlTemplate\":\"https:\\\/\\\/www.fisiohogar.com\\\/alicante\\\/es\\\/fisioterapia-domicilio-alicante\\\/?s={search_term_string}\"},\"query-input\":{\"@type\":\"PropertyValueSpecification\",\"valueRequired\":true,\"valueName\":\"search_term_string\"}}],\"inLanguage\":\"es\"}]}<\/script>\n<!-- \/ Yoast SEO plugin. -->","yoast_head_json":{"title":"Fisioterapia a domicilio en Alicante - Alicante","robots":{"index":"index","follow":"follow","max-snippet":"max-snippet:-1","max-image-preview":"max-image-preview:large","max-video-preview":"max-video-preview:-1"},"canonical":"https:\/\/www.fisiohogar.com\/alicante\/fisioterapia-domicilio-en-alicante\/","og_locale":"es_ES","og_type":"article","og_title":"Fisioterapia a domicilio en Alicante - Alicante","og_description":"Fisiohogar es una empresa que ofrece sus servicios a nivel nacional y que destaca por la elevada calidad de la atenci\u00f3n a pacientes en su propio domicilio. Esto es lo que define nuestro servicio [...]","og_url":"https:\/\/www.fisiohogar.com\/alicante\/fisioterapia-domicilio-en-alicante\/","og_site_name":"Alicante","article_modified_time":"2022-09-13T15:12:53+00:00","og_image":[{"width":900,"height":600,"url":"https:\/\/www.fisiohogar.com\/alicante\/wp-content\/uploads\/sites\/10\/2016\/03\/fisioterapia-a-domicilio.jpg","type":"image\/jpeg"}],"twitter_card":"summary_large_image","twitter_misc":{"Tiempo de lectura":"2 minutos"},"schema":{"@context":"https:\/\/schema.org","@graph":[{"@type":"WebPage","@id":"https:\/\/www.fisiohogar.com\/alicante\/fisioterapia-domicilio-en-alicante\/","url":"https:\/\/www.fisiohogar.com\/alicante\/fisioterapia-domicilio-en-alicante\/","name":"Fisioterapia a domicilio en Alicante - Alicante","isPartOf":{"@id":"https:\/\/www.fisiohogar.com\/alicante\/es\/fisioterapia-domicilio-alicante\/#website"},"primaryImageOfPage":{"@id":"https:\/\/www.fisiohogar.com\/alicante\/fisioterapia-domicilio-en-alicante\/#primaryimage"},"image":{"@id":"https:\/\/www.fisiohogar.com\/alicante\/fisioterapia-domicilio-en-alicante\/#primaryimage"},"thumbnailUrl":"https:\/\/www.fisiohogar.com\/alicante\/wp-content\/uploads\/sites\/10\/2016\/03\/fisioterapia-a-domicilio.jpg","datePublished":"2016-03-09T10:55:25+00:00","dateModified":"2022-09-13T15:12:53+00:00","breadcrumb":{"@id":"https:\/\/www.fisiohogar.com\/alicante\/fisioterapia-domicilio-en-alicante\/#breadcrumb"},"inLanguage":"es","potentialAction":[{"@type":"ReadAction","target":["https:\/\/www.fisiohogar.com\/alicante\/fisioterapia-domicilio-en-alicante\/"]}]},{"@type":"ImageObject","inLanguage":"es","@id":"https:\/\/www.fisiohogar.com\/alicante\/fisioterapia-domicilio-en-alicante\/#primaryimage","url":"https:\/\/www.fisiohogar.com\/alicante\/wp-content\/uploads\/sites\/10\/2016\/03\/fisioterapia-a-domicilio.jpg","contentUrl":"https:\/\/www.fisiohogar.com\/alicante\/wp-content\/uploads\/sites\/10\/2016\/03\/fisioterapia-a-domicilio.jpg","width":900,"height":600},{"@type":"BreadcrumbList","@id":"https:\/\/www.fisiohogar.com\/alicante\/fisioterapia-domicilio-en-alicante\/#breadcrumb","itemListElement":[{"@type":"ListItem","position":1,"name":"Portada","item":"https:\/\/www.fisiohogar.com\/alicante\/"},{"@type":"ListItem","position":2,"name":"Fisioterapia a domicilio en Alicante"}]},{"@type":"WebSite","@id":"https:\/\/www.fisiohogar.com\/alicante\/es\/fisioterapia-domicilio-alicante\/#website","url":"https:\/\/www.fisiohogar.com\/alicante\/es\/fisioterapia-domicilio-alicante\/","name":"Alicante","description":"Fisioterapia a domicilio en Alicante","potentialAction":[{"@type":"SearchAction","target":{"@type":"EntryPoint","urlTemplate":"https:\/\/www.fisiohogar.com\/alicante\/es\/fisioterapia-domicilio-alicante\/?s={search_term_string}"},"query-input":{"@type":"PropertyValueSpecification","valueRequired":true,"valueName":"search_term_string"}}],"inLanguage":"es"}]}},"_links":{"self":[{"href":"https:\/\/www.fisiohogar.com\/alicante\/wp-json\/wp\/v2\/pages\/25","targetHints":{"allow":["GET"]}}],"collection":[{"href":"https:\/\/www.fisiohogar.com\/alicante\/wp-json\/wp\/v2\/pages"}],"about":[{"href":"https:\/\/www.fisiohogar.com\/alicante\/wp-json\/wp\/v2\/types\/page"}],"author":[{"embeddable":true,"href":"https:\/\/www.fisiohogar.com\/alicante\/wp-json\/wp\/v2\/users\/1"}],"replies":[{"embeddable":true,"href":"https:\/\/www.fisiohogar.com\/alicante\/wp-json\/wp\/v2\/comments?post=25"}],"version-history":[{"count":6,"href":"https:\/\/www.fisiohogar.com\/alicante\/wp-json\/wp\/v2\/pages\/25\/revisions"}],"predecessor-version":[{"id":4979,"href":"https:\/\/www.fisiohogar.com\/alicante\/wp-json\/wp\/v2\/pages\/25\/revisions\/4979"}],"wp:featuredmedia":[{"embeddable":true,"href":"https:\/\/www.fisiohogar.com\/alicante\/wp-json\/wp\/v2\/media\/542"}],"wp:attachment":[{"href":"https:\/\/www.fisiohogar.com\/alicante\/wp-json\/wp\/v2\/media?parent=25"}],"curies":[{"name":"wp","href":"https:\/\/api.w.org\/{rel}","templated":true}]}}