{"id":9,"date":"2015-12-10T11:18:12","date_gmt":"2015-12-10T11:18:12","guid":{"rendered":"http:\/\/www.fisiohogar.com\/alcorcon\/?page_id=9"},"modified":"2023-02-24T20:47:18","modified_gmt":"2023-02-24T20:47:18","slug":"servicio-fisioterapia-ancianos","status":"publish","type":"page","link":"https:\/\/www.fisiohogar.com\/alcorcon\/servicio-fisioterapia-ancianos\/","title":{"rendered":"Servicio de fisioterapia para ancianos"},"content":{"rendered":"<p style=\"text-align: justify;\">En Fisiohogar ponemos toda nuestra<strong> experiencia y profesionalidad en atender a los ancianos.<\/strong> Ser mayor no quiere decir que haya que resignarse y vivir con limitaciones y dolores. Actualmente, la fisioterapia ha evolucionado mucho y, con distintos m\u00e9todos y programas, se puede ganar en calidad de vida y autonom\u00eda.<\/p>\n<p style=\"text-align: justify;\">Es cierto que el envejecimiento de nuestro cuerpo provoca cambios en el organismo que a veces son irreversibles, pero con un programa adecuado y a medida se puede vivir m\u00e1s c\u00f3modamente.<\/p>\n<p style=\"text-align: justify;\"><img decoding=\"async\" class=\"aligncenter size-full wp-image-154\" src=\"http:\/\/www.fisiohogar.com\/alcorcon\/wp-content\/uploads\/sites\/6\/2015\/12\/fisioterapia-para-ancianos.jpg\" alt=\"fisioterapia-para-ancianos\" width=\"750\" height=\"500\" srcset=\"https:\/\/www.fisiohogar.com\/alcorcon\/wp-content\/uploads\/sites\/6\/2015\/12\/fisioterapia-para-ancianos-300x200.jpg 300w, https:\/\/www.fisiohogar.com\/alcorcon\/wp-content\/uploads\/sites\/6\/2015\/12\/fisioterapia-para-ancianos.jpg 750w\" sizes=\"(max-width: 750px) 100vw, 750px\" \/><\/p>\n<p style=\"text-align: justify;\">El equipo de profesionales de Fisiohogar de Alcorc\u00f3n se desplaza a su hogar para hacer una valoraci\u00f3n de su situaci\u00f3n o de la de su familiar y, a partir de ah\u00ed, poder dise\u00f1ar un programa que atienda sus necesidades. Este estudio inicial lo realizamos sin ning\u00fan tipo de compromiso, usted tiene la \u00faltima palabra para iniciar el tratamiento.<\/p>\n<p style=\"text-align: justify;\"><strong>Patolog\u00edas<\/strong><\/p>\n<p style=\"text-align: justify;\">En el colectivo de personas ancianas o de la tercera edad encontramos principalmente dolencias, debilitamiento muscular, problemas de estabilidad y en general p\u00e9rdida de agilidad en los movimientos. M\u00e1s concretamente algunas de las patolog\u00edas m\u00e1s comunes de los ancianos son:<\/p>\n<ul style=\"text-align: justify;\">\n<li>Recuperaci\u00f3n de ca\u00eddas<\/li>\n<li>Rehabiltaci\u00f3n despu\u00e9s de operaciones de implante de pr\u00f3tesis u otro tipo de intervenciones<\/li>\n<li>Tratamiento de enfermedades neurol\u00f3gicas<\/li>\n<li>Procesos de degeneraci\u00f3n como el Alzheimer<\/li>\n<li>Problemas relacionados con artrosis, hombros congelados o dolores generales<\/li>\n<\/ul>\n<p style=\"text-align: justify;\"><strong>Las t\u00e9cnicas<\/strong><\/p>\n<p style=\"text-align: justify;\">Para tratar estas y otras patolog\u00edas que se dan en la tercera edad existen diferentes t\u00e9cnicas y tratamientos. Entre ellos est\u00e1n las sesiones de <strong>ejercicios de coordinaci\u00f3n, de activaci\u00f3n de la circulaci\u00f3n, sesiones de masajes manuale<\/strong>s y todo tipo de m<strong>ovilizaciones activas y pasivas<\/strong> con t\u00e9cnicas de masoterapia, kabat, electroterapia o termoterapia.<\/p>\n<p style=\"text-align: justify;\">Para alcanzar los objetivos marcados en estos programas es fundamental la participaci\u00f3n e implicaci\u00f3n del paciente y tambi\u00e9n, en muchos casos, de los familiares y cuidadores.<\/p>\n<p style=\"text-align: justify;\">Estos programas al ser personalizados <strong>se revisan de manera peri\u00f3dica<\/strong> y, cuando es necesario, se llevan a cabo las modificaciones precisas para cuidar al paciente.<\/p>\n<p style=\"text-align: justify;\"><strong>Filosof\u00eda de trabajo<\/strong><\/p>\n<p style=\"text-align: justify;\">Desde Fisiohogar lo que buscamos es darle el mejor servicio y ayudarle a que tenga la mejor calidad de vida posible y para ello nuestra filosof\u00eda de trabajo se basa en la <strong>honradez<\/strong>, la <strong>sencillez<\/strong> y la <strong>transparencia<\/strong>. En todo momento mantenemos una <strong>comunicaci\u00f3n fluida<\/strong> y clara con nuestros clientes y les explicamos la realidad y nuestra opini\u00f3n sobre su caso y c\u00f3mo abordarlo.<\/p>\n<p style=\"text-align: justify;\"><strong>Contacta<\/strong><\/p>\n<p style=\"text-align: justify;\">Si tiene un familiar de la tercera edad o es usted mismo mayor y quiere recibir atenci\u00f3n personalizada, <a href=\"http:\/\/www.fisiohogar.com\/alcorcon\/contacta-ahora\/\" target=\"_blank\" rel=\"noopener\">contacte con nosotros<\/a> y juntos buscaremos la mejor soluci\u00f3n.<\/p>\n","protected":false},"excerpt":{"rendered":"<p>En Fisiohogar ponemos toda nuestra experiencia y profesionalidad en atender a los ancianos. Ser mayor no quiere decir que haya que resignarse y vivir con limitaciones y dolores. Actualmente, la fisioterapia ha evolucionado mucho  [&#8230;]<\/p>\n","protected":false},"author":1,"featured_media":0,"parent":0,"menu_order":0,"comment_status":"closed","ping_status":"closed","template":"template-full.php","meta":{"_joinchat":[],"footnotes":""},"class_list":["post-9","page","type-page","status-publish","hentry"],"yoast_head":"<!-- This site is optimized with the Yoast SEO plugin v27.5 - https:\/\/yoast.com\/product\/yoast-seo-wordpress\/ -->\n<title>Servicio de fisioterapia para ancianos - Alcorc\u00f3n<\/title>\n<meta name=\"robots\" content=\"index, follow, max-snippet:-1, max-image-preview:large, max-video-preview:-1\" \/>\n<link rel=\"canonical\" href=\"https:\/\/www.fisiohogar.com\/alcorcon\/servicio-fisioterapia-ancianos\/\" \/>\n<meta property=\"og:locale\" content=\"es_ES\" \/>\n<meta property=\"og:type\" content=\"article\" \/>\n<meta property=\"og:title\" content=\"Servicio de fisioterapia para ancianos - Alcorc\u00f3n\" \/>\n<meta property=\"og:description\" content=\"En Fisiohogar ponemos toda nuestra experiencia y profesionalidad en atender a los ancianos. Ser mayor no quiere decir que haya que resignarse y vivir con limitaciones y dolores. Actualmente, la fisioterapia ha evolucionado mucho [...]\" \/>\n<meta property=\"og:url\" content=\"https:\/\/www.fisiohogar.com\/alcorcon\/servicio-fisioterapia-ancianos\/\" \/>\n<meta property=\"og:site_name\" content=\"Alcorc\u00f3n\" \/>\n<meta property=\"article:modified_time\" content=\"2023-02-24T20:47:18+00:00\" \/>\n<meta property=\"og:image\" content=\"http:\/\/www.fisiohogar.com\/alcorcon\/wp-content\/uploads\/sites\/6\/2015\/12\/fisioterapia-para-ancianos.jpg\" \/>\n<meta name=\"twitter:card\" content=\"summary_large_image\" \/>\n<meta name=\"twitter:label1\" content=\"Tiempo de lectura\" \/>\n\t<meta name=\"twitter:data1\" content=\"2 minutos\" \/>\n<script type=\"application\/ld+json\" class=\"yoast-schema-graph\">{\"@context\":\"https:\\\/\\\/schema.org\",\"@graph\":[{\"@type\":\"WebPage\",\"@id\":\"https:\\\/\\\/www.fisiohogar.com\\\/alcorcon\\\/servicio-fisioterapia-ancianos\\\/\",\"url\":\"https:\\\/\\\/www.fisiohogar.com\\\/alcorcon\\\/servicio-fisioterapia-ancianos\\\/\",\"name\":\"Servicio de fisioterapia para ancianos - Alcorc\u00f3n\",\"isPartOf\":{\"@id\":\"https:\\\/\\\/www.fisiohogar.com\\\/alcorcon\\\/#website\"},\"primaryImageOfPage\":{\"@id\":\"https:\\\/\\\/www.fisiohogar.com\\\/alcorcon\\\/servicio-fisioterapia-ancianos\\\/#primaryimage\"},\"image\":{\"@id\":\"https:\\\/\\\/www.fisiohogar.com\\\/alcorcon\\\/servicio-fisioterapia-ancianos\\\/#primaryimage\"},\"thumbnailUrl\":\"http:\\\/\\\/www.fisiohogar.com\\\/alcorcon\\\/wp-content\\\/uploads\\\/sites\\\/6\\\/2015\\\/12\\\/fisioterapia-para-ancianos.jpg\",\"datePublished\":\"2015-12-10T11:18:12+00:00\",\"dateModified\":\"2023-02-24T20:47:18+00:00\",\"breadcrumb\":{\"@id\":\"https:\\\/\\\/www.fisiohogar.com\\\/alcorcon\\\/servicio-fisioterapia-ancianos\\\/#breadcrumb\"},\"inLanguage\":\"es\",\"potentialAction\":[{\"@type\":\"ReadAction\",\"target\":[\"https:\\\/\\\/www.fisiohogar.com\\\/alcorcon\\\/servicio-fisioterapia-ancianos\\\/\"]}]},{\"@type\":\"ImageObject\",\"inLanguage\":\"es\",\"@id\":\"https:\\\/\\\/www.fisiohogar.com\\\/alcorcon\\\/servicio-fisioterapia-ancianos\\\/#primaryimage\",\"url\":\"https:\\\/\\\/www.fisiohogar.com\\\/alcorcon\\\/wp-content\\\/uploads\\\/sites\\\/6\\\/2015\\\/12\\\/fisioterapia-para-ancianos.jpg\",\"contentUrl\":\"https:\\\/\\\/www.fisiohogar.com\\\/alcorcon\\\/wp-content\\\/uploads\\\/sites\\\/6\\\/2015\\\/12\\\/fisioterapia-para-ancianos.jpg\",\"width\":750,\"height\":500},{\"@type\":\"BreadcrumbList\",\"@id\":\"https:\\\/\\\/www.fisiohogar.com\\\/alcorcon\\\/servicio-fisioterapia-ancianos\\\/#breadcrumb\",\"itemListElement\":[{\"@type\":\"ListItem\",\"position\":1,\"name\":\"Portada\",\"item\":\"https:\\\/\\\/www.fisiohogar.com\\\/alcorcon\\\/\"},{\"@type\":\"ListItem\",\"position\":2,\"name\":\"Servicio de fisioterapia para ancianos\"}]},{\"@type\":\"WebSite\",\"@id\":\"https:\\\/\\\/www.fisiohogar.com\\\/alcorcon\\\/#website\",\"url\":\"https:\\\/\\\/www.fisiohogar.com\\\/alcorcon\\\/\",\"name\":\"Alcorc\u00f3n\",\"description\":\"Fisioterapia a domicilio en Alcorc\u00f3n\",\"potentialAction\":[{\"@type\":\"SearchAction\",\"target\":{\"@type\":\"EntryPoint\",\"urlTemplate\":\"https:\\\/\\\/www.fisiohogar.com\\\/alcorcon\\\/?s={search_term_string}\"},\"query-input\":{\"@type\":\"PropertyValueSpecification\",\"valueRequired\":true,\"valueName\":\"search_term_string\"}}],\"inLanguage\":\"es\"}]}<\/script>\n<!-- \/ Yoast SEO plugin. -->","yoast_head_json":{"title":"Servicio de fisioterapia para ancianos - Alcorc\u00f3n","robots":{"index":"index","follow":"follow","max-snippet":"max-snippet:-1","max-image-preview":"max-image-preview:large","max-video-preview":"max-video-preview:-1"},"canonical":"https:\/\/www.fisiohogar.com\/alcorcon\/servicio-fisioterapia-ancianos\/","og_locale":"es_ES","og_type":"article","og_title":"Servicio de fisioterapia para ancianos - Alcorc\u00f3n","og_description":"En Fisiohogar ponemos toda nuestra experiencia y profesionalidad en atender a los ancianos. Ser mayor no quiere decir que haya que resignarse y vivir con limitaciones y dolores. Actualmente, la fisioterapia ha evolucionado mucho [...]","og_url":"https:\/\/www.fisiohogar.com\/alcorcon\/servicio-fisioterapia-ancianos\/","og_site_name":"Alcorc\u00f3n","article_modified_time":"2023-02-24T20:47:18+00:00","og_image":[{"url":"http:\/\/www.fisiohogar.com\/alcorcon\/wp-content\/uploads\/sites\/6\/2015\/12\/fisioterapia-para-ancianos.jpg","type":"","width":"","height":""}],"twitter_card":"summary_large_image","twitter_misc":{"Tiempo de lectura":"2 minutos"},"schema":{"@context":"https:\/\/schema.org","@graph":[{"@type":"WebPage","@id":"https:\/\/www.fisiohogar.com\/alcorcon\/servicio-fisioterapia-ancianos\/","url":"https:\/\/www.fisiohogar.com\/alcorcon\/servicio-fisioterapia-ancianos\/","name":"Servicio de fisioterapia para ancianos - Alcorc\u00f3n","isPartOf":{"@id":"https:\/\/www.fisiohogar.com\/alcorcon\/#website"},"primaryImageOfPage":{"@id":"https:\/\/www.fisiohogar.com\/alcorcon\/servicio-fisioterapia-ancianos\/#primaryimage"},"image":{"@id":"https:\/\/www.fisiohogar.com\/alcorcon\/servicio-fisioterapia-ancianos\/#primaryimage"},"thumbnailUrl":"http:\/\/www.fisiohogar.com\/alcorcon\/wp-content\/uploads\/sites\/6\/2015\/12\/fisioterapia-para-ancianos.jpg","datePublished":"2015-12-10T11:18:12+00:00","dateModified":"2023-02-24T20:47:18+00:00","breadcrumb":{"@id":"https:\/\/www.fisiohogar.com\/alcorcon\/servicio-fisioterapia-ancianos\/#breadcrumb"},"inLanguage":"es","potentialAction":[{"@type":"ReadAction","target":["https:\/\/www.fisiohogar.com\/alcorcon\/servicio-fisioterapia-ancianos\/"]}]},{"@type":"ImageObject","inLanguage":"es","@id":"https:\/\/www.fisiohogar.com\/alcorcon\/servicio-fisioterapia-ancianos\/#primaryimage","url":"https:\/\/www.fisiohogar.com\/alcorcon\/wp-content\/uploads\/sites\/6\/2015\/12\/fisioterapia-para-ancianos.jpg","contentUrl":"https:\/\/www.fisiohogar.com\/alcorcon\/wp-content\/uploads\/sites\/6\/2015\/12\/fisioterapia-para-ancianos.jpg","width":750,"height":500},{"@type":"BreadcrumbList","@id":"https:\/\/www.fisiohogar.com\/alcorcon\/servicio-fisioterapia-ancianos\/#breadcrumb","itemListElement":[{"@type":"ListItem","position":1,"name":"Portada","item":"https:\/\/www.fisiohogar.com\/alcorcon\/"},{"@type":"ListItem","position":2,"name":"Servicio de fisioterapia para ancianos"}]},{"@type":"WebSite","@id":"https:\/\/www.fisiohogar.com\/alcorcon\/#website","url":"https:\/\/www.fisiohogar.com\/alcorcon\/","name":"Alcorc\u00f3n","description":"Fisioterapia a domicilio en Alcorc\u00f3n","potentialAction":[{"@type":"SearchAction","target":{"@type":"EntryPoint","urlTemplate":"https:\/\/www.fisiohogar.com\/alcorcon\/?s={search_term_string}"},"query-input":{"@type":"PropertyValueSpecification","valueRequired":true,"valueName":"search_term_string"}}],"inLanguage":"es"}]}},"_links":{"self":[{"href":"https:\/\/www.fisiohogar.com\/alcorcon\/wp-json\/wp\/v2\/pages\/9","targetHints":{"allow":["GET"]}}],"collection":[{"href":"https:\/\/www.fisiohogar.com\/alcorcon\/wp-json\/wp\/v2\/pages"}],"about":[{"href":"https:\/\/www.fisiohogar.com\/alcorcon\/wp-json\/wp\/v2\/types\/page"}],"author":[{"embeddable":true,"href":"https:\/\/www.fisiohogar.com\/alcorcon\/wp-json\/wp\/v2\/users\/1"}],"replies":[{"embeddable":true,"href":"https:\/\/www.fisiohogar.com\/alcorcon\/wp-json\/wp\/v2\/comments?post=9"}],"version-history":[{"count":0,"href":"https:\/\/www.fisiohogar.com\/alcorcon\/wp-json\/wp\/v2\/pages\/9\/revisions"}],"wp:attachment":[{"href":"https:\/\/www.fisiohogar.com\/alcorcon\/wp-json\/wp\/v2\/media?parent=9"}],"curies":[{"name":"wp","href":"https:\/\/api.w.org\/{rel}","templated":true}]}}